{"id":63205,"date":"2023-07-27T13:05:45","date_gmt":"2023-07-27T11:05:45","guid":{"rendered":"https:\/\/vog.com.tn\/?page_id=63205"},"modified":"2023-07-28T09:53:43","modified_gmt":"2023-07-28T07:53:43","slug":"retour-en-images-de-louverture-vog-el-aouina","status":"publish","type":"page","link":"https:\/\/vog.com.tn\/?page_id=63205","title":{"rendered":"Retour en images de l\u2019ouverture VOG El Aouina"},"content":{"rendered":"<p>[vc_row el_class=\u00a0\u00bbcustom-content-main\u00a0\u00bb css=\u00a0\u00bb.vc_custom_1570611239032{padding-top: 30px !important;padding-bottom: 30px !important;}\u00a0\u00bb][vc_column][title title=\u00a0\u00bbRetour en images de l\u2019ouverture VOG El Aouina\u00a0\u00bb][vc_raw_html]JTNDcCUyMHN0eWxlJTNEJTIydGV4dC1hbGlnbiUzQWNlbnRlciUzQmNvbG9yJTNBJTIzQzA5MjI5JTNCZm9udC13ZWlnaHQlM0E3MDAlMjIlM0UyMi0wNy0yMDIzJTNDJTJGcCUzRSUwQSUzQ2JyJTNFJTBBUmV0b3VyJTIwZW4lMjBpbWFnZXMlMjBkZSUyMGwlMjdvdXZlcnR1cmUlMjBkZSUyMG5vdHJlJTIwbm91dmVsbGUlMjBib3V0aXF1ZSUyMFByJUMzJUFBdC0lQzMlQTAtcG9ydGVyJTJDJTIwJTNDYSUyMGhyZWYlM0QlMjJodHRwcyUzQSUyRiUyRnZvZy5jb20udG4lMkYlM0ZwYWdlX2lkJTNENjMyMTAlMjIlM0UlM0NiJTNFVk9HJTIwRWwlMjBBb3VpbmElM0MlMkZiJTNFJTNDJTJGYSUzRSUyMCUyMSUwQSUzQ2JyJTNFJTBBUGxvbmdleiUyMGRhbnMlMjBsJTI3YW1iaWFuY2UlMjBkZSUyMGNldCUyMCVDMyVBOXYlQzMlQTluZW1lbnQlMjB0YW50JTIwYXR0ZW5kdSUyMCUyMSUwQSUwQQ==[\/vc_raw_html][vc_empty_space][vc_raw_html]Tm91cyUyMHZvdXMlMjBpbnZpdG9ucyUyMCVDMyVBMCUyMHJldml2cmUlMjBsZXMlMjBtb21lbnRzJTIwZm9ydHMlMjBkZSUyMHNvbiUyMGluYXVndXJhdGlvbiUyMCVDMyVBMCUyMHRyYXZlcnMlMjB1bmUlMjBzJUMzJUE5bGVjdGlvbiUyMGV4Y2x1c2l2ZSUyMGRlJTIwcGhvdG9zLg==[\/vc_raw_html][vc_empty_space][\/vc_column][\/vc_row][vc_row][vc_column][\/vc_column][\/vc_row][vc_row][vc_column][vc_images_carousel images=\u00a0\u00bb63202,63201,63200,63199,63198,63197,63196,63195,63194,63193&Prime; img_size=\u00a0\u00bbfull\u00a0\u00bb speed=\u00a0\u00bb1500&Prime; slides_per_view=\u00a0\u00bb4&Prime; autoplay=\u00a0\u00bbyes\u00a0\u00bb hide_pagination_control=\u00a0\u00bbyes\u00a0\u00bb hide_prev_next_buttons=\u00a0\u00bbyes\u00a0\u00bb wrap=\u00a0\u00bbyes\u00a0\u00bb][\/vc_column][\/vc_row]<\/p>\n","protected":false},"excerpt":{"rendered":"<p>[vc_row el_class=\u00a0\u00bbcustom-content-main\u00a0\u00bb css=\u00a0\u00bb.vc_custom_1570611239032{padding-top: 30px !important;padding-bottom: 30px !important;}\u00a0\u00bb][vc_column][title title=\u00a0\u00bbRetour en images de l\u2019ouverture VOG El Aouina\u00a0\u00bb][vc_raw_html]JTNDcCUyMHN0eWxlJTNEJTIydGV4dC1hbGlnbiUzQWNlbnRlciUzQmNvbG9yJTNBJTIzQzA5MjI5JTNCZm9udC13ZWlnaHQlM0E3MDAlMjIlM0UyMi0wNy0yMDIzJTNDJTJGcCUzRSUwQSUzQ2JyJTNFJTBBUmV0b3VyJTIwZW4lMjBpbWFnZXMlMjBkZSUyMGwlMjdvdXZlcnR1cmUlMjBkZSUyMG5vdHJlJTIwbm91dmVsbGUlMjBib3V0aXF1ZSUyMFByJUMzJUFBdC0lQzMlQTAtcG9ydGVyJTJDJTIwJTNDYSUyMGhyZWYlM0QlMjJodHRwcyUzQSUyRiUyRnZvZy5jb20udG4lMkYlM0ZwYWdlX2lkJTNENjMyMTAlMjIlM0UlM0NiJTNFVk9HJTIwRWwlMjBBb3VpbmElM0MlMkZiJTNFJTNDJTJGYSUzRSUyMCUyMSUwQSUzQ2JyJTNFJTBBUGxvbmdleiUyMGRhbnMlMjBsJTI3YW1iaWFuY2UlMjBkZSUyMGNldCUyMCVDMyVBOXYlQzMlQTluZW1lbnQlMjB0YW50JTIwYXR0ZW5kdSUyMCUyMSUwQSUwQQ==[\/vc_raw_html][vc_empty_space][vc_raw_html]Tm91cyUyMHZvdXMlMjBpbnZpdG9ucyUyMCVDMyVBMCUyMHJldml2cmUlMjBsZXMlMjBtb21lbnRzJTIwZm9ydHMlMjBkZSUyMHNvbiUyMGluYXVndXJhdGlvbiUyMCVDMyVBMCUyMHRyYXZlcnMlMjB1bmUlMjBzJUMzJUE5bGVjdGlvbiUyMGV4Y2x1c2l2ZSUyMGRlJTIwcGhvdG9zLg==[\/vc_raw_html][vc_empty_space][\/vc_column][\/vc_row][vc_row][vc_column][\/vc_column][\/vc_row][vc_row][vc_column][vc_images_carousel images=\u00a0\u00bb63202,63201,63200,63199,63198,63197,63196,63195,63194,63193&Prime; img_size=\u00a0\u00bbfull\u00a0\u00bb speed=\u00a0\u00bb1500&Prime; slides_per_view=\u00a0\u00bb4&Prime; autoplay=\u00a0\u00bbyes\u00a0\u00bb hide_pagination_control=\u00a0\u00bbyes\u00a0\u00bb hide_prev_next_buttons=\u00a0\u00bbyes\u00a0\u00bb wrap=\u00a0\u00bbyes\u00a0\u00bb][\/vc_column][\/vc_row]<\/p>\n","protected":false},"author":291,"featured_media":0,"parent":0,"menu_order":0,"comment_status":"closed","ping_status":"closed","template":"","meta":{"footnotes":""},"class_list":["post-63205","page","type-page","status-publish","hentry"],"yoast_head":"<!-- This site is optimized with the Yoast SEO plugin v27.5 - https:\/\/yoast.com\/product\/yoast-seo-wordpress\/ -->\n<title>Retour en images de l\u2019ouverture VOG Aouina \u2502VOG pr\u00eat \u00e0 porter<\/title>\n<meta name=\"description\" content=\"VOG est une cha\u00eene de boutiques de pr\u00eat \u00e0 porter \u00e0 Bizerte, Tunisie, sp\u00e9cialis\u00e9e dans la vente en ligne de v\u00eatements, chaussures et sacs\u2026 pour femme et homme.\" \/>\n<meta name=\"robots\" content=\"index, follow, max-snippet:-1, max-image-preview:large, max-video-preview:-1\" \/>\n<link rel=\"canonical\" href=\"https:\/\/vog.com.tn\/?page_id=63205\" \/>\n<meta property=\"og:locale\" content=\"fr_FR\" \/>\n<meta property=\"og:type\" content=\"article\" \/>\n<meta property=\"og:title\" content=\"Retour en images de l\u2019ouverture VOG Aouina \u2502VOG pr\u00eat \u00e0 porter\" \/>\n<meta property=\"og:description\" content=\"VOG est une cha\u00eene de boutiques de pr\u00eat \u00e0 porter \u00e0 Bizerte, Tunisie, sp\u00e9cialis\u00e9e dans la vente en ligne de v\u00eatements, chaussures et sacs\u2026 pour femme et homme.\" \/>\n<meta property=\"og:url\" content=\"https:\/\/vog.com.tn\/?page_id=63205\" \/>\n<meta property=\"og:site_name\" content=\"Vog Tunisie\" \/>\n<meta property=\"article:modified_time\" content=\"2023-07-28T07:53:43+00:00\" \/>\n<meta name=\"twitter:card\" content=\"summary_large_image\" \/>\n<meta name=\"twitter:label1\" content=\"Dur\u00e9e de lecture estim\u00e9e\" \/>\n\t<meta name=\"twitter:data1\" content=\"1 minute\" \/>\n<script type=\"application\/ld+json\" class=\"yoast-schema-graph\">{\"@context\":\"https:\\\/\\\/schema.org\",\"@graph\":[{\"@type\":\"WebPage\",\"@id\":\"https:\\\/\\\/vog.com.tn\\\/?page_id=63205\",\"url\":\"https:\\\/\\\/vog.com.tn\\\/?page_id=63205\",\"name\":\"Retour en images de l\u2019ouverture VOG Aouina \u2502VOG pr\u00eat \u00e0 porter\",\"isPartOf\":{\"@id\":\"https:\\\/\\\/vog.com.tn\\\/#website\"},\"datePublished\":\"2023-07-27T11:05:45+00:00\",\"dateModified\":\"2023-07-28T07:53:43+00:00\",\"description\":\"VOG est une cha\u00eene de boutiques de pr\u00eat \u00e0 porter \u00e0 Bizerte, Tunisie, sp\u00e9cialis\u00e9e dans la vente en ligne de v\u00eatements, chaussures et sacs\u2026 pour femme et homme.\",\"breadcrumb\":{\"@id\":\"https:\\\/\\\/vog.com.tn\\\/?page_id=63205#breadcrumb\"},\"inLanguage\":\"fr-FR\",\"potentialAction\":[{\"@type\":\"ReadAction\",\"target\":[\"https:\\\/\\\/vog.com.tn\\\/?page_id=63205\"]}]},{\"@type\":\"BreadcrumbList\",\"@id\":\"https:\\\/\\\/vog.com.tn\\\/?page_id=63205#breadcrumb\",\"itemListElement\":[{\"@type\":\"ListItem\",\"position\":1,\"name\":\"Home\",\"item\":\"https:\\\/\\\/vog.com.tn\\\/\"},{\"@type\":\"ListItem\",\"position\":2,\"name\":\"Retour en images de l\u2019ouverture VOG El Aouina\"}]},{\"@type\":\"WebSite\",\"@id\":\"https:\\\/\\\/vog.com.tn\\\/#website\",\"url\":\"https:\\\/\\\/vog.com.tn\\\/\",\"name\":\"Vog Tunisie\",\"description\":\"Pr\u00eat-\u00e0-porter\",\"potentialAction\":[{\"@type\":\"SearchAction\",\"target\":{\"@type\":\"EntryPoint\",\"urlTemplate\":\"https:\\\/\\\/vog.com.tn\\\/?s={search_term_string}\"},\"query-input\":{\"@type\":\"PropertyValueSpecification\",\"valueRequired\":true,\"valueName\":\"search_term_string\"}}],\"inLanguage\":\"fr-FR\"}]}<\/script>\n<!-- \/ Yoast SEO plugin. -->","yoast_head_json":{"title":"Retour en images de l\u2019ouverture VOG Aouina \u2502VOG pr\u00eat \u00e0 porter","description":"VOG est une cha\u00eene de boutiques de pr\u00eat \u00e0 porter \u00e0 Bizerte, Tunisie, sp\u00e9cialis\u00e9e dans la vente en ligne de v\u00eatements, chaussures et sacs\u2026 pour femme et homme.","robots":{"index":"index","follow":"follow","max-snippet":"max-snippet:-1","max-image-preview":"max-image-preview:large","max-video-preview":"max-video-preview:-1"},"canonical":"https:\/\/vog.com.tn\/?page_id=63205","og_locale":"fr_FR","og_type":"article","og_title":"Retour en images de l\u2019ouverture VOG Aouina \u2502VOG pr\u00eat \u00e0 porter","og_description":"VOG est une cha\u00eene de boutiques de pr\u00eat \u00e0 porter \u00e0 Bizerte, Tunisie, sp\u00e9cialis\u00e9e dans la vente en ligne de v\u00eatements, chaussures et sacs\u2026 pour femme et homme.","og_url":"https:\/\/vog.com.tn\/?page_id=63205","og_site_name":"Vog Tunisie","article_modified_time":"2023-07-28T07:53:43+00:00","twitter_card":"summary_large_image","twitter_misc":{"Dur\u00e9e de lecture estim\u00e9e":"1 minute"},"schema":{"@context":"https:\/\/schema.org","@graph":[{"@type":"WebPage","@id":"https:\/\/vog.com.tn\/?page_id=63205","url":"https:\/\/vog.com.tn\/?page_id=63205","name":"Retour en images de l\u2019ouverture VOG Aouina \u2502VOG pr\u00eat \u00e0 porter","isPartOf":{"@id":"https:\/\/vog.com.tn\/#website"},"datePublished":"2023-07-27T11:05:45+00:00","dateModified":"2023-07-28T07:53:43+00:00","description":"VOG est une cha\u00eene de boutiques de pr\u00eat \u00e0 porter \u00e0 Bizerte, Tunisie, sp\u00e9cialis\u00e9e dans la vente en ligne de v\u00eatements, chaussures et sacs\u2026 pour femme et homme.","breadcrumb":{"@id":"https:\/\/vog.com.tn\/?page_id=63205#breadcrumb"},"inLanguage":"fr-FR","potentialAction":[{"@type":"ReadAction","target":["https:\/\/vog.com.tn\/?page_id=63205"]}]},{"@type":"BreadcrumbList","@id":"https:\/\/vog.com.tn\/?page_id=63205#breadcrumb","itemListElement":[{"@type":"ListItem","position":1,"name":"Home","item":"https:\/\/vog.com.tn\/"},{"@type":"ListItem","position":2,"name":"Retour en images de l\u2019ouverture VOG El Aouina"}]},{"@type":"WebSite","@id":"https:\/\/vog.com.tn\/#website","url":"https:\/\/vog.com.tn\/","name":"Vog Tunisie","description":"Pr\u00eat-\u00e0-porter","potentialAction":[{"@type":"SearchAction","target":{"@type":"EntryPoint","urlTemplate":"https:\/\/vog.com.tn\/?s={search_term_string}"},"query-input":{"@type":"PropertyValueSpecification","valueRequired":true,"valueName":"search_term_string"}}],"inLanguage":"fr-FR"}]}},"_links":{"self":[{"href":"https:\/\/vog.com.tn\/index.php?rest_route=\/wp\/v2\/pages\/63205","targetHints":{"allow":["GET"]}}],"collection":[{"href":"https:\/\/vog.com.tn\/index.php?rest_route=\/wp\/v2\/pages"}],"about":[{"href":"https:\/\/vog.com.tn\/index.php?rest_route=\/wp\/v2\/types\/page"}],"author":[{"embeddable":true,"href":"https:\/\/vog.com.tn\/index.php?rest_route=\/wp\/v2\/users\/291"}],"replies":[{"embeddable":true,"href":"https:\/\/vog.com.tn\/index.php?rest_route=%2Fwp%2Fv2%2Fcomments&post=63205"}],"version-history":[{"count":9,"href":"https:\/\/vog.com.tn\/index.php?rest_route=\/wp\/v2\/pages\/63205\/revisions"}],"predecessor-version":[{"id":63336,"href":"https:\/\/vog.com.tn\/index.php?rest_route=\/wp\/v2\/pages\/63205\/revisions\/63336"}],"wp:attachment":[{"href":"https:\/\/vog.com.tn\/index.php?rest_route=%2Fwp%2Fv2%2Fmedia&parent=63205"}],"curies":[{"name":"wp","href":"https:\/\/api.w.org\/{rel}","templated":true}]}}