{"id":63210,"date":"2023-07-27T13:07:45","date_gmt":"2023-07-27T11:07:45","guid":{"rendered":"https:\/\/vog.com.tn\/?page_id=63210"},"modified":"2023-07-31T17:00:30","modified_gmt":"2023-07-31T15:00:30","slug":"boutique-vog-el-aouina-ouvre-ses-portes","status":"publish","type":"page","link":"https:\/\/vog.com.tn\/?page_id=63210","title":{"rendered":"Boutique VOG El Aouina ouvre ses portes !"},"content":{"rendered":"<p>[vc_row el_class=\u00a0\u00bbcustom-content-main\u00a0\u00bb css=\u00a0\u00bb.vc_custom_1570611239032{padding-top: 30px !important;padding-bottom: 30px !important;}\u00a0\u00bb][vc_column][title title=\u00a0\u00bbBoutique VOG El Aouina\u00a0\u00bb][vc_raw_html]JTNDcCUyMHN0eWxlJTNEJTIydGV4dC1hbGlnbiUzQWNlbnRlciUzQmNvbG9yJTNBJTIzQzA5MjI5JTNCZm9udC13ZWlnaHQlM0E3MDAlMjIlM0UyNC0wNy0yMDIzJTNDJTJGcCUzRSUwQSUzQ2JyJTNFJTBBQXByJUMzJUE4cyUyMHVuJTIwdHJhdmFpbCUyMGFjaGFybiVDMyVBOSUyQyUyMG5vdXMlMjBzb21tZXMlMjBoZXVyZXV4JTIwZGUlMjB2b3VzJTIwcHIlQzMlQTlzZW50ZXIlMjBub3RyZSUyMGRlcm5pZXIlMjBwcm9qZXQlMkMlMjAlM0NiJTNFJUMyJUFCJTIwVk9HJTIwRWwlMjBBb3VpbmElMjAlQzIlQkIlM0MlMkZiJTNFJTIwdW5lJTIwYm91dGlxdWUlMjBxdWklMjBpbmNhcm5lJTIwbm90cmUlMjBwYXNzaW9uJTIwcG91ciUyMGxhJTIwbW9kZSUyMGV0JTIwbGUlMjBzdHlsZS4lMjBDJTI3ZXN0JTIwdW4lMjByJUMzJUFBdmUlMjBxdWklMjBkZXZpZW50JTIwciVDMyVBOWFsaXQlQzMlQTklMjAlMjElMjAlMEE=[\/vc_raw_html][vc_empty_space][vc_raw_html]RGFucyUyMCUzQ2IlM0VWT0clMjBFbCUyMEFvdWluYSUzQyUyRmIlM0UlMkMlMjBub3VzJTIwYXZvbnMlMjBzb2lnbmV1c2VtZW50JTIwcyVDMyVBOWxlY3Rpb25uJUMzJUE5JTIwbGVzJTIwcGklQzMlQThjZXMlMjBsZXMlMjBwbHVzJTIwdGVuZGFuY2UlMjBldCUyMGxlcyUyMHBsdXMlMjAlQzMlQTlsJUMzJUE5Z2FudGVzJTIwcG91ciUyMHRvdXMlMjBsZXMlMjBhbW91cmV1eCUyMGRlJTIwbGElMjBtb2RlLiUyMERlcyUyMHJvYmVzJTIwYXV4JTIwYWNjZXNzb2lyZXMlMkMlMjBlbiUyMHBhc3NhbnQlMjBwYXIlMjBsZXMlMjBjaGF1c3N1cmVzJTIwZXQlMjBsZXMlMjBzYWNzJTIwJUMzJUEwJTIwbWFpbiUyQyUyMHZvdXMlMjB0cm91dmVyZXolMjBpY2klMjB0b3V0JTIwY2UlMjBkb250JTIwdm91cyUyMGF2ZXolMjBiZXNvaW4lMjBwb3VyJTIwY3IlQzMlQTllciUyMGRlcyUyMHRlbnVlcyUyMHNlbnNhdGlvbm5lbGxlcy4lMjAlMEFOb3VzJTIwYXZvbnMlMjAlQzMlQTlnYWxlbWVudCUyMHRlbnUlMjAlQzMlQTAlMjBjciVDMyVBOWVyJTIwdW4lMjBlc3BhY2UlMjBjaGFsZXVyZXV4JTIwZXQlMjBhY2N1ZWlsbGFudCUyMG8lQzMlQjklMjB2b3VzJTIwdm91cyUyMHNlbnRpcmV6JTIwaW1tJUMzJUE5ZGlhdGVtZW50JTIwJUMzJUEwJTIwbCUyN2Fpc2UuJTIwQ2hhcXVlJTIwZCVDMyVBOXRhaWwlMjBhJTIwJUMzJUE5dCVDMyVBOSUyMHBlbnMlQzMlQTklMjBwb3VyJTIwb2ZmcmlyJTIwdW5lJTIwZXhwJUMzJUE5cmllbmNlJTIwZGUlMjBzaG9wcGluZyUyMGV4Y2VwdGlvbm5lbGxlJTJDJTIwZHUlMjBzZXJ2aWNlJTIwY2xpZW50JTIwYXR0ZW50aW9ubiVDMyVBOSUyMGF1eCUyMGNhYmluZXMlMjBkJTI3ZXNzYXlhZ2UlMjBzcGFjaWV1c2VzJTIwZXQlMjBiaWVuJTIwJUMzJUE5Y2xhaXIlQzMlQTllcy4lMjAlMEE=[\/vc_raw_html][vc_empty_space][vc_raw_html]RW4lMjB0YW50JTIwcXUlRTIlODAlOTl1bmUlMjBtYXJxdWUlMjBkZSUyMFByJUMzJUFBdCUyMCVDMyVBMCUyMHBvcnRlciUyQyUyMG5vdXMlMjBzb21tZXMlMjBjb252YWluY3VzJTIwcXVlJTIwY2V0dGUlMjBub3V2ZWxsZSUyMGJvdXRpcXVlJTIwc2VyYSUyMHVuJTIwbGlldSUyMGRlJTIwcmFzc2VtYmxlbWVudCUyMHBvdXIlMjBsZXMlMjBhbW91cmV1eCUyMGRlJTIwbGElMjBtb2RlJTJDJTIwbGVzJTIwcGFzc2lvbm4lQzMlQTlzJTIwZGUlMjBzdHlsZSUyMGV0JTIwbGVzJTIwcGVyc29ubmVzJTIwcXVpJTIwY2hlcmNoZW50JTIwJUMzJUEwJTIwc2UlMjBkJUMzJUE5bWFycXVlci4lMjBOb3VzJTIwYXZvbnMlMjBoJUMzJUEydGUlMjBkZSUyMHZvdXMlMjB2b2lyJTIwdG91cyUyMGVudHJlciUyMHBhciUyMGxhJTIwcG9ydGUlMjBldCUyMGRlJTIwcGFydGFnZXIlMjBjZXR0ZSUyMGV4cCVDMyVBOXJpZW5jZSUyMGluY3JveWFibGUlMjBhdmVjJTIwdm91cy4lMjAlMEFWb3RyZSUyMHNvdXRpZW4lMjBpbmQlQzMlQTlmZWN0aWJsZSUyMGElMjAlQzMlQTl0JUMzJUE5JTIwdW5lJTIwc291cmNlJTIwZCUyN2luc3BpcmF0aW9uJTIwZXQlMjBkZSUyMG1vdGl2YXRpb24lMjBwb3VyJTIwbm91cy4lMjBFbnNlbWJsZSUyQyUyMG5vdXMlMjBhbGxvbnMlMjBjciVDMyVBOWVyJTIwcXVlbHF1ZSUyMGNob3NlJTIwZGUlMjB2cmFpbWVudCUyMHNwJUMzJUE5Y2lhbC4lMjBNZXJjaSUyMGR1JTIwZm9uZCUyMGR1JTIwYyVDNSU5M3VyJTIwJTIxJTIwJTBBJTNDYnIlM0UlMEElM0NiJTNFQWRyZXNzZSUzQyUyRmIlM0UlMjAlM0ElMjBBdmVudWUlMjBNb25naSUyMFNsaW0lMkMlMjByJUMzJUE5c2lkZW5jZSUyMFJhbmlhJTIwTTglMkMlMjBsJTI3QW91aW5hJTIwJTI4RW4lMjBmYWNlJTIwZGUlMjBLRkMlMjku[\/vc_raw_html][\/vc_column][\/vc_row]<\/p>\n","protected":false},"excerpt":{"rendered":"<p>[vc_row el_class=\u00a0\u00bbcustom-content-main\u00a0\u00bb css=\u00a0\u00bb.vc_custom_1570611239032{padding-top: 30px !important;padding-bottom: 30px !important;}\u00a0\u00bb][vc_column][title title=\u00a0\u00bbBoutique VOG El Aouina\u00a0\u00bb][vc_raw_html]JTNDcCUyMHN0eWxlJTNEJTIydGV4dC1hbGlnbiUzQWNlbnRlciUzQmNvbG9yJTNBJTIzQzA5MjI5JTNCZm9udC13ZWlnaHQlM0E3MDAlMjIlM0UyNC0wNy0yMDIzJTNDJTJGcCUzRSUwQSUzQ2JyJTNFJTBBQXByJUMzJUE4cyUyMHVuJTIwdHJhdmFpbCUyMGFjaGFybiVDMyVBOSUyQyUyMG5vdXMlMjBzb21tZXMlMjBoZXVyZXV4JTIwZGUlMjB2b3VzJTIwcHIlQzMlQTlzZW50ZXIlMjBub3RyZSUyMGRlcm5pZXIlMjBwcm9qZXQlMkMlMjAlM0NiJTNFJUMyJUFCJTIwVk9HJTIwRWwlMjBBb3VpbmElMjAlQzIlQkIlM0MlMkZiJTNFJTIwdW5lJTIwYm91dGlxdWUlMjBxdWklMjBpbmNhcm5lJTIwbm90cmUlMjBwYXNzaW9uJTIwcG91ciUyMGxhJTIwbW9kZSUyMGV0JTIwbGUlMjBzdHlsZS4lMjBDJTI3ZXN0JTIwdW4lMjByJUMzJUFBdmUlMjBxdWklMjBkZXZpZW50JTIwciVDMyVBOWFsaXQlQzMlQTklMjAlMjElMjAlMEE=[\/vc_raw_html][vc_empty_space][vc_raw_html]RGFucyUyMCUzQ2IlM0VWT0clMjBFbCUyMEFvdWluYSUzQyUyRmIlM0UlMkMlMjBub3VzJTIwYXZvbnMlMjBzb2lnbmV1c2VtZW50JTIwcyVDMyVBOWxlY3Rpb25uJUMzJUE5JTIwbGVzJTIwcGklQzMlQThjZXMlMjBsZXMlMjBwbHVzJTIwdGVuZGFuY2UlMjBldCUyMGxlcyUyMHBsdXMlMjAlQzMlQTlsJUMzJUE5Z2FudGVzJTIwcG91ciUyMHRvdXMlMjBsZXMlMjBhbW91cmV1eCUyMGRlJTIwbGElMjBtb2RlLiUyMERlcyUyMHJvYmVzJTIwYXV4JTIwYWNjZXNzb2lyZXMlMkMlMjBlbiUyMHBhc3NhbnQlMjBwYXIlMjBsZXMlMjBjaGF1c3N1cmVzJTIwZXQlMjBsZXMlMjBzYWNzJTIwJUMzJUEwJTIwbWFpbiUyQyUyMHZvdXMlMjB0cm91dmVyZXolMjBpY2klMjB0b3V0JTIwY2UlMjBkb250JTIwdm91cyUyMGF2ZXolMjBiZXNvaW4lMjBwb3VyJTIwY3IlQzMlQTllciUyMGRlcyUyMHRlbnVlcyUyMHNlbnNhdGlvbm5lbGxlcy4lMjAlMEFOb3VzJTIwYXZvbnMlMjAlQzMlQTlnYWxlbWVudCUyMHRlbnUlMjAlQzMlQTAlMjBjciVDMyVBOWVyJTIwdW4lMjBlc3BhY2UlMjBjaGFsZXVyZXV4JTIwZXQlMjBhY2N1ZWlsbGFudCUyMG8lQzMlQjklMjB2b3VzJTIwdm91cyUyMHNlbnRpcmV6JTIwaW1tJUMzJUE5ZGlhdGVtZW50JTIwJUMzJUEwJTIwbCUyN2Fpc2UuJTIwQ2hhcXVlJTIwZCVDMyVBOXRhaWwlMjBhJTIwJUMzJUE5dCVDMyVBOSUyMHBlbnMlQzMlQTklMjBwb3VyJTIwb2ZmcmlyJTIwdW5lJTIwZXhwJUMzJUE5cmllbmNlJTIwZGUlMjBzaG9wcGluZyUyMGV4Y2VwdGlvbm5lbGxlJTJDJTIwZHUlMjBzZXJ2aWNlJTIwY2xpZW50JTIwYXR0ZW50aW9ubiVDMyVBOSUyMGF1eCUyMGNhYmluZXMlMjBkJTI3ZXNzYXlhZ2UlMjBzcGFjaWV1c2VzJTIwZXQlMjBiaWVuJTIwJUMzJUE5Y2xhaXIlQzMlQTllcy4lMjAlMEE=[\/vc_raw_html][vc_empty_space][vc_raw_html]RW4lMjB0YW50JTIwcXUlRTIlODAlOTl1bmUlMjBtYXJxdWUlMjBkZSUyMFByJUMzJUFBdCUyMCVDMyVBMCUyMHBvcnRlciUyQyUyMG5vdXMlMjBzb21tZXMlMjBjb252YWluY3VzJTIwcXVlJTIwY2V0dGUlMjBub3V2ZWxsZSUyMGJvdXRpcXVlJTIwc2VyYSUyMHVuJTIwbGlldSUyMGRlJTIwcmFzc2VtYmxlbWVudCUyMHBvdXIlMjBsZXMlMjBhbW91cmV1eCUyMGRlJTIwbGElMjBtb2RlJTJDJTIwbGVzJTIwcGFzc2lvbm4lQzMlQTlzJTIwZGUlMjBzdHlsZSUyMGV0JTIwbGVzJTIwcGVyc29ubmVzJTIwcXVpJTIwY2hlcmNoZW50JTIwJUMzJUEwJTIwc2UlMjBkJUMzJUE5bWFycXVlci4lMjBOb3VzJTIwYXZvbnMlMjBoJUMzJUEydGUlMjBkZSUyMHZvdXMlMjB2b2lyJTIwdG91cyUyMGVudHJlciUyMHBhciUyMGxhJTIwcG9ydGUlMjBldCUyMGRlJTIwcGFydGFnZXIlMjBjZXR0ZSUyMGV4cCVDMyVBOXJpZW5jZSUyMGluY3JveWFibGUlMjBhdmVjJTIwdm91cy4lMjAlMEFWb3RyZSUyMHNvdXRpZW4lMjBpbmQlQzMlQTlmZWN0aWJsZSUyMGElMjAlQzMlQTl0JUMzJUE5JTIwdW5lJTIwc291cmNlJTIwZCUyN2luc3BpcmF0aW9uJTIwZXQlMjBkZSUyMG1vdGl2YXRpb24lMjBwb3VyJTIwbm91cy4lMjBFbnNlbWJsZSUyQyUyMG5vdXMlMjBhbGxvbnMlMjBjciVDMyVBOWVyJTIwcXVlbHF1ZSUyMGNob3NlJTIwZGUlMjB2cmFpbWVudCUyMHNwJUMzJUE5Y2lhbC4lMjBNZXJjaSUyMGR1JTIwZm9uZCUyMGR1JTIwYyVDNSU5M3VyJTIwJTIxJTIwJTBBJTNDYnIlM0UlMEElM0NiJTNFQWRyZXNzZSUzQyUyRmIlM0UlMjAlM0ElMjBBdmVudWUlMjBNb25naSUyMFNsaW0lMkMlMjByJUMzJUE5c2lkZW5jZSUyMFJhbmlhJTIwTTglMkMlMjBsJTI3QW91aW5hJTIwJTI4RW4lMjBmYWNlJTIwZGUlMjBLRkMlMjku[\/vc_raw_html][\/vc_column][\/vc_row]<\/p>\n","protected":false},"author":291,"featured_media":0,"parent":0,"menu_order":0,"comment_status":"closed","ping_status":"closed","template":"","meta":{"footnotes":""},"class_list":["post-63210","page","type-page","status-publish","hentry"],"yoast_head":"<!-- This site is optimized with the Yoast SEO plugin v27.5 - https:\/\/yoast.com\/product\/yoast-seo-wordpress\/ -->\n<title>Boutique VOG El Aouina ouvre ses portes ! \u2502VOG pr\u00eat \u00e0 porter<\/title>\n<meta name=\"description\" content=\"VOG est une cha\u00eene de boutiques de pr\u00eat \u00e0 porter \u00e0 Bizerte, Tunisie, sp\u00e9cialis\u00e9e dans la vente en ligne de v\u00eatements, chaussures et sacs\u2026 pour femme et homme.\" \/>\n<meta name=\"robots\" content=\"index, follow, max-snippet:-1, max-image-preview:large, max-video-preview:-1\" \/>\n<link rel=\"canonical\" href=\"https:\/\/vog.com.tn\/?page_id=63210\" \/>\n<meta property=\"og:locale\" content=\"fr_FR\" \/>\n<meta property=\"og:type\" content=\"article\" \/>\n<meta property=\"og:title\" content=\"Boutique VOG El Aouina ouvre ses portes ! \u2502VOG pr\u00eat \u00e0 porter\" \/>\n<meta property=\"og:description\" content=\"VOG est une cha\u00eene de boutiques de pr\u00eat \u00e0 porter \u00e0 Bizerte, Tunisie, sp\u00e9cialis\u00e9e dans la vente en ligne de v\u00eatements, chaussures et sacs\u2026 pour femme et homme.\" \/>\n<meta property=\"og:url\" content=\"https:\/\/vog.com.tn\/?page_id=63210\" \/>\n<meta property=\"og:site_name\" content=\"Vog Tunisie\" \/>\n<meta property=\"article:modified_time\" content=\"2023-07-31T15:00:30+00:00\" \/>\n<meta name=\"twitter:card\" content=\"summary_large_image\" \/>\n<meta name=\"twitter:label1\" content=\"Dur\u00e9e de lecture estim\u00e9e\" \/>\n\t<meta name=\"twitter:data1\" content=\"1 minute\" \/>\n<script type=\"application\/ld+json\" class=\"yoast-schema-graph\">{\"@context\":\"https:\\\/\\\/schema.org\",\"@graph\":[{\"@type\":\"WebPage\",\"@id\":\"https:\\\/\\\/vog.com.tn\\\/?page_id=63210\",\"url\":\"https:\\\/\\\/vog.com.tn\\\/?page_id=63210\",\"name\":\"Boutique VOG El Aouina ouvre ses portes ! \u2502VOG pr\u00eat \u00e0 porter\",\"isPartOf\":{\"@id\":\"https:\\\/\\\/vog.com.tn\\\/#website\"},\"datePublished\":\"2023-07-27T11:07:45+00:00\",\"dateModified\":\"2023-07-31T15:00:30+00:00\",\"description\":\"VOG est une cha\u00eene de boutiques de pr\u00eat \u00e0 porter \u00e0 Bizerte, Tunisie, sp\u00e9cialis\u00e9e dans la vente en ligne de v\u00eatements, chaussures et sacs\u2026 pour femme et homme.\",\"breadcrumb\":{\"@id\":\"https:\\\/\\\/vog.com.tn\\\/?page_id=63210#breadcrumb\"},\"inLanguage\":\"fr-FR\",\"potentialAction\":[{\"@type\":\"ReadAction\",\"target\":[\"https:\\\/\\\/vog.com.tn\\\/?page_id=63210\"]}]},{\"@type\":\"BreadcrumbList\",\"@id\":\"https:\\\/\\\/vog.com.tn\\\/?page_id=63210#breadcrumb\",\"itemListElement\":[{\"@type\":\"ListItem\",\"position\":1,\"name\":\"Home\",\"item\":\"https:\\\/\\\/vog.com.tn\\\/\"},{\"@type\":\"ListItem\",\"position\":2,\"name\":\"Boutique VOG El Aouina ouvre ses portes !\"}]},{\"@type\":\"WebSite\",\"@id\":\"https:\\\/\\\/vog.com.tn\\\/#website\",\"url\":\"https:\\\/\\\/vog.com.tn\\\/\",\"name\":\"Vog Tunisie\",\"description\":\"Pr\u00eat-\u00e0-porter\",\"potentialAction\":[{\"@type\":\"SearchAction\",\"target\":{\"@type\":\"EntryPoint\",\"urlTemplate\":\"https:\\\/\\\/vog.com.tn\\\/?s={search_term_string}\"},\"query-input\":{\"@type\":\"PropertyValueSpecification\",\"valueRequired\":true,\"valueName\":\"search_term_string\"}}],\"inLanguage\":\"fr-FR\"}]}<\/script>\n<!-- \/ Yoast SEO plugin. -->","yoast_head_json":{"title":"Boutique VOG El Aouina ouvre ses portes ! \u2502VOG pr\u00eat \u00e0 porter","description":"VOG est une cha\u00eene de boutiques de pr\u00eat \u00e0 porter \u00e0 Bizerte, Tunisie, sp\u00e9cialis\u00e9e dans la vente en ligne de v\u00eatements, chaussures et sacs\u2026 pour femme et homme.","robots":{"index":"index","follow":"follow","max-snippet":"max-snippet:-1","max-image-preview":"max-image-preview:large","max-video-preview":"max-video-preview:-1"},"canonical":"https:\/\/vog.com.tn\/?page_id=63210","og_locale":"fr_FR","og_type":"article","og_title":"Boutique VOG El Aouina ouvre ses portes ! \u2502VOG pr\u00eat \u00e0 porter","og_description":"VOG est une cha\u00eene de boutiques de pr\u00eat \u00e0 porter \u00e0 Bizerte, Tunisie, sp\u00e9cialis\u00e9e dans la vente en ligne de v\u00eatements, chaussures et sacs\u2026 pour femme et homme.","og_url":"https:\/\/vog.com.tn\/?page_id=63210","og_site_name":"Vog Tunisie","article_modified_time":"2023-07-31T15:00:30+00:00","twitter_card":"summary_large_image","twitter_misc":{"Dur\u00e9e de lecture estim\u00e9e":"1 minute"},"schema":{"@context":"https:\/\/schema.org","@graph":[{"@type":"WebPage","@id":"https:\/\/vog.com.tn\/?page_id=63210","url":"https:\/\/vog.com.tn\/?page_id=63210","name":"Boutique VOG El Aouina ouvre ses portes ! \u2502VOG pr\u00eat \u00e0 porter","isPartOf":{"@id":"https:\/\/vog.com.tn\/#website"},"datePublished":"2023-07-27T11:07:45+00:00","dateModified":"2023-07-31T15:00:30+00:00","description":"VOG est une cha\u00eene de boutiques de pr\u00eat \u00e0 porter \u00e0 Bizerte, Tunisie, sp\u00e9cialis\u00e9e dans la vente en ligne de v\u00eatements, chaussures et sacs\u2026 pour femme et homme.","breadcrumb":{"@id":"https:\/\/vog.com.tn\/?page_id=63210#breadcrumb"},"inLanguage":"fr-FR","potentialAction":[{"@type":"ReadAction","target":["https:\/\/vog.com.tn\/?page_id=63210"]}]},{"@type":"BreadcrumbList","@id":"https:\/\/vog.com.tn\/?page_id=63210#breadcrumb","itemListElement":[{"@type":"ListItem","position":1,"name":"Home","item":"https:\/\/vog.com.tn\/"},{"@type":"ListItem","position":2,"name":"Boutique VOG El Aouina ouvre ses portes !"}]},{"@type":"WebSite","@id":"https:\/\/vog.com.tn\/#website","url":"https:\/\/vog.com.tn\/","name":"Vog Tunisie","description":"Pr\u00eat-\u00e0-porter","potentialAction":[{"@type":"SearchAction","target":{"@type":"EntryPoint","urlTemplate":"https:\/\/vog.com.tn\/?s={search_term_string}"},"query-input":{"@type":"PropertyValueSpecification","valueRequired":true,"valueName":"search_term_string"}}],"inLanguage":"fr-FR"}]}},"_links":{"self":[{"href":"https:\/\/vog.com.tn\/index.php?rest_route=\/wp\/v2\/pages\/63210","targetHints":{"allow":["GET"]}}],"collection":[{"href":"https:\/\/vog.com.tn\/index.php?rest_route=\/wp\/v2\/pages"}],"about":[{"href":"https:\/\/vog.com.tn\/index.php?rest_route=\/wp\/v2\/types\/page"}],"author":[{"embeddable":true,"href":"https:\/\/vog.com.tn\/index.php?rest_route=\/wp\/v2\/users\/291"}],"replies":[{"embeddable":true,"href":"https:\/\/vog.com.tn\/index.php?rest_route=%2Fwp%2Fv2%2Fcomments&post=63210"}],"version-history":[{"count":4,"href":"https:\/\/vog.com.tn\/index.php?rest_route=\/wp\/v2\/pages\/63210\/revisions"}],"predecessor-version":[{"id":63401,"href":"https:\/\/vog.com.tn\/index.php?rest_route=\/wp\/v2\/pages\/63210\/revisions\/63401"}],"wp:attachment":[{"href":"https:\/\/vog.com.tn\/index.php?rest_route=%2Fwp%2Fv2%2Fmedia&parent=63210"}],"curies":[{"name":"wp","href":"https:\/\/api.w.org\/{rel}","templated":true}]}}