{"id":103670,"date":"2025-11-09T13:46:20","date_gmt":"2025-11-09T12:46:20","guid":{"rendered":"https:\/\/vog.com.tn\/?post_type=product&#038;p=103670"},"modified":"2026-04-25T12:12:22","modified_gmt":"2026-04-25T10:12:22","slug":"robe-femme-312602-vog","status":"publish","type":"product","link":"https:\/\/vog.com.tn\/?product=robe-femme-312602-vog","title":{"rendered":"Robe Femme-312602-vog"},"content":{"rendered":"<p>Vog met en vente en ligne Robe en Tunisie. Qu\u2019il s\u2019agisse de mod\u00e8les ajust\u00e9s , nous vous proposons tous les styles, couleurs et imprim\u00e9s pour les robes de la saison. Que vous cherchiez une robe chemise classique pour le travail ou une robe en maille pour \u00eatre \u00e0 l\u2019aise le week-end, trouvez la robe id\u00e9ale pour chaque occasion dans notre collection.<\/p>\n","protected":false},"excerpt":{"rendered":"<p>Vente en ligne robe pour femme.<\/p>\n<ul>\n<li>Robe chic femme<\/li>\n<li>Robe \u00e9l\u00e9gante au design raffin\u00e9 et f\u00e9minin.<\/li>\n<li>Tissu fluide et agr\u00e9able \u00e0 porter, id\u00e9al pour toutes les occasions.<\/li>\n<li>Coupe moderne qui met en valeur la silhouette.<\/li>\n<li>Finitions soign\u00e9es et d\u00e9tails d\u00e9licats pour un look sophistiqu\u00e9.<\/li>\n<li>Parfaite pour une sortie, une soir\u00e9e .<br data-start=\"410\" data-end=\"413\" \/>\ud83d\ude9a\u00a0Livraison \u00e0 domicile : 8 TND<br data-start=\"444\" data-end=\"447\" \/>\u23f1\ufe0f\u00a0D\u00e9lai de livraison : 2 \u00e0 3 jours<br data-start=\"482\" data-end=\"485\" \/>\ud83d\udd01\u00a0\u00c9change possible \u2013 vous ne payez que les frais de livraison pour le second colis (d\u00e9lai : 1 jour).<\/li>\n<\/ul>\n","protected":false},"featured_media":103680,"template":"","meta":[],"product_brand":[],"product_cat":[360,281,44,71],"product_tag":[],"class_list":{"0":"post-103670","1":"product","2":"type-product","3":"status-publish","4":"has-post-thumbnail","6":"product_cat-nouvelle-collection","7":"product_cat-robe-robe-dhiver","8":"product_cat-robes-femme","9":"product_cat-vetements-femme","10":"pa_couleurs-choco","11":"pa_couleurs-noir","12":"pa_taille-large","13":"pa_taille-moyenne","14":"pa_taille-small","17":"first","18":"instock","19":"taxable","20":"shipping-taxable","21":"purchasable","22":"product-type-variable"},"yoast_head":"<!-- This site is optimized with the Yoast SEO plugin v27.5 - https:\/\/yoast.com\/product\/yoast-seo-wordpress\/ -->\n<title>Robe Femme-312602-vog - Vog Tunisie<\/title>\n<meta name=\"robots\" content=\"index, follow, max-snippet:-1, max-image-preview:large, max-video-preview:-1\" \/>\n<link rel=\"canonical\" href=\"https:\/\/vog.com.tn\/?product=robe-femme-312602-vog\" \/>\n<meta property=\"og:locale\" content=\"fr_FR\" \/>\n<meta property=\"og:type\" content=\"article\" \/>\n<meta property=\"og:title\" content=\"Robe Femme-312602-vog - Vog Tunisie\" \/>\n<meta property=\"og:description\" content=\"Vente en ligne robe pour femme.   Robe chic femme  Robe \u00e9l\u00e9gante au design raffin\u00e9 et f\u00e9minin.  Tissu fluide et agr\u00e9able \u00e0 porter, id\u00e9al pour toutes les occasions.  Coupe moderne qui met en valeur la silhouette.  Finitions soign\u00e9es et d\u00e9tails d\u00e9licats pour un look sophistiqu\u00e9.  Parfaite pour une sortie, une soir\u00e9e .\ud83d\ude9a\u00a0Livraison \u00e0 domicile : 8 TND\u23f1\ufe0f\u00a0D\u00e9lai de livraison : 2 \u00e0 3 jours\ud83d\udd01\u00a0\u00c9change possible \u2013 vous ne payez que les frais de livraison pour le second colis (d\u00e9lai : 1 jour).\" \/>\n<meta property=\"og:url\" content=\"https:\/\/vog.com.tn\/?product=robe-femme-312602-vog\" \/>\n<meta property=\"og:site_name\" content=\"Vog Tunisie\" \/>\n<meta property=\"article:modified_time\" content=\"2026-04-25T10:12:22+00:00\" \/>\n<meta property=\"og:image\" content=\"https:\/\/vog.com.tn\/wp-content\/uploads\/2025\/11\/312602-choco-vog-2.jpg\" \/>\n\t<meta property=\"og:image:width\" content=\"572\" \/>\n\t<meta property=\"og:image:height\" content=\"800\" \/>\n\t<meta property=\"og:image:type\" content=\"image\/jpeg\" \/>\n<meta name=\"twitter:card\" content=\"summary_large_image\" \/>\n<script type=\"application\/ld+json\" class=\"yoast-schema-graph\">{\"@context\":\"https:\\\/\\\/schema.org\",\"@graph\":[{\"@type\":\"WebPage\",\"@id\":\"https:\\\/\\\/vog.com.tn\\\/?product=robe-femme-312602-vog\",\"url\":\"https:\\\/\\\/vog.com.tn\\\/?product=robe-femme-312602-vog\",\"name\":\"Robe Femme-312602-vog - Vog Tunisie\",\"isPartOf\":{\"@id\":\"https:\\\/\\\/vog.com.tn\\\/#website\"},\"primaryImageOfPage\":{\"@id\":\"https:\\\/\\\/vog.com.tn\\\/?product=robe-femme-312602-vog#primaryimage\"},\"image\":{\"@id\":\"https:\\\/\\\/vog.com.tn\\\/?product=robe-femme-312602-vog#primaryimage\"},\"thumbnailUrl\":\"https:\\\/\\\/vog.com.tn\\\/wp-content\\\/uploads\\\/2025\\\/11\\\/312602-choco-vog-2.jpg\",\"datePublished\":\"2025-11-09T12:46:20+00:00\",\"dateModified\":\"2026-04-25T10:12:22+00:00\",\"breadcrumb\":{\"@id\":\"https:\\\/\\\/vog.com.tn\\\/?product=robe-femme-312602-vog#breadcrumb\"},\"inLanguage\":\"fr-FR\",\"potentialAction\":[{\"@type\":\"ReadAction\",\"target\":[\"https:\\\/\\\/vog.com.tn\\\/?product=robe-femme-312602-vog\"]}]},{\"@type\":\"ImageObject\",\"inLanguage\":\"fr-FR\",\"@id\":\"https:\\\/\\\/vog.com.tn\\\/?product=robe-femme-312602-vog#primaryimage\",\"url\":\"https:\\\/\\\/vog.com.tn\\\/wp-content\\\/uploads\\\/2025\\\/11\\\/312602-choco-vog-2.jpg\",\"contentUrl\":\"https:\\\/\\\/vog.com.tn\\\/wp-content\\\/uploads\\\/2025\\\/11\\\/312602-choco-vog-2.jpg\",\"width\":572,\"height\":800},{\"@type\":\"BreadcrumbList\",\"@id\":\"https:\\\/\\\/vog.com.tn\\\/?product=robe-femme-312602-vog#breadcrumb\",\"itemListElement\":[{\"@type\":\"ListItem\",\"position\":1,\"name\":\"Home\",\"item\":\"https:\\\/\\\/vog.com.tn\\\/\"},{\"@type\":\"ListItem\",\"position\":2,\"name\":\"Produits\",\"item\":\"https:\\\/\\\/vog.com.tn\\\/?page_id=8\"},{\"@type\":\"ListItem\",\"position\":3,\"name\":\"Robe Femme-312602-vog\"}]},{\"@type\":\"WebSite\",\"@id\":\"https:\\\/\\\/vog.com.tn\\\/#website\",\"url\":\"https:\\\/\\\/vog.com.tn\\\/\",\"name\":\"Vog Tunisie\",\"description\":\"Pr\u00eat-\u00e0-porter\",\"potentialAction\":[{\"@type\":\"SearchAction\",\"target\":{\"@type\":\"EntryPoint\",\"urlTemplate\":\"https:\\\/\\\/vog.com.tn\\\/?s={search_term_string}\"},\"query-input\":{\"@type\":\"PropertyValueSpecification\",\"valueRequired\":true,\"valueName\":\"search_term_string\"}}],\"inLanguage\":\"fr-FR\"}]}<\/script>\n<!-- \/ Yoast SEO plugin. -->","yoast_head_json":{"title":"Robe Femme-312602-vog - Vog Tunisie","robots":{"index":"index","follow":"follow","max-snippet":"max-snippet:-1","max-image-preview":"max-image-preview:large","max-video-preview":"max-video-preview:-1"},"canonical":"https:\/\/vog.com.tn\/?product=robe-femme-312602-vog","og_locale":"fr_FR","og_type":"article","og_title":"Robe Femme-312602-vog - Vog Tunisie","og_description":"Vente en ligne robe pour femme.   Robe chic femme  Robe \u00e9l\u00e9gante au design raffin\u00e9 et f\u00e9minin.  Tissu fluide et agr\u00e9able \u00e0 porter, id\u00e9al pour toutes les occasions.  Coupe moderne qui met en valeur la silhouette.  Finitions soign\u00e9es et d\u00e9tails d\u00e9licats pour un look sophistiqu\u00e9.  Parfaite pour une sortie, une soir\u00e9e .\ud83d\ude9a\u00a0Livraison \u00e0 domicile : 8 TND\u23f1\ufe0f\u00a0D\u00e9lai de livraison : 2 \u00e0 3 jours\ud83d\udd01\u00a0\u00c9change possible \u2013 vous ne payez que les frais de livraison pour le second colis (d\u00e9lai : 1 jour).","og_url":"https:\/\/vog.com.tn\/?product=robe-femme-312602-vog","og_site_name":"Vog Tunisie","article_modified_time":"2026-04-25T10:12:22+00:00","og_image":[{"width":572,"height":800,"url":"https:\/\/vog.com.tn\/wp-content\/uploads\/2025\/11\/312602-choco-vog-2.jpg","type":"image\/jpeg"}],"twitter_card":"summary_large_image","schema":{"@context":"https:\/\/schema.org","@graph":[{"@type":"WebPage","@id":"https:\/\/vog.com.tn\/?product=robe-femme-312602-vog","url":"https:\/\/vog.com.tn\/?product=robe-femme-312602-vog","name":"Robe Femme-312602-vog - Vog Tunisie","isPartOf":{"@id":"https:\/\/vog.com.tn\/#website"},"primaryImageOfPage":{"@id":"https:\/\/vog.com.tn\/?product=robe-femme-312602-vog#primaryimage"},"image":{"@id":"https:\/\/vog.com.tn\/?product=robe-femme-312602-vog#primaryimage"},"thumbnailUrl":"https:\/\/vog.com.tn\/wp-content\/uploads\/2025\/11\/312602-choco-vog-2.jpg","datePublished":"2025-11-09T12:46:20+00:00","dateModified":"2026-04-25T10:12:22+00:00","breadcrumb":{"@id":"https:\/\/vog.com.tn\/?product=robe-femme-312602-vog#breadcrumb"},"inLanguage":"fr-FR","potentialAction":[{"@type":"ReadAction","target":["https:\/\/vog.com.tn\/?product=robe-femme-312602-vog"]}]},{"@type":"ImageObject","inLanguage":"fr-FR","@id":"https:\/\/vog.com.tn\/?product=robe-femme-312602-vog#primaryimage","url":"https:\/\/vog.com.tn\/wp-content\/uploads\/2025\/11\/312602-choco-vog-2.jpg","contentUrl":"https:\/\/vog.com.tn\/wp-content\/uploads\/2025\/11\/312602-choco-vog-2.jpg","width":572,"height":800},{"@type":"BreadcrumbList","@id":"https:\/\/vog.com.tn\/?product=robe-femme-312602-vog#breadcrumb","itemListElement":[{"@type":"ListItem","position":1,"name":"Home","item":"https:\/\/vog.com.tn\/"},{"@type":"ListItem","position":2,"name":"Produits","item":"https:\/\/vog.com.tn\/?page_id=8"},{"@type":"ListItem","position":3,"name":"Robe Femme-312602-vog"}]},{"@type":"WebSite","@id":"https:\/\/vog.com.tn\/#website","url":"https:\/\/vog.com.tn\/","name":"Vog Tunisie","description":"Pr\u00eat-\u00e0-porter","potentialAction":[{"@type":"SearchAction","target":{"@type":"EntryPoint","urlTemplate":"https:\/\/vog.com.tn\/?s={search_term_string}"},"query-input":{"@type":"PropertyValueSpecification","valueRequired":true,"valueName":"search_term_string"}}],"inLanguage":"fr-FR"}]}},"_links":{"self":[{"href":"https:\/\/vog.com.tn\/index.php?rest_route=\/wp\/v2\/product\/103670","targetHints":{"allow":["GET"]}}],"collection":[{"href":"https:\/\/vog.com.tn\/index.php?rest_route=\/wp\/v2\/product"}],"about":[{"href":"https:\/\/vog.com.tn\/index.php?rest_route=\/wp\/v2\/types\/product"}],"wp:featuredmedia":[{"embeddable":true,"href":"https:\/\/vog.com.tn\/index.php?rest_route=\/wp\/v2\/media\/103680"}],"wp:attachment":[{"href":"https:\/\/vog.com.tn\/index.php?rest_route=%2Fwp%2Fv2%2Fmedia&parent=103670"}],"wp:term":[{"taxonomy":"product_brand","embeddable":true,"href":"https:\/\/vog.com.tn\/index.php?rest_route=%2Fwp%2Fv2%2Fproduct_brand&post=103670"},{"taxonomy":"product_cat","embeddable":true,"href":"https:\/\/vog.com.tn\/index.php?rest_route=%2Fwp%2Fv2%2Fproduct_cat&post=103670"},{"taxonomy":"product_tag","embeddable":true,"href":"https:\/\/vog.com.tn\/index.php?rest_route=%2Fwp%2Fv2%2Fproduct_tag&post=103670"}],"curies":[{"name":"wp","href":"https:\/\/api.w.org\/{rel}","templated":true}]}}