{"id":105780,"date":"2025-12-05T11:45:16","date_gmt":"2025-12-05T10:45:16","guid":{"rendered":"https:\/\/vog.com.tn\/?post_type=product&#038;p=105780"},"modified":"2026-04-02T12:11:59","modified_gmt":"2026-04-02T10:11:59","slug":"robe-femme-312606-vog","status":"publish","type":"product","link":"https:\/\/vog.com.tn\/?product=robe-femme-312606-vog","title":{"rendered":"Robe Femme-312606-vog"},"content":{"rendered":"<p>VOG met en vente en ligne en Tunisie cette robe longue chemise en denim (jean). C&rsquo;est une pi\u00e8ce intemporelle \u00e0 la coupe droite et longue qui allonge superbement la silhouette. Elle est structur\u00e9e par une ceinture assortie \u00e0 boucle dor\u00e9e qui marque la taille, et pr\u00e9sente un col chemise \u00e9l\u00e9gant. Les d\u00e9tails des poches poitrine et des boutons dor\u00e9s ajoutent une touche sophistiqu\u00e9e au denim classique. Elle se porte boutonn\u00e9e comme une robe pour un look structur\u00e9 et tendance.<\/p>\n","protected":false},"excerpt":{"rendered":"<p>Vente en ligne robe pour femme<\/p>\n<ul>\n<li>\n<p data-path-to-node=\"4,0,0\"><b>Coupe :<\/b> Longue (Maxi), droite et ajust\u00e9e par une ceinture \u00e0 la taille. Le style est une robe-chemise .<\/p>\n<\/li>\n<li>\n<p data-path-to-node=\"4,1,0\"><b>D\u00e9tails :<\/b> Tissu en denim bleu fonc\u00e9 avec des boutons-pression ou boutons dor\u00e9s sur toute la longueur. Elle pr\u00e9sente un col chemise classique, des poches poitrine et est livr\u00e9e avec une ceinture assortie en jean \u00e0 boucle m\u00e9tallique dor\u00e9e.<\/p>\n<\/li>\n<li>\n<p data-path-to-node=\"4,2,0\"><b>Longueur :<\/b> Cheville\/Longue (Maxi).<\/p>\n<\/li>\n<li>\n<p data-path-to-node=\"4,3,0\"><b>Style :<\/b> D\u00e9contract\u00e9-chic et intemporel. Le denim lui conf\u00e8re un look moderne et facile \u00e0 porter.<\/p>\n<\/li>\n<li>\n<p data-path-to-node=\"4,4,0\"><b>Tissu :<\/b> Denim (jean), offrant une bonne tenue et un aspect structur\u00e9.<\/p>\n<\/li>\n<\/ul>\n<p>\ud83d\ude9a <strong data-start=\"571\" data-end=\"603\">Livraison \u00e0 domicile : 8 TND<\/strong><br data-start=\"603\" data-end=\"606\" \/>\u23f1\ufe0f <strong data-start=\"609\" data-end=\"645\">D\u00e9lai de livraison : 2 \u00e0 3 jours<\/strong><br data-start=\"645\" data-end=\"648\" \/>\ud83d\udd01 <strong data-start=\"651\" data-end=\"671\">\u00c9change possible<\/strong> \u2013 vous ne payez que les frais de livraison pour le second colis (d\u00e9lai : 1 jour)<\/p>\n","protected":false},"featured_media":105777,"template":"","meta":[],"product_brand":[],"product_cat":[137,360,281,44,71],"product_tag":[],"class_list":{"0":"post-105780","1":"product","2":"type-product","3":"status-publish","4":"has-post-thumbnail","6":"product_cat-mode-femme","7":"product_cat-nouvelle-collection","8":"product_cat-robe-robe-dhiver","9":"product_cat-robes-femme","10":"product_cat-vetements-femme","11":"pa_couleurs-djeans","12":"pa_taille-m-l","13":"pa_taille-s-m","16":"first","17":"instock","18":"taxable","19":"shipping-taxable","20":"purchasable","21":"product-type-variable"},"yoast_head":"<!-- This site is optimized with the Yoast SEO plugin v27.5 - https:\/\/yoast.com\/product\/yoast-seo-wordpress\/ -->\n<title>Robe Femme-312606-vog - Vog Tunisie<\/title>\n<meta name=\"robots\" content=\"index, follow, max-snippet:-1, max-image-preview:large, max-video-preview:-1\" \/>\n<link rel=\"canonical\" href=\"https:\/\/vog.com.tn\/?product=robe-femme-312606-vog\" \/>\n<meta property=\"og:locale\" content=\"fr_FR\" \/>\n<meta property=\"og:type\" content=\"article\" \/>\n<meta property=\"og:title\" content=\"Robe Femme-312606-vog - Vog Tunisie\" \/>\n<meta property=\"og:description\" content=\"Vente en ligne robe pour femme    Coupe : Longue (Maxi), droite et ajust\u00e9e par une ceinture \u00e0 la taille. Le style est une robe-chemise .    D\u00e9tails : Tissu en denim bleu fonc\u00e9 avec des boutons-pression ou boutons dor\u00e9s sur toute la longueur. Elle pr\u00e9sente un col chemise classique, des poches poitrine et est livr\u00e9e avec une ceinture assortie en jean \u00e0 boucle m\u00e9tallique dor\u00e9e.    Longueur : Cheville\/Longue (Maxi).    Style : D\u00e9contract\u00e9-chic et intemporel. Le denim lui conf\u00e8re un look moderne et facile \u00e0 porter.    Tissu : Denim (jean), offrant une bonne tenue et un aspect structur\u00e9.   \ud83d\ude9a Livraison \u00e0 domicile : 8 TND\u23f1\ufe0f D\u00e9lai de livraison : 2 \u00e0 3 jours\ud83d\udd01 \u00c9change possible \u2013 vous ne payez que les frais de livraison pour le second colis (d\u00e9lai : 1 jour)\" \/>\n<meta property=\"og:url\" content=\"https:\/\/vog.com.tn\/?product=robe-femme-312606-vog\" \/>\n<meta property=\"og:site_name\" content=\"Vog Tunisie\" \/>\n<meta property=\"article:modified_time\" content=\"2026-04-02T10:11:59+00:00\" \/>\n<meta property=\"og:image\" content=\"https:\/\/vog.com.tn\/wp-content\/uploads\/2025\/12\/312606-djeans-vog-1.jpg\" \/>\n\t<meta property=\"og:image:width\" content=\"572\" \/>\n\t<meta property=\"og:image:height\" content=\"800\" \/>\n\t<meta property=\"og:image:type\" content=\"image\/jpeg\" \/>\n<meta name=\"twitter:card\" content=\"summary_large_image\" \/>\n<script type=\"application\/ld+json\" class=\"yoast-schema-graph\">{\"@context\":\"https:\\\/\\\/schema.org\",\"@graph\":[{\"@type\":\"WebPage\",\"@id\":\"https:\\\/\\\/vog.com.tn\\\/?product=robe-femme-312606-vog\",\"url\":\"https:\\\/\\\/vog.com.tn\\\/?product=robe-femme-312606-vog\",\"name\":\"Robe Femme-312606-vog - Vog Tunisie\",\"isPartOf\":{\"@id\":\"https:\\\/\\\/vog.com.tn\\\/#website\"},\"primaryImageOfPage\":{\"@id\":\"https:\\\/\\\/vog.com.tn\\\/?product=robe-femme-312606-vog#primaryimage\"},\"image\":{\"@id\":\"https:\\\/\\\/vog.com.tn\\\/?product=robe-femme-312606-vog#primaryimage\"},\"thumbnailUrl\":\"https:\\\/\\\/vog.com.tn\\\/wp-content\\\/uploads\\\/2025\\\/12\\\/312606-djeans-vog-1.jpg\",\"datePublished\":\"2025-12-05T10:45:16+00:00\",\"dateModified\":\"2026-04-02T10:11:59+00:00\",\"breadcrumb\":{\"@id\":\"https:\\\/\\\/vog.com.tn\\\/?product=robe-femme-312606-vog#breadcrumb\"},\"inLanguage\":\"fr-FR\",\"potentialAction\":[{\"@type\":\"ReadAction\",\"target\":[\"https:\\\/\\\/vog.com.tn\\\/?product=robe-femme-312606-vog\"]}]},{\"@type\":\"ImageObject\",\"inLanguage\":\"fr-FR\",\"@id\":\"https:\\\/\\\/vog.com.tn\\\/?product=robe-femme-312606-vog#primaryimage\",\"url\":\"https:\\\/\\\/vog.com.tn\\\/wp-content\\\/uploads\\\/2025\\\/12\\\/312606-djeans-vog-1.jpg\",\"contentUrl\":\"https:\\\/\\\/vog.com.tn\\\/wp-content\\\/uploads\\\/2025\\\/12\\\/312606-djeans-vog-1.jpg\",\"width\":572,\"height\":800},{\"@type\":\"BreadcrumbList\",\"@id\":\"https:\\\/\\\/vog.com.tn\\\/?product=robe-femme-312606-vog#breadcrumb\",\"itemListElement\":[{\"@type\":\"ListItem\",\"position\":1,\"name\":\"Home\",\"item\":\"https:\\\/\\\/vog.com.tn\\\/\"},{\"@type\":\"ListItem\",\"position\":2,\"name\":\"Produits\",\"item\":\"https:\\\/\\\/vog.com.tn\\\/?page_id=8\"},{\"@type\":\"ListItem\",\"position\":3,\"name\":\"Robe Femme-312606-vog\"}]},{\"@type\":\"WebSite\",\"@id\":\"https:\\\/\\\/vog.com.tn\\\/#website\",\"url\":\"https:\\\/\\\/vog.com.tn\\\/\",\"name\":\"Vog Tunisie\",\"description\":\"Pr\u00eat-\u00e0-porter\",\"potentialAction\":[{\"@type\":\"SearchAction\",\"target\":{\"@type\":\"EntryPoint\",\"urlTemplate\":\"https:\\\/\\\/vog.com.tn\\\/?s={search_term_string}\"},\"query-input\":{\"@type\":\"PropertyValueSpecification\",\"valueRequired\":true,\"valueName\":\"search_term_string\"}}],\"inLanguage\":\"fr-FR\"}]}<\/script>\n<!-- \/ Yoast SEO plugin. -->","yoast_head_json":{"title":"Robe Femme-312606-vog - Vog Tunisie","robots":{"index":"index","follow":"follow","max-snippet":"max-snippet:-1","max-image-preview":"max-image-preview:large","max-video-preview":"max-video-preview:-1"},"canonical":"https:\/\/vog.com.tn\/?product=robe-femme-312606-vog","og_locale":"fr_FR","og_type":"article","og_title":"Robe Femme-312606-vog - Vog Tunisie","og_description":"Vente en ligne robe pour femme    Coupe : Longue (Maxi), droite et ajust\u00e9e par une ceinture \u00e0 la taille. Le style est une robe-chemise .    D\u00e9tails : Tissu en denim bleu fonc\u00e9 avec des boutons-pression ou boutons dor\u00e9s sur toute la longueur. Elle pr\u00e9sente un col chemise classique, des poches poitrine et est livr\u00e9e avec une ceinture assortie en jean \u00e0 boucle m\u00e9tallique dor\u00e9e.    Longueur : Cheville\/Longue (Maxi).    Style : D\u00e9contract\u00e9-chic et intemporel. Le denim lui conf\u00e8re un look moderne et facile \u00e0 porter.    Tissu : Denim (jean), offrant une bonne tenue et un aspect structur\u00e9.   \ud83d\ude9a Livraison \u00e0 domicile : 8 TND\u23f1\ufe0f D\u00e9lai de livraison : 2 \u00e0 3 jours\ud83d\udd01 \u00c9change possible \u2013 vous ne payez que les frais de livraison pour le second colis (d\u00e9lai : 1 jour)","og_url":"https:\/\/vog.com.tn\/?product=robe-femme-312606-vog","og_site_name":"Vog Tunisie","article_modified_time":"2026-04-02T10:11:59+00:00","og_image":[{"width":572,"height":800,"url":"https:\/\/vog.com.tn\/wp-content\/uploads\/2025\/12\/312606-djeans-vog-1.jpg","type":"image\/jpeg"}],"twitter_card":"summary_large_image","schema":{"@context":"https:\/\/schema.org","@graph":[{"@type":"WebPage","@id":"https:\/\/vog.com.tn\/?product=robe-femme-312606-vog","url":"https:\/\/vog.com.tn\/?product=robe-femme-312606-vog","name":"Robe Femme-312606-vog - Vog Tunisie","isPartOf":{"@id":"https:\/\/vog.com.tn\/#website"},"primaryImageOfPage":{"@id":"https:\/\/vog.com.tn\/?product=robe-femme-312606-vog#primaryimage"},"image":{"@id":"https:\/\/vog.com.tn\/?product=robe-femme-312606-vog#primaryimage"},"thumbnailUrl":"https:\/\/vog.com.tn\/wp-content\/uploads\/2025\/12\/312606-djeans-vog-1.jpg","datePublished":"2025-12-05T10:45:16+00:00","dateModified":"2026-04-02T10:11:59+00:00","breadcrumb":{"@id":"https:\/\/vog.com.tn\/?product=robe-femme-312606-vog#breadcrumb"},"inLanguage":"fr-FR","potentialAction":[{"@type":"ReadAction","target":["https:\/\/vog.com.tn\/?product=robe-femme-312606-vog"]}]},{"@type":"ImageObject","inLanguage":"fr-FR","@id":"https:\/\/vog.com.tn\/?product=robe-femme-312606-vog#primaryimage","url":"https:\/\/vog.com.tn\/wp-content\/uploads\/2025\/12\/312606-djeans-vog-1.jpg","contentUrl":"https:\/\/vog.com.tn\/wp-content\/uploads\/2025\/12\/312606-djeans-vog-1.jpg","width":572,"height":800},{"@type":"BreadcrumbList","@id":"https:\/\/vog.com.tn\/?product=robe-femme-312606-vog#breadcrumb","itemListElement":[{"@type":"ListItem","position":1,"name":"Home","item":"https:\/\/vog.com.tn\/"},{"@type":"ListItem","position":2,"name":"Produits","item":"https:\/\/vog.com.tn\/?page_id=8"},{"@type":"ListItem","position":3,"name":"Robe Femme-312606-vog"}]},{"@type":"WebSite","@id":"https:\/\/vog.com.tn\/#website","url":"https:\/\/vog.com.tn\/","name":"Vog Tunisie","description":"Pr\u00eat-\u00e0-porter","potentialAction":[{"@type":"SearchAction","target":{"@type":"EntryPoint","urlTemplate":"https:\/\/vog.com.tn\/?s={search_term_string}"},"query-input":{"@type":"PropertyValueSpecification","valueRequired":true,"valueName":"search_term_string"}}],"inLanguage":"fr-FR"}]}},"_links":{"self":[{"href":"https:\/\/vog.com.tn\/index.php?rest_route=\/wp\/v2\/product\/105780","targetHints":{"allow":["GET"]}}],"collection":[{"href":"https:\/\/vog.com.tn\/index.php?rest_route=\/wp\/v2\/product"}],"about":[{"href":"https:\/\/vog.com.tn\/index.php?rest_route=\/wp\/v2\/types\/product"}],"wp:featuredmedia":[{"embeddable":true,"href":"https:\/\/vog.com.tn\/index.php?rest_route=\/wp\/v2\/media\/105777"}],"wp:attachment":[{"href":"https:\/\/vog.com.tn\/index.php?rest_route=%2Fwp%2Fv2%2Fmedia&parent=105780"}],"wp:term":[{"taxonomy":"product_brand","embeddable":true,"href":"https:\/\/vog.com.tn\/index.php?rest_route=%2Fwp%2Fv2%2Fproduct_brand&post=105780"},{"taxonomy":"product_cat","embeddable":true,"href":"https:\/\/vog.com.tn\/index.php?rest_route=%2Fwp%2Fv2%2Fproduct_cat&post=105780"},{"taxonomy":"product_tag","embeddable":true,"href":"https:\/\/vog.com.tn\/index.php?rest_route=%2Fwp%2Fv2%2Fproduct_tag&post=105780"}],"curies":[{"name":"wp","href":"https:\/\/api.w.org\/{rel}","templated":true}]}}