{"id":106024,"date":"2025-12-07T16:20:47","date_gmt":"2025-12-07T15:20:47","guid":{"rendered":"https:\/\/vog.com.tn\/?post_type=product&#038;p=106024"},"modified":"2025-12-22T11:49:29","modified_gmt":"2025-12-22T10:49:29","slug":"bottines-femme-similicuir-315012-vog","status":"publish","type":"product","link":"https:\/\/vog.com.tn\/?product=bottines-femme-similicuir-315012-vog","title":{"rendered":"Bottines Femme-similicuir-315012-VOG"},"content":{"rendered":"<p>Vog met en vente en ligne bottines femme en Tunisie. Les bottines sont des pi\u00e8ces fortes d\u2019un dressing f\u00e9minin. Elles viennent rehausser vos looks en un clin d\u2019\u0153il. Alors pour cette saison, sortez le grand jeu avec ces bottines \u00e0 la pointe de l\u2019\u00e9l\u00e9gance pour un look tout en finesse ! Elles se portent avec un pantalon habill\u00e9 au bureau comme avec un jean pour un outfit d\u00e9contract\u00e9, mais aussi avec une jupe pour un look naturellement \u00e9l\u00e9gant et confortable.<\/p>\n","protected":false},"excerpt":{"rendered":"<p data-start=\"37\" data-end=\"401\">ente en ligne bottines pour femme.<\/p>\n<ul>\n<li data-start=\"37\" data-end=\"401\">Style moderne &amp; semelle \u00e9paisse.<\/li>\n<li data-start=\"37\" data-end=\"401\">Adopte un look tendance avec ces bottines \u00e0 semelle crant\u00e9e ultra styl\u00e9es.<\/li>\n<li data-start=\"37\" data-end=\"401\">Mod\u00e8le confortable, pratique avec fermeture lat\u00e9rale, et parfait pour un look chic ou d\u00e9contract\u00e9.<\/li>\n<li data-start=\"37\" data-end=\"401\">Id\u00e9al pour accompagner tes tenues d\u2019hiver : robes, jeans ou jupes\u00a0<img decoding=\"async\" class=\"emoji\" role=\"img\" draggable=\"false\" src=\"https:\/\/s.w.org\/images\/core\/emoji\/17.0.2\/svg\/2728.svg\" alt=\"\u2728\" \/><\/li>\n<li data-start=\"37\" data-end=\"401\">Confort, stabilit\u00e9 et style r\u00e9unis dans une seule paire !<\/li>\n<\/ul>\n<p data-start=\"403\" data-end=\"577\"><img decoding=\"async\" class=\"emoji\" role=\"img\" draggable=\"false\" src=\"https:\/\/s.w.org\/images\/core\/emoji\/17.0.2\/svg\/1f69a.svg\" alt=\"\ud83d\ude9a\" \/>\u00a0<strong data-start=\"406\" data-end=\"438\">Livraison \u00e0 domicile : 8 TND<\/strong><br data-start=\"438\" data-end=\"441\" \/><img decoding=\"async\" class=\"emoji\" role=\"img\" draggable=\"false\" src=\"https:\/\/s.w.org\/images\/core\/emoji\/17.0.2\/svg\/23f1.svg\" alt=\"\u23f1\ufe0f\" \/>\u00a0<strong data-start=\"444\" data-end=\"485\">D\u00e9lai de livraison : entre 24h et 48h<\/strong><br data-start=\"485\" data-end=\"488\" \/><img decoding=\"async\" class=\"emoji\" role=\"img\" draggable=\"false\" src=\"https:\/\/s.w.org\/images\/core\/emoji\/17.0.2\/svg\/1f501.svg\" alt=\"\ud83d\udd01\" \/>\u00a0\u00c9change possible \u2013 frais de livraison uniquement pour le second colis (d\u00e9lai : 1 jour)<\/p>\n","protected":false},"featured_media":106031,"template":"","meta":[],"product_brand":[],"product_cat":[135,96,137,360],"product_tag":[],"class_list":{"0":"post-106024","1":"product","2":"type-product","3":"status-publish","4":"has-post-thumbnail","6":"product_cat-bottines-femme","7":"product_cat-chaussures-femme","8":"product_cat-mode-femme","9":"product_cat-nouvelle-collection","10":"pa_couleurs-noir","11":"pa_pointure-106","12":"pa_pointure-108","13":"pa_pointure-109","14":"pa_pointure-110","17":"first","18":"instock","19":"taxable","20":"shipping-taxable","21":"purchasable","22":"product-type-variable"},"yoast_head":"<!-- This site is optimized with the Yoast SEO plugin v27.5 - https:\/\/yoast.com\/product\/yoast-seo-wordpress\/ -->\n<title>Bottines Femme-similicuir-315012-VOG - Vog Tunisie<\/title>\n<meta name=\"robots\" content=\"index, follow, max-snippet:-1, max-image-preview:large, max-video-preview:-1\" \/>\n<link rel=\"canonical\" href=\"https:\/\/vog.com.tn\/?product=bottines-femme-similicuir-315012-vog\" \/>\n<meta property=\"og:locale\" content=\"fr_FR\" \/>\n<meta property=\"og:type\" content=\"article\" \/>\n<meta property=\"og:title\" content=\"Bottines Femme-similicuir-315012-VOG - Vog Tunisie\" \/>\n<meta property=\"og:description\" content=\"ente en ligne bottines pour femme.    Style moderne &amp; semelle \u00e9paisse.  Adopte un look tendance avec ces bottines \u00e0 semelle crant\u00e9e ultra styl\u00e9es.  Mod\u00e8le confortable, pratique avec fermeture lat\u00e9rale, et parfait pour un look chic ou d\u00e9contract\u00e9.  Id\u00e9al pour accompagner tes tenues d\u2019hiver : robes, jeans ou jupes\u00a0  Confort, stabilit\u00e9 et style r\u00e9unis dans une seule paire !  \u00a0Livraison \u00e0 domicile : 8 TND\u00a0D\u00e9lai de livraison : entre 24h et 48h\u00a0\u00c9change possible \u2013 frais de livraison uniquement pour le second colis (d\u00e9lai : 1 jour)\" \/>\n<meta property=\"og:url\" content=\"https:\/\/vog.com.tn\/?product=bottines-femme-similicuir-315012-vog\" \/>\n<meta property=\"og:site_name\" content=\"Vog Tunisie\" \/>\n<meta property=\"article:modified_time\" content=\"2025-12-22T10:49:29+00:00\" \/>\n<meta property=\"og:image\" content=\"https:\/\/vog.com.tn\/wp-content\/uploads\/2025\/12\/315012-noir-vog-2.jpg\" \/>\n\t<meta property=\"og:image:width\" content=\"572\" \/>\n\t<meta property=\"og:image:height\" content=\"800\" \/>\n\t<meta property=\"og:image:type\" content=\"image\/jpeg\" \/>\n<meta name=\"twitter:card\" content=\"summary_large_image\" \/>\n<script type=\"application\/ld+json\" class=\"yoast-schema-graph\">{\"@context\":\"https:\\\/\\\/schema.org\",\"@graph\":[{\"@type\":\"WebPage\",\"@id\":\"https:\\\/\\\/vog.com.tn\\\/?product=bottines-femme-similicuir-315012-vog\",\"url\":\"https:\\\/\\\/vog.com.tn\\\/?product=bottines-femme-similicuir-315012-vog\",\"name\":\"Bottines Femme-similicuir-315012-VOG - Vog Tunisie\",\"isPartOf\":{\"@id\":\"https:\\\/\\\/vog.com.tn\\\/#website\"},\"primaryImageOfPage\":{\"@id\":\"https:\\\/\\\/vog.com.tn\\\/?product=bottines-femme-similicuir-315012-vog#primaryimage\"},\"image\":{\"@id\":\"https:\\\/\\\/vog.com.tn\\\/?product=bottines-femme-similicuir-315012-vog#primaryimage\"},\"thumbnailUrl\":\"https:\\\/\\\/vog.com.tn\\\/wp-content\\\/uploads\\\/2025\\\/12\\\/315012-noir-vog-2.jpg\",\"datePublished\":\"2025-12-07T15:20:47+00:00\",\"dateModified\":\"2025-12-22T10:49:29+00:00\",\"breadcrumb\":{\"@id\":\"https:\\\/\\\/vog.com.tn\\\/?product=bottines-femme-similicuir-315012-vog#breadcrumb\"},\"inLanguage\":\"fr-FR\",\"potentialAction\":[{\"@type\":\"ReadAction\",\"target\":[\"https:\\\/\\\/vog.com.tn\\\/?product=bottines-femme-similicuir-315012-vog\"]}]},{\"@type\":\"ImageObject\",\"inLanguage\":\"fr-FR\",\"@id\":\"https:\\\/\\\/vog.com.tn\\\/?product=bottines-femme-similicuir-315012-vog#primaryimage\",\"url\":\"https:\\\/\\\/vog.com.tn\\\/wp-content\\\/uploads\\\/2025\\\/12\\\/315012-noir-vog-2.jpg\",\"contentUrl\":\"https:\\\/\\\/vog.com.tn\\\/wp-content\\\/uploads\\\/2025\\\/12\\\/315012-noir-vog-2.jpg\",\"width\":572,\"height\":800},{\"@type\":\"BreadcrumbList\",\"@id\":\"https:\\\/\\\/vog.com.tn\\\/?product=bottines-femme-similicuir-315012-vog#breadcrumb\",\"itemListElement\":[{\"@type\":\"ListItem\",\"position\":1,\"name\":\"Home\",\"item\":\"https:\\\/\\\/vog.com.tn\\\/\"},{\"@type\":\"ListItem\",\"position\":2,\"name\":\"Produits\",\"item\":\"https:\\\/\\\/vog.com.tn\\\/?page_id=8\"},{\"@type\":\"ListItem\",\"position\":3,\"name\":\"Bottines Femme-similicuir-315012-VOG\"}]},{\"@type\":\"WebSite\",\"@id\":\"https:\\\/\\\/vog.com.tn\\\/#website\",\"url\":\"https:\\\/\\\/vog.com.tn\\\/\",\"name\":\"Vog Tunisie\",\"description\":\"Pr\u00eat-\u00e0-porter\",\"potentialAction\":[{\"@type\":\"SearchAction\",\"target\":{\"@type\":\"EntryPoint\",\"urlTemplate\":\"https:\\\/\\\/vog.com.tn\\\/?s={search_term_string}\"},\"query-input\":{\"@type\":\"PropertyValueSpecification\",\"valueRequired\":true,\"valueName\":\"search_term_string\"}}],\"inLanguage\":\"fr-FR\"}]}<\/script>\n<!-- \/ Yoast SEO plugin. -->","yoast_head_json":{"title":"Bottines Femme-similicuir-315012-VOG - Vog Tunisie","robots":{"index":"index","follow":"follow","max-snippet":"max-snippet:-1","max-image-preview":"max-image-preview:large","max-video-preview":"max-video-preview:-1"},"canonical":"https:\/\/vog.com.tn\/?product=bottines-femme-similicuir-315012-vog","og_locale":"fr_FR","og_type":"article","og_title":"Bottines Femme-similicuir-315012-VOG - Vog Tunisie","og_description":"ente en ligne bottines pour femme.    Style moderne &amp; semelle \u00e9paisse.  Adopte un look tendance avec ces bottines \u00e0 semelle crant\u00e9e ultra styl\u00e9es.  Mod\u00e8le confortable, pratique avec fermeture lat\u00e9rale, et parfait pour un look chic ou d\u00e9contract\u00e9.  Id\u00e9al pour accompagner tes tenues d\u2019hiver : robes, jeans ou jupes\u00a0  Confort, stabilit\u00e9 et style r\u00e9unis dans une seule paire !  \u00a0Livraison \u00e0 domicile : 8 TND\u00a0D\u00e9lai de livraison : entre 24h et 48h\u00a0\u00c9change possible \u2013 frais de livraison uniquement pour le second colis (d\u00e9lai : 1 jour)","og_url":"https:\/\/vog.com.tn\/?product=bottines-femme-similicuir-315012-vog","og_site_name":"Vog Tunisie","article_modified_time":"2025-12-22T10:49:29+00:00","og_image":[{"width":572,"height":800,"url":"https:\/\/vog.com.tn\/wp-content\/uploads\/2025\/12\/315012-noir-vog-2.jpg","type":"image\/jpeg"}],"twitter_card":"summary_large_image","schema":{"@context":"https:\/\/schema.org","@graph":[{"@type":"WebPage","@id":"https:\/\/vog.com.tn\/?product=bottines-femme-similicuir-315012-vog","url":"https:\/\/vog.com.tn\/?product=bottines-femme-similicuir-315012-vog","name":"Bottines Femme-similicuir-315012-VOG - Vog Tunisie","isPartOf":{"@id":"https:\/\/vog.com.tn\/#website"},"primaryImageOfPage":{"@id":"https:\/\/vog.com.tn\/?product=bottines-femme-similicuir-315012-vog#primaryimage"},"image":{"@id":"https:\/\/vog.com.tn\/?product=bottines-femme-similicuir-315012-vog#primaryimage"},"thumbnailUrl":"https:\/\/vog.com.tn\/wp-content\/uploads\/2025\/12\/315012-noir-vog-2.jpg","datePublished":"2025-12-07T15:20:47+00:00","dateModified":"2025-12-22T10:49:29+00:00","breadcrumb":{"@id":"https:\/\/vog.com.tn\/?product=bottines-femme-similicuir-315012-vog#breadcrumb"},"inLanguage":"fr-FR","potentialAction":[{"@type":"ReadAction","target":["https:\/\/vog.com.tn\/?product=bottines-femme-similicuir-315012-vog"]}]},{"@type":"ImageObject","inLanguage":"fr-FR","@id":"https:\/\/vog.com.tn\/?product=bottines-femme-similicuir-315012-vog#primaryimage","url":"https:\/\/vog.com.tn\/wp-content\/uploads\/2025\/12\/315012-noir-vog-2.jpg","contentUrl":"https:\/\/vog.com.tn\/wp-content\/uploads\/2025\/12\/315012-noir-vog-2.jpg","width":572,"height":800},{"@type":"BreadcrumbList","@id":"https:\/\/vog.com.tn\/?product=bottines-femme-similicuir-315012-vog#breadcrumb","itemListElement":[{"@type":"ListItem","position":1,"name":"Home","item":"https:\/\/vog.com.tn\/"},{"@type":"ListItem","position":2,"name":"Produits","item":"https:\/\/vog.com.tn\/?page_id=8"},{"@type":"ListItem","position":3,"name":"Bottines Femme-similicuir-315012-VOG"}]},{"@type":"WebSite","@id":"https:\/\/vog.com.tn\/#website","url":"https:\/\/vog.com.tn\/","name":"Vog Tunisie","description":"Pr\u00eat-\u00e0-porter","potentialAction":[{"@type":"SearchAction","target":{"@type":"EntryPoint","urlTemplate":"https:\/\/vog.com.tn\/?s={search_term_string}"},"query-input":{"@type":"PropertyValueSpecification","valueRequired":true,"valueName":"search_term_string"}}],"inLanguage":"fr-FR"}]}},"_links":{"self":[{"href":"https:\/\/vog.com.tn\/index.php?rest_route=\/wp\/v2\/product\/106024","targetHints":{"allow":["GET"]}}],"collection":[{"href":"https:\/\/vog.com.tn\/index.php?rest_route=\/wp\/v2\/product"}],"about":[{"href":"https:\/\/vog.com.tn\/index.php?rest_route=\/wp\/v2\/types\/product"}],"wp:featuredmedia":[{"embeddable":true,"href":"https:\/\/vog.com.tn\/index.php?rest_route=\/wp\/v2\/media\/106031"}],"wp:attachment":[{"href":"https:\/\/vog.com.tn\/index.php?rest_route=%2Fwp%2Fv2%2Fmedia&parent=106024"}],"wp:term":[{"taxonomy":"product_brand","embeddable":true,"href":"https:\/\/vog.com.tn\/index.php?rest_route=%2Fwp%2Fv2%2Fproduct_brand&post=106024"},{"taxonomy":"product_cat","embeddable":true,"href":"https:\/\/vog.com.tn\/index.php?rest_route=%2Fwp%2Fv2%2Fproduct_cat&post=106024"},{"taxonomy":"product_tag","embeddable":true,"href":"https:\/\/vog.com.tn\/index.php?rest_route=%2Fwp%2Fv2%2Fproduct_tag&post=106024"}],"curies":[{"name":"wp","href":"https:\/\/api.w.org\/{rel}","templated":true}]}}