{"id":107699,"date":"2025-12-19T12:13:50","date_gmt":"2025-12-19T11:13:50","guid":{"rendered":"https:\/\/vog.com.tn\/?post_type=product&#038;p=107699"},"modified":"2026-01-09T08:34:37","modified_gmt":"2026-01-09T07:34:37","slug":"jupe-femme-313511-vog","status":"publish","type":"product","link":"https:\/\/vog.com.tn\/?product=jupe-femme-313511-vog","title":{"rendered":"Jupe Femme-313511-VOG"},"content":{"rendered":"<div class=\"woocommerce-tabs wc-tabs-wrapper\">\n<div id=\"tab-description\" class=\"woocommerce-Tabs-panel woocommerce-Tabs-panel--description panel entry-content wc-tab\" role=\"tabpanel\" aria-labelledby=\"tab-title-description\">\n<p>VOG met en vente en ligne des jupes en Tunisie. Qu\u2019il s\u2019agisse de mod\u00e8les ajust\u00e9s ou \u00e9vas\u00e9s, nous vous proposons tous les styles, couleurs et imprim\u00e9s pour les jupes de la saison. Que vous cherchiez une jupe crayon \u00e9l\u00e9gante pour le travail ou une jupe fluide pour \u00eatre \u00e0 l\u2019aise le week-end, trouvez la jupe id\u00e9ale pour chaque occasion dans notre collection<\/p>\n<\/div>\n<\/div>\n","protected":false},"excerpt":{"rendered":"<p><strong>Vente en ligne jupe pour femme.<\/strong><\/p>\n<ul>\n<li>\n<p data-path-to-node=\"3,0,0\"><b data-path-to-node=\"3,0,0\" data-index-in-node=\"0\">Style :<\/b> Jupe courte avec un plissage large et structur\u00e9 pour un joli mouvement.<\/p>\n<\/li>\n<li>\n<p data-path-to-node=\"3,1,0\"><b data-path-to-node=\"3,1,0\" data-index-in-node=\"0\">Coupe :<\/b> Taille haute flatteuse qui s&rsquo;\u00e9vase d\u00e9licatement.<\/p>\n<\/li>\n<li>\n<p data-path-to-node=\"3,2,0\"><b data-path-to-node=\"3,2,0\" data-index-in-node=\"0\">D\u00e9tail :<\/b> Passants pr\u00e9vus \u00e0 la taille pour personnaliser votre look.<\/p>\n<\/li>\n<li>\n<p data-path-to-node=\"3,3,0\"><b data-path-to-node=\"3,3,0\" data-index-in-node=\"0\">Look :<\/b> Id\u00e9ale avec des bottes hautes et un pull en maille pour un style tendance cet hiver.<\/p>\n<\/li>\n<\/ul>\n<p data-path-to-node=\"6,0,0\"><b data-path-to-node=\"6,0,0\" data-index-in-node=\"0\">\ud83d\ude9a Livraison \u00e0 Domicile :<\/b> 8 TND<\/p>\n<p data-path-to-node=\"6,1,0\"><b data-path-to-node=\"6,1,0\" data-index-in-node=\"0\">\u23f1\ufe0f D\u00e9lai :<\/b> 2 \u00e0 3 jours ouvrables<\/p>\n<p data-path-to-node=\"6,2,0\"><b data-path-to-node=\"6,2,0\" data-index-in-node=\"0\">\ud83d\udd01 \u00c9change :<\/b> Possible (vous payez seulement les frais de livraison retour).<\/p>\n<p>&nbsp;<\/p>\n","protected":false},"featured_media":107710,"template":"","meta":[],"product_brand":[],"product_cat":[413,137,360],"product_tag":[],"class_list":{"0":"post-107699","1":"product","2":"type-product","3":"status-publish","4":"has-post-thumbnail","6":"product_cat-jupe","7":"product_cat-mode-femme","8":"product_cat-nouvelle-collection","9":"pa_couleurs-beige","10":"pa_couleurs-bordeaux","11":"pa_couleurs-gris","12":"pa_couleurs-noir","13":"pa_couleurs-taupe","14":"pa_taille-tu","17":"first","18":"outofstock","19":"taxable","20":"shipping-taxable","21":"product-type-variable"},"yoast_head":"<!-- This site is optimized with the Yoast SEO plugin v27.5 - https:\/\/yoast.com\/product\/yoast-seo-wordpress\/ -->\n<title>Jupe Femme-313511-VOG - Vog Tunisie<\/title>\n<meta name=\"robots\" content=\"index, follow, max-snippet:-1, max-image-preview:large, max-video-preview:-1\" \/>\n<link rel=\"canonical\" href=\"https:\/\/vog.com.tn\/?product=jupe-femme-313511-vog\" \/>\n<meta property=\"og:locale\" content=\"fr_FR\" \/>\n<meta property=\"og:type\" content=\"article\" \/>\n<meta property=\"og:title\" content=\"Jupe Femme-313511-VOG - Vog Tunisie\" \/>\n<meta property=\"og:description\" content=\"Vente en ligne jupe pour femme.    Style : Jupe courte avec un plissage large et structur\u00e9 pour un joli mouvement.    Coupe : Taille haute flatteuse qui s&#039;\u00e9vase d\u00e9licatement.    D\u00e9tail : Passants pr\u00e9vus \u00e0 la taille pour personnaliser votre look.    Look : Id\u00e9ale avec des bottes hautes et un pull en maille pour un style tendance cet hiver.   \ud83d\ude9a Livraison \u00e0 Domicile : 8 TND \u23f1\ufe0f D\u00e9lai : 2 \u00e0 3 jours ouvrables \ud83d\udd01 \u00c9change : Possible (vous payez seulement les frais de livraison retour). &nbsp;\" \/>\n<meta property=\"og:url\" content=\"https:\/\/vog.com.tn\/?product=jupe-femme-313511-vog\" \/>\n<meta property=\"og:site_name\" content=\"Vog Tunisie\" \/>\n<meta property=\"article:modified_time\" content=\"2026-01-09T07:34:37+00:00\" \/>\n<meta property=\"og:image\" content=\"https:\/\/vog.com.tn\/wp-content\/uploads\/2025\/12\/313511-noir-vog.png\" \/>\n\t<meta property=\"og:image:width\" content=\"572\" \/>\n\t<meta property=\"og:image:height\" content=\"800\" \/>\n\t<meta property=\"og:image:type\" content=\"image\/png\" \/>\n<meta name=\"twitter:card\" content=\"summary_large_image\" \/>\n<meta name=\"twitter:label1\" content=\"Dur\u00e9e de lecture estim\u00e9e\" \/>\n\t<meta name=\"twitter:data1\" content=\"1 minute\" \/>\n<script type=\"application\/ld+json\" class=\"yoast-schema-graph\">{\"@context\":\"https:\\\/\\\/schema.org\",\"@graph\":[{\"@type\":\"WebPage\",\"@id\":\"https:\\\/\\\/vog.com.tn\\\/?product=jupe-femme-313511-vog\",\"url\":\"https:\\\/\\\/vog.com.tn\\\/?product=jupe-femme-313511-vog\",\"name\":\"Jupe Femme-313511-VOG - Vog Tunisie\",\"isPartOf\":{\"@id\":\"https:\\\/\\\/vog.com.tn\\\/#website\"},\"primaryImageOfPage\":{\"@id\":\"https:\\\/\\\/vog.com.tn\\\/?product=jupe-femme-313511-vog#primaryimage\"},\"image\":{\"@id\":\"https:\\\/\\\/vog.com.tn\\\/?product=jupe-femme-313511-vog#primaryimage\"},\"thumbnailUrl\":\"https:\\\/\\\/vog.com.tn\\\/wp-content\\\/uploads\\\/2025\\\/12\\\/313511-noir-vog.png\",\"datePublished\":\"2025-12-19T11:13:50+00:00\",\"dateModified\":\"2026-01-09T07:34:37+00:00\",\"breadcrumb\":{\"@id\":\"https:\\\/\\\/vog.com.tn\\\/?product=jupe-femme-313511-vog#breadcrumb\"},\"inLanguage\":\"fr-FR\",\"potentialAction\":[{\"@type\":\"ReadAction\",\"target\":[\"https:\\\/\\\/vog.com.tn\\\/?product=jupe-femme-313511-vog\"]}]},{\"@type\":\"ImageObject\",\"inLanguage\":\"fr-FR\",\"@id\":\"https:\\\/\\\/vog.com.tn\\\/?product=jupe-femme-313511-vog#primaryimage\",\"url\":\"https:\\\/\\\/vog.com.tn\\\/wp-content\\\/uploads\\\/2025\\\/12\\\/313511-noir-vog.png\",\"contentUrl\":\"https:\\\/\\\/vog.com.tn\\\/wp-content\\\/uploads\\\/2025\\\/12\\\/313511-noir-vog.png\",\"width\":572,\"height\":800},{\"@type\":\"BreadcrumbList\",\"@id\":\"https:\\\/\\\/vog.com.tn\\\/?product=jupe-femme-313511-vog#breadcrumb\",\"itemListElement\":[{\"@type\":\"ListItem\",\"position\":1,\"name\":\"Home\",\"item\":\"https:\\\/\\\/vog.com.tn\\\/\"},{\"@type\":\"ListItem\",\"position\":2,\"name\":\"Produits\",\"item\":\"https:\\\/\\\/vog.com.tn\\\/?page_id=8\"},{\"@type\":\"ListItem\",\"position\":3,\"name\":\"Jupe Femme-313511-VOG\"}]},{\"@type\":\"WebSite\",\"@id\":\"https:\\\/\\\/vog.com.tn\\\/#website\",\"url\":\"https:\\\/\\\/vog.com.tn\\\/\",\"name\":\"Vog Tunisie\",\"description\":\"Pr\u00eat-\u00e0-porter\",\"potentialAction\":[{\"@type\":\"SearchAction\",\"target\":{\"@type\":\"EntryPoint\",\"urlTemplate\":\"https:\\\/\\\/vog.com.tn\\\/?s={search_term_string}\"},\"query-input\":{\"@type\":\"PropertyValueSpecification\",\"valueRequired\":true,\"valueName\":\"search_term_string\"}}],\"inLanguage\":\"fr-FR\"}]}<\/script>\n<!-- \/ Yoast SEO plugin. -->","yoast_head_json":{"title":"Jupe Femme-313511-VOG - Vog Tunisie","robots":{"index":"index","follow":"follow","max-snippet":"max-snippet:-1","max-image-preview":"max-image-preview:large","max-video-preview":"max-video-preview:-1"},"canonical":"https:\/\/vog.com.tn\/?product=jupe-femme-313511-vog","og_locale":"fr_FR","og_type":"article","og_title":"Jupe Femme-313511-VOG - Vog Tunisie","og_description":"Vente en ligne jupe pour femme.    Style : Jupe courte avec un plissage large et structur\u00e9 pour un joli mouvement.    Coupe : Taille haute flatteuse qui s'\u00e9vase d\u00e9licatement.    D\u00e9tail : Passants pr\u00e9vus \u00e0 la taille pour personnaliser votre look.    Look : Id\u00e9ale avec des bottes hautes et un pull en maille pour un style tendance cet hiver.   \ud83d\ude9a Livraison \u00e0 Domicile : 8 TND \u23f1\ufe0f D\u00e9lai : 2 \u00e0 3 jours ouvrables \ud83d\udd01 \u00c9change : Possible (vous payez seulement les frais de livraison retour). &nbsp;","og_url":"https:\/\/vog.com.tn\/?product=jupe-femme-313511-vog","og_site_name":"Vog Tunisie","article_modified_time":"2026-01-09T07:34:37+00:00","og_image":[{"width":572,"height":800,"url":"https:\/\/vog.com.tn\/wp-content\/uploads\/2025\/12\/313511-noir-vog.png","type":"image\/png"}],"twitter_card":"summary_large_image","twitter_misc":{"Dur\u00e9e de lecture estim\u00e9e":"1 minute"},"schema":{"@context":"https:\/\/schema.org","@graph":[{"@type":"WebPage","@id":"https:\/\/vog.com.tn\/?product=jupe-femme-313511-vog","url":"https:\/\/vog.com.tn\/?product=jupe-femme-313511-vog","name":"Jupe Femme-313511-VOG - Vog Tunisie","isPartOf":{"@id":"https:\/\/vog.com.tn\/#website"},"primaryImageOfPage":{"@id":"https:\/\/vog.com.tn\/?product=jupe-femme-313511-vog#primaryimage"},"image":{"@id":"https:\/\/vog.com.tn\/?product=jupe-femme-313511-vog#primaryimage"},"thumbnailUrl":"https:\/\/vog.com.tn\/wp-content\/uploads\/2025\/12\/313511-noir-vog.png","datePublished":"2025-12-19T11:13:50+00:00","dateModified":"2026-01-09T07:34:37+00:00","breadcrumb":{"@id":"https:\/\/vog.com.tn\/?product=jupe-femme-313511-vog#breadcrumb"},"inLanguage":"fr-FR","potentialAction":[{"@type":"ReadAction","target":["https:\/\/vog.com.tn\/?product=jupe-femme-313511-vog"]}]},{"@type":"ImageObject","inLanguage":"fr-FR","@id":"https:\/\/vog.com.tn\/?product=jupe-femme-313511-vog#primaryimage","url":"https:\/\/vog.com.tn\/wp-content\/uploads\/2025\/12\/313511-noir-vog.png","contentUrl":"https:\/\/vog.com.tn\/wp-content\/uploads\/2025\/12\/313511-noir-vog.png","width":572,"height":800},{"@type":"BreadcrumbList","@id":"https:\/\/vog.com.tn\/?product=jupe-femme-313511-vog#breadcrumb","itemListElement":[{"@type":"ListItem","position":1,"name":"Home","item":"https:\/\/vog.com.tn\/"},{"@type":"ListItem","position":2,"name":"Produits","item":"https:\/\/vog.com.tn\/?page_id=8"},{"@type":"ListItem","position":3,"name":"Jupe Femme-313511-VOG"}]},{"@type":"WebSite","@id":"https:\/\/vog.com.tn\/#website","url":"https:\/\/vog.com.tn\/","name":"Vog Tunisie","description":"Pr\u00eat-\u00e0-porter","potentialAction":[{"@type":"SearchAction","target":{"@type":"EntryPoint","urlTemplate":"https:\/\/vog.com.tn\/?s={search_term_string}"},"query-input":{"@type":"PropertyValueSpecification","valueRequired":true,"valueName":"search_term_string"}}],"inLanguage":"fr-FR"}]}},"_links":{"self":[{"href":"https:\/\/vog.com.tn\/index.php?rest_route=\/wp\/v2\/product\/107699","targetHints":{"allow":["GET"]}}],"collection":[{"href":"https:\/\/vog.com.tn\/index.php?rest_route=\/wp\/v2\/product"}],"about":[{"href":"https:\/\/vog.com.tn\/index.php?rest_route=\/wp\/v2\/types\/product"}],"wp:featuredmedia":[{"embeddable":true,"href":"https:\/\/vog.com.tn\/index.php?rest_route=\/wp\/v2\/media\/107710"}],"wp:attachment":[{"href":"https:\/\/vog.com.tn\/index.php?rest_route=%2Fwp%2Fv2%2Fmedia&parent=107699"}],"wp:term":[{"taxonomy":"product_brand","embeddable":true,"href":"https:\/\/vog.com.tn\/index.php?rest_route=%2Fwp%2Fv2%2Fproduct_brand&post=107699"},{"taxonomy":"product_cat","embeddable":true,"href":"https:\/\/vog.com.tn\/index.php?rest_route=%2Fwp%2Fv2%2Fproduct_cat&post=107699"},{"taxonomy":"product_tag","embeddable":true,"href":"https:\/\/vog.com.tn\/index.php?rest_route=%2Fwp%2Fv2%2Fproduct_tag&post=107699"}],"curies":[{"name":"wp","href":"https:\/\/api.w.org\/{rel}","templated":true}]}}