{"id":107930,"date":"2025-12-19T16:55:24","date_gmt":"2025-12-19T15:55:24","guid":{"rendered":"https:\/\/vog.com.tn\/?post_type=product&#038;p=107930"},"modified":"2026-03-18T11:12:05","modified_gmt":"2026-03-18T10:12:05","slug":"gilet-femme-312330-vog","status":"publish","type":"product","link":"https:\/\/vog.com.tn\/?product=gilet-femme-312330-vog","title":{"rendered":"Gilet Femme-312330-VOG"},"content":{"rendered":"<p>Vog met en vente en ligne des gilet pour femme en Tunisie. Pr\u00e9parez-vous au froid tout en restant \u00e9l\u00e9gante gr\u00e2ce \u00e0 nos cardigans modernes et confortables. Parfaits pour affronter l\u2019automne et l\u2019hiver, ils sont con\u00e7us pour vous tenir bien au chaud tout en ajoutant une touche tendance \u00e0 vos tenues. Adoptez ce gilet chic et pratique pour traverser la saison avec style et confort.<\/p>\n","protected":false},"excerpt":{"rendered":"<p><strong>Vente en ligne gilet pour femme.<\/strong><\/p>\n<ul>\n<li data-start=\"142\" data-end=\"251\">\n<p data-start=\"144\" data-end=\"251\"><strong data-start=\"144\" data-end=\"155\">Coupe :<\/strong> Coupe droite l\u00e9g\u00e8rement ajust\u00e9e, mettant en valeur la silhouette tout en restant confortable.<\/p>\n<\/li>\n<li data-start=\"252\" data-end=\"332\">\n<p data-start=\"254\" data-end=\"332\"><strong data-start=\"254\" data-end=\"263\">Col :<\/strong> Col chemise contrast\u00e9, apportant une touche \u00e9l\u00e9gante et originale.<\/p>\n<\/li>\n<li data-start=\"333\" data-end=\"429\">\n<p data-start=\"335\" data-end=\"429\"><strong data-start=\"335\" data-end=\"348\">D\u00e9tails :<\/strong> Fermeture boutonn\u00e9e sur le devant avec boutons d\u00e9coratifs, finitions soign\u00e9es.<\/p>\n<\/li>\n<li data-start=\"430\" data-end=\"525\">\n<p data-start=\"432\" data-end=\"525\"><strong data-start=\"432\" data-end=\"443\">Tissu :<\/strong> Maille douce et chaude, agr\u00e9able \u00e0 porter, id\u00e9ale pour la saison automne-hiver.<\/p>\n<\/li>\n<li data-start=\"526\" data-end=\"616\">\n<p data-start=\"528\" data-end=\"616\"><strong data-start=\"528\" data-end=\"539\">Style :<\/strong> Chic et moderne, parfait pour un look casual \u00e9l\u00e9gant ou une tenue de bureau.<\/p>\n<\/li>\n<\/ul>\n<p data-path-to-node=\"5,0,0\">\ud83d\ude9a <b>Livraison \u00e0 domicile :<\/b> 8 TND<\/p>\n<p data-path-to-node=\"5,1,0\">\u23f1\ufe0f <b>D\u00e9lai :<\/b> 2 \u00e0 3 jours ouvrables<\/p>\n<p data-path-to-node=\"5,2,0\">\ud83d\udd01 <b>\u00c9change :<\/b> Possible (vous payez seulement les frais de livraison retour)<\/p>\n<p>&nbsp;<\/p>\n","protected":false},"featured_media":107939,"template":"","meta":[],"product_brand":[],"product_cat":[398,397,137,360],"product_tag":[],"class_list":{"0":"post-107930","1":"product","2":"type-product","3":"status-publish","4":"has-post-thumbnail","6":"product_cat-gilet-mode-femme","7":"product_cat-gilet","8":"product_cat-mode-femme","9":"product_cat-nouvelle-collection","10":"pa_couleurs-beige","11":"pa_couleurs-choco","12":"pa_couleurs-taupe","13":"pa_taille-tu","16":"first","17":"instock","18":"taxable","19":"shipping-taxable","20":"purchasable","21":"product-type-variable"},"yoast_head":"<!-- This site is optimized with the Yoast SEO plugin v27.5 - https:\/\/yoast.com\/product\/yoast-seo-wordpress\/ -->\n<title>Gilet Femme-312330-VOG - Vog Tunisie<\/title>\n<meta name=\"robots\" content=\"index, follow, max-snippet:-1, max-image-preview:large, max-video-preview:-1\" \/>\n<link rel=\"canonical\" href=\"https:\/\/vog.com.tn\/?product=gilet-femme-312330-vog\" \/>\n<meta property=\"og:locale\" content=\"fr_FR\" \/>\n<meta property=\"og:type\" content=\"article\" \/>\n<meta property=\"og:title\" content=\"Gilet Femme-312330-VOG - Vog Tunisie\" \/>\n<meta property=\"og:description\" content=\"Vente en ligne gilet pour femme.    Coupe : Coupe droite l\u00e9g\u00e8rement ajust\u00e9e, mettant en valeur la silhouette tout en restant confortable.    Col : Col chemise contrast\u00e9, apportant une touche \u00e9l\u00e9gante et originale.    D\u00e9tails : Fermeture boutonn\u00e9e sur le devant avec boutons d\u00e9coratifs, finitions soign\u00e9es.    Tissu : Maille douce et chaude, agr\u00e9able \u00e0 porter, id\u00e9ale pour la saison automne-hiver.    Style : Chic et moderne, parfait pour un look casual \u00e9l\u00e9gant ou une tenue de bureau.   \ud83d\ude9a Livraison \u00e0 domicile : 8 TND \u23f1\ufe0f D\u00e9lai : 2 \u00e0 3 jours ouvrables \ud83d\udd01 \u00c9change : Possible (vous payez seulement les frais de livraison retour) &nbsp;\" \/>\n<meta property=\"og:url\" content=\"https:\/\/vog.com.tn\/?product=gilet-femme-312330-vog\" \/>\n<meta property=\"og:site_name\" content=\"Vog Tunisie\" \/>\n<meta property=\"article:modified_time\" content=\"2026-03-18T10:12:05+00:00\" \/>\n<meta property=\"og:image\" content=\"https:\/\/vog.com.tn\/wp-content\/uploads\/2025\/12\/312330-taupe-vog-1.jpg\" \/>\n\t<meta property=\"og:image:width\" content=\"572\" \/>\n\t<meta property=\"og:image:height\" content=\"800\" \/>\n\t<meta property=\"og:image:type\" content=\"image\/jpeg\" \/>\n<meta name=\"twitter:card\" content=\"summary_large_image\" \/>\n<meta name=\"twitter:label1\" content=\"Dur\u00e9e de lecture estim\u00e9e\" \/>\n\t<meta name=\"twitter:data1\" content=\"1 minute\" \/>\n<script type=\"application\/ld+json\" class=\"yoast-schema-graph\">{\"@context\":\"https:\\\/\\\/schema.org\",\"@graph\":[{\"@type\":\"WebPage\",\"@id\":\"https:\\\/\\\/vog.com.tn\\\/?product=gilet-femme-312330-vog\",\"url\":\"https:\\\/\\\/vog.com.tn\\\/?product=gilet-femme-312330-vog\",\"name\":\"Gilet Femme-312330-VOG - Vog Tunisie\",\"isPartOf\":{\"@id\":\"https:\\\/\\\/vog.com.tn\\\/#website\"},\"primaryImageOfPage\":{\"@id\":\"https:\\\/\\\/vog.com.tn\\\/?product=gilet-femme-312330-vog#primaryimage\"},\"image\":{\"@id\":\"https:\\\/\\\/vog.com.tn\\\/?product=gilet-femme-312330-vog#primaryimage\"},\"thumbnailUrl\":\"https:\\\/\\\/vog.com.tn\\\/wp-content\\\/uploads\\\/2025\\\/12\\\/312330-taupe-vog-1.jpg\",\"datePublished\":\"2025-12-19T15:55:24+00:00\",\"dateModified\":\"2026-03-18T10:12:05+00:00\",\"breadcrumb\":{\"@id\":\"https:\\\/\\\/vog.com.tn\\\/?product=gilet-femme-312330-vog#breadcrumb\"},\"inLanguage\":\"fr-FR\",\"potentialAction\":[{\"@type\":\"ReadAction\",\"target\":[\"https:\\\/\\\/vog.com.tn\\\/?product=gilet-femme-312330-vog\"]}]},{\"@type\":\"ImageObject\",\"inLanguage\":\"fr-FR\",\"@id\":\"https:\\\/\\\/vog.com.tn\\\/?product=gilet-femme-312330-vog#primaryimage\",\"url\":\"https:\\\/\\\/vog.com.tn\\\/wp-content\\\/uploads\\\/2025\\\/12\\\/312330-taupe-vog-1.jpg\",\"contentUrl\":\"https:\\\/\\\/vog.com.tn\\\/wp-content\\\/uploads\\\/2025\\\/12\\\/312330-taupe-vog-1.jpg\",\"width\":572,\"height\":800},{\"@type\":\"BreadcrumbList\",\"@id\":\"https:\\\/\\\/vog.com.tn\\\/?product=gilet-femme-312330-vog#breadcrumb\",\"itemListElement\":[{\"@type\":\"ListItem\",\"position\":1,\"name\":\"Home\",\"item\":\"https:\\\/\\\/vog.com.tn\\\/\"},{\"@type\":\"ListItem\",\"position\":2,\"name\":\"Produits\",\"item\":\"https:\\\/\\\/vog.com.tn\\\/?page_id=8\"},{\"@type\":\"ListItem\",\"position\":3,\"name\":\"Gilet Femme-312330-VOG\"}]},{\"@type\":\"WebSite\",\"@id\":\"https:\\\/\\\/vog.com.tn\\\/#website\",\"url\":\"https:\\\/\\\/vog.com.tn\\\/\",\"name\":\"Vog Tunisie\",\"description\":\"Pr\u00eat-\u00e0-porter\",\"potentialAction\":[{\"@type\":\"SearchAction\",\"target\":{\"@type\":\"EntryPoint\",\"urlTemplate\":\"https:\\\/\\\/vog.com.tn\\\/?s={search_term_string}\"},\"query-input\":{\"@type\":\"PropertyValueSpecification\",\"valueRequired\":true,\"valueName\":\"search_term_string\"}}],\"inLanguage\":\"fr-FR\"}]}<\/script>\n<!-- \/ Yoast SEO plugin. -->","yoast_head_json":{"title":"Gilet Femme-312330-VOG - Vog Tunisie","robots":{"index":"index","follow":"follow","max-snippet":"max-snippet:-1","max-image-preview":"max-image-preview:large","max-video-preview":"max-video-preview:-1"},"canonical":"https:\/\/vog.com.tn\/?product=gilet-femme-312330-vog","og_locale":"fr_FR","og_type":"article","og_title":"Gilet Femme-312330-VOG - Vog Tunisie","og_description":"Vente en ligne gilet pour femme.    Coupe : Coupe droite l\u00e9g\u00e8rement ajust\u00e9e, mettant en valeur la silhouette tout en restant confortable.    Col : Col chemise contrast\u00e9, apportant une touche \u00e9l\u00e9gante et originale.    D\u00e9tails : Fermeture boutonn\u00e9e sur le devant avec boutons d\u00e9coratifs, finitions soign\u00e9es.    Tissu : Maille douce et chaude, agr\u00e9able \u00e0 porter, id\u00e9ale pour la saison automne-hiver.    Style : Chic et moderne, parfait pour un look casual \u00e9l\u00e9gant ou une tenue de bureau.   \ud83d\ude9a Livraison \u00e0 domicile : 8 TND \u23f1\ufe0f D\u00e9lai : 2 \u00e0 3 jours ouvrables \ud83d\udd01 \u00c9change : Possible (vous payez seulement les frais de livraison retour) &nbsp;","og_url":"https:\/\/vog.com.tn\/?product=gilet-femme-312330-vog","og_site_name":"Vog Tunisie","article_modified_time":"2026-03-18T10:12:05+00:00","og_image":[{"width":572,"height":800,"url":"https:\/\/vog.com.tn\/wp-content\/uploads\/2025\/12\/312330-taupe-vog-1.jpg","type":"image\/jpeg"}],"twitter_card":"summary_large_image","twitter_misc":{"Dur\u00e9e de lecture estim\u00e9e":"1 minute"},"schema":{"@context":"https:\/\/schema.org","@graph":[{"@type":"WebPage","@id":"https:\/\/vog.com.tn\/?product=gilet-femme-312330-vog","url":"https:\/\/vog.com.tn\/?product=gilet-femme-312330-vog","name":"Gilet Femme-312330-VOG - Vog Tunisie","isPartOf":{"@id":"https:\/\/vog.com.tn\/#website"},"primaryImageOfPage":{"@id":"https:\/\/vog.com.tn\/?product=gilet-femme-312330-vog#primaryimage"},"image":{"@id":"https:\/\/vog.com.tn\/?product=gilet-femme-312330-vog#primaryimage"},"thumbnailUrl":"https:\/\/vog.com.tn\/wp-content\/uploads\/2025\/12\/312330-taupe-vog-1.jpg","datePublished":"2025-12-19T15:55:24+00:00","dateModified":"2026-03-18T10:12:05+00:00","breadcrumb":{"@id":"https:\/\/vog.com.tn\/?product=gilet-femme-312330-vog#breadcrumb"},"inLanguage":"fr-FR","potentialAction":[{"@type":"ReadAction","target":["https:\/\/vog.com.tn\/?product=gilet-femme-312330-vog"]}]},{"@type":"ImageObject","inLanguage":"fr-FR","@id":"https:\/\/vog.com.tn\/?product=gilet-femme-312330-vog#primaryimage","url":"https:\/\/vog.com.tn\/wp-content\/uploads\/2025\/12\/312330-taupe-vog-1.jpg","contentUrl":"https:\/\/vog.com.tn\/wp-content\/uploads\/2025\/12\/312330-taupe-vog-1.jpg","width":572,"height":800},{"@type":"BreadcrumbList","@id":"https:\/\/vog.com.tn\/?product=gilet-femme-312330-vog#breadcrumb","itemListElement":[{"@type":"ListItem","position":1,"name":"Home","item":"https:\/\/vog.com.tn\/"},{"@type":"ListItem","position":2,"name":"Produits","item":"https:\/\/vog.com.tn\/?page_id=8"},{"@type":"ListItem","position":3,"name":"Gilet Femme-312330-VOG"}]},{"@type":"WebSite","@id":"https:\/\/vog.com.tn\/#website","url":"https:\/\/vog.com.tn\/","name":"Vog Tunisie","description":"Pr\u00eat-\u00e0-porter","potentialAction":[{"@type":"SearchAction","target":{"@type":"EntryPoint","urlTemplate":"https:\/\/vog.com.tn\/?s={search_term_string}"},"query-input":{"@type":"PropertyValueSpecification","valueRequired":true,"valueName":"search_term_string"}}],"inLanguage":"fr-FR"}]}},"_links":{"self":[{"href":"https:\/\/vog.com.tn\/index.php?rest_route=\/wp\/v2\/product\/107930","targetHints":{"allow":["GET"]}}],"collection":[{"href":"https:\/\/vog.com.tn\/index.php?rest_route=\/wp\/v2\/product"}],"about":[{"href":"https:\/\/vog.com.tn\/index.php?rest_route=\/wp\/v2\/types\/product"}],"wp:featuredmedia":[{"embeddable":true,"href":"https:\/\/vog.com.tn\/index.php?rest_route=\/wp\/v2\/media\/107939"}],"wp:attachment":[{"href":"https:\/\/vog.com.tn\/index.php?rest_route=%2Fwp%2Fv2%2Fmedia&parent=107930"}],"wp:term":[{"taxonomy":"product_brand","embeddable":true,"href":"https:\/\/vog.com.tn\/index.php?rest_route=%2Fwp%2Fv2%2Fproduct_brand&post=107930"},{"taxonomy":"product_cat","embeddable":true,"href":"https:\/\/vog.com.tn\/index.php?rest_route=%2Fwp%2Fv2%2Fproduct_cat&post=107930"},{"taxonomy":"product_tag","embeddable":true,"href":"https:\/\/vog.com.tn\/index.php?rest_route=%2Fwp%2Fv2%2Fproduct_tag&post=107930"}],"curies":[{"name":"wp","href":"https:\/\/api.w.org\/{rel}","templated":true}]}}