{"id":110843,"date":"2026-01-04T10:57:08","date_gmt":"2026-01-04T09:57:08","guid":{"rendered":"https:\/\/vog.com.tn\/?post_type=product&#038;p=110843"},"modified":"2026-04-26T12:12:21","modified_gmt":"2026-04-26T10:12:21","slug":"pantalon-style-legging-313250-vog","status":"publish","type":"product","link":"https:\/\/vog.com.tn\/?product=pantalon-style-legging-313250-vog","title":{"rendered":"Pantalon style Legging\u2013313250\u2013 VOG"},"content":{"rendered":"<p>VOG met en vente en ligne en Tunisie des pantalons et leggings confortables et polyvalents, id\u00e9als pour le quotidien. Ils s\u2019adaptent facilement \u00e0 tous les styles et conviennent \u00e0 toutes les occasions.<\/p>\n","protected":false},"excerpt":{"rendered":"<p><strong>Vente en ligne pantalon style Legging pour femme.<\/strong><\/p>\n<ul>\n<li>\n<p data-path-to-node=\"2,0,0\"><b data-path-to-node=\"2,0,0\" data-index-in-node=\"0\">Coupe<\/b> : un mod\u00e8le \u00e0 la coupe flare, ajust\u00e9 au niveau des cuisses et s&rsquo;\u00e9vasant l\u00e9g\u00e8rement \u00e0 partir des genoux pour une silhouette \u00e9lanc\u00e9e.<\/p>\n<\/li>\n<li>\n<p data-path-to-node=\"2,1,0\"><b data-path-to-node=\"2,1,0\" data-index-in-node=\"0\">Taille<\/b> : il dispose d&rsquo;une large bande de taille haute \u00e9lastiqu\u00e9e, offrant un maintien confortable tout au long de la journ\u00e9e.<\/p>\n<\/li>\n<li>\n<p data-path-to-node=\"2,2,0\"><b data-path-to-node=\"2,2,0\" data-index-in-node=\"0\">Confort<\/b> : sa mati\u00e8re souple et extensible rappelle le confort d&rsquo;un legging tout en gardant l&rsquo;allure d&rsquo;un pantalon moderne.<\/p>\n<\/li>\n<li>\n<p data-path-to-node=\"2,3,0\"><b data-path-to-node=\"2,3,0\" data-index-in-node=\"0\">Style<\/b> : un basique id\u00e9al pour un look d\u00e9contract\u00e9 ou quotidien, facile \u00e0 marier avec un pull ou un cardigan.<\/p>\n<\/li>\n<\/ul>\n<p data-path-to-node=\"10,0,0\">\ud83d\ude9a <b>Livraison \u00e0 domicile :<\/b> 8 TND<\/p>\n<p data-path-to-node=\"10,1,0\">\u23f1\ufe0f <b>D\u00e9lai de livraison :<\/b> 2 \u00e0 3 jours ouvrables<\/p>\n<p data-path-to-node=\"10,2,0\">\ud83d\udd01 <b>\u00c9change possible :<\/b> Oui (vous payez seulement les frais de livraison retour).<\/p>\n","protected":false},"featured_media":110845,"template":"","meta":[],"product_brand":[],"product_cat":[137,360,92,71,506],"product_tag":[],"class_list":{"0":"post-110843","1":"product","2":"type-product","3":"status-publish","4":"has-post-thumbnail","6":"product_cat-mode-femme","7":"product_cat-nouvelle-collection","8":"product_cat-pantalons","9":"product_cat-vetements-femme","10":"product_cat-vetements-grande-taille","11":"pa_couleurs-choco","12":"pa_couleurs-noir","13":"pa_taille-2xl-3xl","14":"pa_taille-3xl-4xl","15":"pa_taille-4xl-5xl","16":"pa_taille-l-xl","17":"pa_taille-m-l","18":"pa_taille-s-m","21":"first","22":"instock","23":"taxable","24":"shipping-taxable","25":"purchasable","26":"product-type-variable"},"yoast_head":"<!-- This site is optimized with the Yoast SEO plugin v27.5 - https:\/\/yoast.com\/product\/yoast-seo-wordpress\/ -->\n<title>Pantalon style Legging\u2013313250\u2013 VOG - Vog Tunisie<\/title>\n<meta name=\"robots\" content=\"index, follow, max-snippet:-1, max-image-preview:large, max-video-preview:-1\" \/>\n<link rel=\"canonical\" href=\"https:\/\/vog.com.tn\/?product=pantalon-style-legging-313250-vog\" \/>\n<meta property=\"og:locale\" content=\"fr_FR\" \/>\n<meta property=\"og:type\" content=\"article\" \/>\n<meta property=\"og:title\" content=\"Pantalon style Legging\u2013313250\u2013 VOG - Vog Tunisie\" \/>\n<meta property=\"og:description\" content=\"Vente en ligne pantalon style Legging pour femme.    Coupe : un mod\u00e8le \u00e0 la coupe flare, ajust\u00e9 au niveau des cuisses et s&#039;\u00e9vasant l\u00e9g\u00e8rement \u00e0 partir des genoux pour une silhouette \u00e9lanc\u00e9e.    Taille : il dispose d&#039;une large bande de taille haute \u00e9lastiqu\u00e9e, offrant un maintien confortable tout au long de la journ\u00e9e.    Confort : sa mati\u00e8re souple et extensible rappelle le confort d&#039;un legging tout en gardant l&#039;allure d&#039;un pantalon moderne.    Style : un basique id\u00e9al pour un look d\u00e9contract\u00e9 ou quotidien, facile \u00e0 marier avec un pull ou un cardigan.   \ud83d\ude9a Livraison \u00e0 domicile : 8 TND \u23f1\ufe0f D\u00e9lai de livraison : 2 \u00e0 3 jours ouvrables \ud83d\udd01 \u00c9change possible : Oui (vous payez seulement les frais de livraison retour).\" \/>\n<meta property=\"og:url\" content=\"https:\/\/vog.com.tn\/?product=pantalon-style-legging-313250-vog\" \/>\n<meta property=\"og:site_name\" content=\"Vog Tunisie\" \/>\n<meta property=\"article:modified_time\" content=\"2026-04-26T10:12:21+00:00\" \/>\n<meta property=\"og:image\" content=\"https:\/\/vog.com.tn\/wp-content\/uploads\/2026\/01\/313250-choco-vog-1.jpg\" \/>\n\t<meta property=\"og:image:width\" content=\"572\" \/>\n\t<meta property=\"og:image:height\" content=\"800\" \/>\n\t<meta property=\"og:image:type\" content=\"image\/jpeg\" \/>\n<meta name=\"twitter:card\" content=\"summary_large_image\" \/>\n<meta name=\"twitter:label1\" content=\"Dur\u00e9e de lecture estim\u00e9e\" \/>\n\t<meta name=\"twitter:data1\" content=\"1 minute\" \/>\n<script type=\"application\/ld+json\" class=\"yoast-schema-graph\">{\"@context\":\"https:\\\/\\\/schema.org\",\"@graph\":[{\"@type\":\"WebPage\",\"@id\":\"https:\\\/\\\/vog.com.tn\\\/?product=pantalon-style-legging-313250-vog\",\"url\":\"https:\\\/\\\/vog.com.tn\\\/?product=pantalon-style-legging-313250-vog\",\"name\":\"Pantalon style Legging\u2013313250\u2013 VOG - Vog Tunisie\",\"isPartOf\":{\"@id\":\"https:\\\/\\\/vog.com.tn\\\/#website\"},\"primaryImageOfPage\":{\"@id\":\"https:\\\/\\\/vog.com.tn\\\/?product=pantalon-style-legging-313250-vog#primaryimage\"},\"image\":{\"@id\":\"https:\\\/\\\/vog.com.tn\\\/?product=pantalon-style-legging-313250-vog#primaryimage\"},\"thumbnailUrl\":\"https:\\\/\\\/vog.com.tn\\\/wp-content\\\/uploads\\\/2026\\\/01\\\/313250-choco-vog-1.jpg\",\"datePublished\":\"2026-01-04T09:57:08+00:00\",\"dateModified\":\"2026-04-26T10:12:21+00:00\",\"breadcrumb\":{\"@id\":\"https:\\\/\\\/vog.com.tn\\\/?product=pantalon-style-legging-313250-vog#breadcrumb\"},\"inLanguage\":\"fr-FR\",\"potentialAction\":[{\"@type\":\"ReadAction\",\"target\":[\"https:\\\/\\\/vog.com.tn\\\/?product=pantalon-style-legging-313250-vog\"]}]},{\"@type\":\"ImageObject\",\"inLanguage\":\"fr-FR\",\"@id\":\"https:\\\/\\\/vog.com.tn\\\/?product=pantalon-style-legging-313250-vog#primaryimage\",\"url\":\"https:\\\/\\\/vog.com.tn\\\/wp-content\\\/uploads\\\/2026\\\/01\\\/313250-choco-vog-1.jpg\",\"contentUrl\":\"https:\\\/\\\/vog.com.tn\\\/wp-content\\\/uploads\\\/2026\\\/01\\\/313250-choco-vog-1.jpg\",\"width\":572,\"height\":800},{\"@type\":\"BreadcrumbList\",\"@id\":\"https:\\\/\\\/vog.com.tn\\\/?product=pantalon-style-legging-313250-vog#breadcrumb\",\"itemListElement\":[{\"@type\":\"ListItem\",\"position\":1,\"name\":\"Home\",\"item\":\"https:\\\/\\\/vog.com.tn\\\/\"},{\"@type\":\"ListItem\",\"position\":2,\"name\":\"Produits\",\"item\":\"https:\\\/\\\/vog.com.tn\\\/?page_id=8\"},{\"@type\":\"ListItem\",\"position\":3,\"name\":\"Pantalon style Legging\u2013313250\u2013 VOG\"}]},{\"@type\":\"WebSite\",\"@id\":\"https:\\\/\\\/vog.com.tn\\\/#website\",\"url\":\"https:\\\/\\\/vog.com.tn\\\/\",\"name\":\"Vog Tunisie\",\"description\":\"Pr\u00eat-\u00e0-porter\",\"potentialAction\":[{\"@type\":\"SearchAction\",\"target\":{\"@type\":\"EntryPoint\",\"urlTemplate\":\"https:\\\/\\\/vog.com.tn\\\/?s={search_term_string}\"},\"query-input\":{\"@type\":\"PropertyValueSpecification\",\"valueRequired\":true,\"valueName\":\"search_term_string\"}}],\"inLanguage\":\"fr-FR\"}]}<\/script>\n<!-- \/ Yoast SEO plugin. -->","yoast_head_json":{"title":"Pantalon style Legging\u2013313250\u2013 VOG - Vog Tunisie","robots":{"index":"index","follow":"follow","max-snippet":"max-snippet:-1","max-image-preview":"max-image-preview:large","max-video-preview":"max-video-preview:-1"},"canonical":"https:\/\/vog.com.tn\/?product=pantalon-style-legging-313250-vog","og_locale":"fr_FR","og_type":"article","og_title":"Pantalon style Legging\u2013313250\u2013 VOG - Vog Tunisie","og_description":"Vente en ligne pantalon style Legging pour femme.    Coupe : un mod\u00e8le \u00e0 la coupe flare, ajust\u00e9 au niveau des cuisses et s'\u00e9vasant l\u00e9g\u00e8rement \u00e0 partir des genoux pour une silhouette \u00e9lanc\u00e9e.    Taille : il dispose d'une large bande de taille haute \u00e9lastiqu\u00e9e, offrant un maintien confortable tout au long de la journ\u00e9e.    Confort : sa mati\u00e8re souple et extensible rappelle le confort d'un legging tout en gardant l'allure d'un pantalon moderne.    Style : un basique id\u00e9al pour un look d\u00e9contract\u00e9 ou quotidien, facile \u00e0 marier avec un pull ou un cardigan.   \ud83d\ude9a Livraison \u00e0 domicile : 8 TND \u23f1\ufe0f D\u00e9lai de livraison : 2 \u00e0 3 jours ouvrables \ud83d\udd01 \u00c9change possible : Oui (vous payez seulement les frais de livraison retour).","og_url":"https:\/\/vog.com.tn\/?product=pantalon-style-legging-313250-vog","og_site_name":"Vog Tunisie","article_modified_time":"2026-04-26T10:12:21+00:00","og_image":[{"width":572,"height":800,"url":"https:\/\/vog.com.tn\/wp-content\/uploads\/2026\/01\/313250-choco-vog-1.jpg","type":"image\/jpeg"}],"twitter_card":"summary_large_image","twitter_misc":{"Dur\u00e9e de lecture estim\u00e9e":"1 minute"},"schema":{"@context":"https:\/\/schema.org","@graph":[{"@type":"WebPage","@id":"https:\/\/vog.com.tn\/?product=pantalon-style-legging-313250-vog","url":"https:\/\/vog.com.tn\/?product=pantalon-style-legging-313250-vog","name":"Pantalon style Legging\u2013313250\u2013 VOG - Vog Tunisie","isPartOf":{"@id":"https:\/\/vog.com.tn\/#website"},"primaryImageOfPage":{"@id":"https:\/\/vog.com.tn\/?product=pantalon-style-legging-313250-vog#primaryimage"},"image":{"@id":"https:\/\/vog.com.tn\/?product=pantalon-style-legging-313250-vog#primaryimage"},"thumbnailUrl":"https:\/\/vog.com.tn\/wp-content\/uploads\/2026\/01\/313250-choco-vog-1.jpg","datePublished":"2026-01-04T09:57:08+00:00","dateModified":"2026-04-26T10:12:21+00:00","breadcrumb":{"@id":"https:\/\/vog.com.tn\/?product=pantalon-style-legging-313250-vog#breadcrumb"},"inLanguage":"fr-FR","potentialAction":[{"@type":"ReadAction","target":["https:\/\/vog.com.tn\/?product=pantalon-style-legging-313250-vog"]}]},{"@type":"ImageObject","inLanguage":"fr-FR","@id":"https:\/\/vog.com.tn\/?product=pantalon-style-legging-313250-vog#primaryimage","url":"https:\/\/vog.com.tn\/wp-content\/uploads\/2026\/01\/313250-choco-vog-1.jpg","contentUrl":"https:\/\/vog.com.tn\/wp-content\/uploads\/2026\/01\/313250-choco-vog-1.jpg","width":572,"height":800},{"@type":"BreadcrumbList","@id":"https:\/\/vog.com.tn\/?product=pantalon-style-legging-313250-vog#breadcrumb","itemListElement":[{"@type":"ListItem","position":1,"name":"Home","item":"https:\/\/vog.com.tn\/"},{"@type":"ListItem","position":2,"name":"Produits","item":"https:\/\/vog.com.tn\/?page_id=8"},{"@type":"ListItem","position":3,"name":"Pantalon style Legging\u2013313250\u2013 VOG"}]},{"@type":"WebSite","@id":"https:\/\/vog.com.tn\/#website","url":"https:\/\/vog.com.tn\/","name":"Vog Tunisie","description":"Pr\u00eat-\u00e0-porter","potentialAction":[{"@type":"SearchAction","target":{"@type":"EntryPoint","urlTemplate":"https:\/\/vog.com.tn\/?s={search_term_string}"},"query-input":{"@type":"PropertyValueSpecification","valueRequired":true,"valueName":"search_term_string"}}],"inLanguage":"fr-FR"}]}},"_links":{"self":[{"href":"https:\/\/vog.com.tn\/index.php?rest_route=\/wp\/v2\/product\/110843","targetHints":{"allow":["GET"]}}],"collection":[{"href":"https:\/\/vog.com.tn\/index.php?rest_route=\/wp\/v2\/product"}],"about":[{"href":"https:\/\/vog.com.tn\/index.php?rest_route=\/wp\/v2\/types\/product"}],"wp:featuredmedia":[{"embeddable":true,"href":"https:\/\/vog.com.tn\/index.php?rest_route=\/wp\/v2\/media\/110845"}],"wp:attachment":[{"href":"https:\/\/vog.com.tn\/index.php?rest_route=%2Fwp%2Fv2%2Fmedia&parent=110843"}],"wp:term":[{"taxonomy":"product_brand","embeddable":true,"href":"https:\/\/vog.com.tn\/index.php?rest_route=%2Fwp%2Fv2%2Fproduct_brand&post=110843"},{"taxonomy":"product_cat","embeddable":true,"href":"https:\/\/vog.com.tn\/index.php?rest_route=%2Fwp%2Fv2%2Fproduct_cat&post=110843"},{"taxonomy":"product_tag","embeddable":true,"href":"https:\/\/vog.com.tn\/index.php?rest_route=%2Fwp%2Fv2%2Fproduct_tag&post=110843"}],"curies":[{"name":"wp","href":"https:\/\/api.w.org\/{rel}","templated":true}]}}