{"id":12247,"date":"2021-05-26T16:11:11","date_gmt":"2021-05-26T14:11:11","guid":{"rendered":"https:\/\/vog.com.tn\/?post_type=product&#038;p=12247"},"modified":"2025-12-24T17:01:40","modified_gmt":"2025-12-24T16:01:40","slug":"veste-cuir-noir-115525","status":"publish","type":"product","link":"https:\/\/vog.com.tn\/?product=veste-cuir-noir-115525","title":{"rendered":"Veste &#8211; Cuir &#8211; Noir &#8211; 115525"},"content":{"rendered":"<p>Indispensable \u00e0 toute garde-robe, les vestes sont ind\u00e9modables. Elles rehaussent les tenues unies et sont particuli\u00e8rement adapt\u00e9es en mi-saison. Pendant les fra\u00eeches journ\u00e9es printani\u00e8res ou les douces journ\u00e9es d&rsquo;automne, la veste offre un peu de chaleur<\/p>\n","protected":false},"excerpt":{"rendered":"<p>\u2022 Manches longues<br \/>\n\u2022 D\u00e9tail matelass\u00e9 aux manches<br \/>\n\u2022 Quatre poches avant \u00e0 zip m\u00e9tallique<br \/>\n\u2022 Fermeture sur le devant par zip m\u00e9tallique<br \/>\n\u2022 Col avec boutons<br \/>\n\u2022 Mati\u00e8re : Polyester<br \/>\nEntretien:<br \/>\n\u2022 Temp\u00e9rature de lavage 30\u00b0 cycle d\u00e9licat<\/p>\n","protected":false},"featured_media":105040,"template":"","meta":[],"product_brand":[],"product_cat":[137,273,46,71],"product_tag":[134],"class_list":{"0":"post-12247","1":"product","2":"type-product","3":"status-publish","4":"has-post-thumbnail","6":"product_cat-mode-femme","7":"product_cat-veste-similicuir-femme","8":"product_cat-vestes-blousons","9":"product_cat-vetements-femme","10":"product_tag-veste","11":"pa_couleurs-noir","12":"pa_taille-large","13":"pa_taille-moyenne","14":"pa_taille-small","17":"first","18":"outofstock","19":"taxable","20":"shipping-taxable","21":"product-type-variable"},"yoast_head":"<!-- This site is optimized with the Yoast SEO plugin v27.5 - https:\/\/yoast.com\/product\/yoast-seo-wordpress\/ -->\n<title>Veste - Cuir - Noir - 115525 - Vog Tunisie<\/title>\n<meta name=\"robots\" content=\"index, follow, max-snippet:-1, max-image-preview:large, max-video-preview:-1\" \/>\n<link rel=\"canonical\" href=\"https:\/\/vog.com.tn\/?product=veste-cuir-noir-115525\" \/>\n<meta property=\"og:locale\" content=\"fr_FR\" \/>\n<meta property=\"og:type\" content=\"article\" \/>\n<meta property=\"og:title\" content=\"Veste - Cuir - Noir - 115525 - Vog Tunisie\" \/>\n<meta property=\"og:description\" content=\"\u2022 Manches longues \u2022 D\u00e9tail matelass\u00e9 aux manches \u2022 Quatre poches avant \u00e0 zip m\u00e9tallique \u2022 Fermeture sur le devant par zip m\u00e9tallique \u2022 Col avec boutons \u2022 Mati\u00e8re : Polyester Entretien: \u2022 Temp\u00e9rature de lavage 30\u00b0 cycle d\u00e9licat\" \/>\n<meta property=\"og:url\" content=\"https:\/\/vog.com.tn\/?product=veste-cuir-noir-115525\" \/>\n<meta property=\"og:site_name\" content=\"Vog Tunisie\" \/>\n<meta property=\"article:modified_time\" content=\"2025-12-24T16:01:40+00:00\" \/>\n<meta property=\"og:image\" content=\"https:\/\/vog.com.tn\/wp-content\/uploads\/2021\/05\/Veste-cuir-115525-Noir-5.jpg\" \/>\n\t<meta property=\"og:image:width\" content=\"1589\" \/>\n\t<meta property=\"og:image:height\" content=\"2000\" \/>\n\t<meta property=\"og:image:type\" content=\"image\/jpeg\" \/>\n<meta name=\"twitter:card\" content=\"summary_large_image\" \/>\n<meta name=\"twitter:label1\" content=\"Dur\u00e9e de lecture estim\u00e9e\" \/>\n\t<meta name=\"twitter:data1\" content=\"1 minute\" \/>\n<script type=\"application\/ld+json\" class=\"yoast-schema-graph\">{\"@context\":\"https:\\\/\\\/schema.org\",\"@graph\":[{\"@type\":\"WebPage\",\"@id\":\"https:\\\/\\\/vog.com.tn\\\/?product=veste-cuir-noir-115525\",\"url\":\"https:\\\/\\\/vog.com.tn\\\/?product=veste-cuir-noir-115525\",\"name\":\"Veste - Cuir - Noir - 115525 - Vog Tunisie\",\"isPartOf\":{\"@id\":\"https:\\\/\\\/vog.com.tn\\\/#website\"},\"primaryImageOfPage\":{\"@id\":\"https:\\\/\\\/vog.com.tn\\\/?product=veste-cuir-noir-115525#primaryimage\"},\"image\":{\"@id\":\"https:\\\/\\\/vog.com.tn\\\/?product=veste-cuir-noir-115525#primaryimage\"},\"thumbnailUrl\":\"https:\\\/\\\/vog.com.tn\\\/wp-content\\\/uploads\\\/2021\\\/05\\\/Veste-cuir-115525-Noir-8-1-572x718-1.jpg\",\"datePublished\":\"2021-05-26T14:11:11+00:00\",\"dateModified\":\"2025-12-24T16:01:40+00:00\",\"breadcrumb\":{\"@id\":\"https:\\\/\\\/vog.com.tn\\\/?product=veste-cuir-noir-115525#breadcrumb\"},\"inLanguage\":\"fr-FR\",\"potentialAction\":[{\"@type\":\"ReadAction\",\"target\":[\"https:\\\/\\\/vog.com.tn\\\/?product=veste-cuir-noir-115525\"]}]},{\"@type\":\"ImageObject\",\"inLanguage\":\"fr-FR\",\"@id\":\"https:\\\/\\\/vog.com.tn\\\/?product=veste-cuir-noir-115525#primaryimage\",\"url\":\"https:\\\/\\\/vog.com.tn\\\/wp-content\\\/uploads\\\/2021\\\/05\\\/Veste-cuir-115525-Noir-8-1-572x718-1.jpg\",\"contentUrl\":\"https:\\\/\\\/vog.com.tn\\\/wp-content\\\/uploads\\\/2021\\\/05\\\/Veste-cuir-115525-Noir-8-1-572x718-1.jpg\",\"width\":572,\"height\":718},{\"@type\":\"BreadcrumbList\",\"@id\":\"https:\\\/\\\/vog.com.tn\\\/?product=veste-cuir-noir-115525#breadcrumb\",\"itemListElement\":[{\"@type\":\"ListItem\",\"position\":1,\"name\":\"Home\",\"item\":\"https:\\\/\\\/vog.com.tn\\\/\"},{\"@type\":\"ListItem\",\"position\":2,\"name\":\"Produits\",\"item\":\"https:\\\/\\\/vog.com.tn\\\/?page_id=8\"},{\"@type\":\"ListItem\",\"position\":3,\"name\":\"Veste &#8211; Cuir &#8211; Noir &#8211; 115525\"}]},{\"@type\":\"WebSite\",\"@id\":\"https:\\\/\\\/vog.com.tn\\\/#website\",\"url\":\"https:\\\/\\\/vog.com.tn\\\/\",\"name\":\"Vog Tunisie\",\"description\":\"Pr\u00eat-\u00e0-porter\",\"potentialAction\":[{\"@type\":\"SearchAction\",\"target\":{\"@type\":\"EntryPoint\",\"urlTemplate\":\"https:\\\/\\\/vog.com.tn\\\/?s={search_term_string}\"},\"query-input\":{\"@type\":\"PropertyValueSpecification\",\"valueRequired\":true,\"valueName\":\"search_term_string\"}}],\"inLanguage\":\"fr-FR\"}]}<\/script>\n<!-- \/ Yoast SEO plugin. -->","yoast_head_json":{"title":"Veste - Cuir - Noir - 115525 - Vog Tunisie","robots":{"index":"index","follow":"follow","max-snippet":"max-snippet:-1","max-image-preview":"max-image-preview:large","max-video-preview":"max-video-preview:-1"},"canonical":"https:\/\/vog.com.tn\/?product=veste-cuir-noir-115525","og_locale":"fr_FR","og_type":"article","og_title":"Veste - Cuir - Noir - 115525 - Vog Tunisie","og_description":"\u2022 Manches longues \u2022 D\u00e9tail matelass\u00e9 aux manches \u2022 Quatre poches avant \u00e0 zip m\u00e9tallique \u2022 Fermeture sur le devant par zip m\u00e9tallique \u2022 Col avec boutons \u2022 Mati\u00e8re : Polyester Entretien: \u2022 Temp\u00e9rature de lavage 30\u00b0 cycle d\u00e9licat","og_url":"https:\/\/vog.com.tn\/?product=veste-cuir-noir-115525","og_site_name":"Vog Tunisie","article_modified_time":"2025-12-24T16:01:40+00:00","og_image":[{"width":1589,"height":2000,"url":"https:\/\/vog.com.tn\/wp-content\/uploads\/2021\/05\/Veste-cuir-115525-Noir-5.jpg","type":"image\/jpeg"}],"twitter_card":"summary_large_image","twitter_misc":{"Dur\u00e9e de lecture estim\u00e9e":"1 minute"},"schema":{"@context":"https:\/\/schema.org","@graph":[{"@type":"WebPage","@id":"https:\/\/vog.com.tn\/?product=veste-cuir-noir-115525","url":"https:\/\/vog.com.tn\/?product=veste-cuir-noir-115525","name":"Veste - Cuir - Noir - 115525 - Vog Tunisie","isPartOf":{"@id":"https:\/\/vog.com.tn\/#website"},"primaryImageOfPage":{"@id":"https:\/\/vog.com.tn\/?product=veste-cuir-noir-115525#primaryimage"},"image":{"@id":"https:\/\/vog.com.tn\/?product=veste-cuir-noir-115525#primaryimage"},"thumbnailUrl":"https:\/\/vog.com.tn\/wp-content\/uploads\/2021\/05\/Veste-cuir-115525-Noir-8-1-572x718-1.jpg","datePublished":"2021-05-26T14:11:11+00:00","dateModified":"2025-12-24T16:01:40+00:00","breadcrumb":{"@id":"https:\/\/vog.com.tn\/?product=veste-cuir-noir-115525#breadcrumb"},"inLanguage":"fr-FR","potentialAction":[{"@type":"ReadAction","target":["https:\/\/vog.com.tn\/?product=veste-cuir-noir-115525"]}]},{"@type":"ImageObject","inLanguage":"fr-FR","@id":"https:\/\/vog.com.tn\/?product=veste-cuir-noir-115525#primaryimage","url":"https:\/\/vog.com.tn\/wp-content\/uploads\/2021\/05\/Veste-cuir-115525-Noir-8-1-572x718-1.jpg","contentUrl":"https:\/\/vog.com.tn\/wp-content\/uploads\/2021\/05\/Veste-cuir-115525-Noir-8-1-572x718-1.jpg","width":572,"height":718},{"@type":"BreadcrumbList","@id":"https:\/\/vog.com.tn\/?product=veste-cuir-noir-115525#breadcrumb","itemListElement":[{"@type":"ListItem","position":1,"name":"Home","item":"https:\/\/vog.com.tn\/"},{"@type":"ListItem","position":2,"name":"Produits","item":"https:\/\/vog.com.tn\/?page_id=8"},{"@type":"ListItem","position":3,"name":"Veste &#8211; Cuir &#8211; Noir &#8211; 115525"}]},{"@type":"WebSite","@id":"https:\/\/vog.com.tn\/#website","url":"https:\/\/vog.com.tn\/","name":"Vog Tunisie","description":"Pr\u00eat-\u00e0-porter","potentialAction":[{"@type":"SearchAction","target":{"@type":"EntryPoint","urlTemplate":"https:\/\/vog.com.tn\/?s={search_term_string}"},"query-input":{"@type":"PropertyValueSpecification","valueRequired":true,"valueName":"search_term_string"}}],"inLanguage":"fr-FR"}]}},"_links":{"self":[{"href":"https:\/\/vog.com.tn\/index.php?rest_route=\/wp\/v2\/product\/12247","targetHints":{"allow":["GET"]}}],"collection":[{"href":"https:\/\/vog.com.tn\/index.php?rest_route=\/wp\/v2\/product"}],"about":[{"href":"https:\/\/vog.com.tn\/index.php?rest_route=\/wp\/v2\/types\/product"}],"wp:featuredmedia":[{"embeddable":true,"href":"https:\/\/vog.com.tn\/index.php?rest_route=\/wp\/v2\/media\/105040"}],"wp:attachment":[{"href":"https:\/\/vog.com.tn\/index.php?rest_route=%2Fwp%2Fv2%2Fmedia&parent=12247"}],"wp:term":[{"taxonomy":"product_brand","embeddable":true,"href":"https:\/\/vog.com.tn\/index.php?rest_route=%2Fwp%2Fv2%2Fproduct_brand&post=12247"},{"taxonomy":"product_cat","embeddable":true,"href":"https:\/\/vog.com.tn\/index.php?rest_route=%2Fwp%2Fv2%2Fproduct_cat&post=12247"},{"taxonomy":"product_tag","embeddable":true,"href":"https:\/\/vog.com.tn\/index.php?rest_route=%2Fwp%2Fv2%2Fproduct_tag&post=12247"}],"curies":[{"name":"wp","href":"https:\/\/api.w.org\/{rel}","templated":true}]}}