{"id":14894,"date":"2021-06-01T17:18:24","date_gmt":"2021-06-01T15:18:24","guid":{"rendered":"https:\/\/vog.com.tn\/?post_type=product&#038;p=14894"},"modified":"2025-11-19T16:57:00","modified_gmt":"2025-11-19T15:57:00","slug":"t-shirt-femme-131307-noir","status":"publish","type":"product","link":"https:\/\/vog.com.tn\/?product=t-shirt-femme-131307-noir","title":{"rendered":"T-shirt femme &#8211; Noir &#8211; 131307"},"content":{"rendered":"<p>Le t-shirt est un v\u00eatement embl\u00e9matique et n\u00e9cessaire par sa simplicit\u00e9 mais aussi pour son c\u00f4t\u00e9 intemporel. Que ce soit pour une activit\u00e9 sportive ou pour accompagner une tenue plus chic. Il pourra se d\u00e9cliner en diff\u00e9rents mod\u00e8les classiques ou plus tendance . En plus des nombreuses couleurs disponibles, vous pouvez compter sur une multitude de motifs et d&rsquo;imprim\u00e9s. La Boutique VOG vous propose un large choix de t-shirts femme pour tous les styles.<\/p>\n","protected":false},"excerpt":{"rendered":"<ul>\n<li>T-shirt imprim\u00e9<\/li>\n<li>Mod\u00e8le \u00e0 manches courtes et col rond<\/li>\n<li>Longueur : environ 56 cm<\/li>\n<li>Composition : 95% coton et 5% \u00e9lasthanne.<\/li>\n<li>Couleur :Noir<\/li>\n<\/ul>\n<hr \/>\n<p><strong><span style=\"color: #ff0000;\"><a style=\"color: #ff0000;\" href=\"https:\/\/vog.com.tn\/?s=131307&amp;post_type=product\" rel=\"noopener\">Voir les autres couleurs<\/a><\/span><\/strong><\/p>\n","protected":false},"featured_media":105034,"template":"","meta":[],"product_brand":[],"product_cat":[137,68,71],"product_tag":[],"class_list":{"0":"post-14894","1":"product","2":"type-product","3":"status-publish","4":"has-post-thumbnail","6":"product_cat-mode-femme","7":"product_cat-t-shirt","8":"product_cat-vetements-femme","9":"pa_couleurs-noir","10":"pa_taille-m-l","11":"pa_taille-s-m","14":"first","15":"outofstock","16":"taxable","17":"shipping-taxable","18":"product-type-variable"},"yoast_head":"<!-- This site is optimized with the Yoast SEO plugin v27.5 - https:\/\/yoast.com\/product\/yoast-seo-wordpress\/ -->\n<title>T-shirt femme - Noir - 131307 - Vog Tunisie<\/title>\n<meta name=\"robots\" content=\"index, follow, max-snippet:-1, max-image-preview:large, max-video-preview:-1\" \/>\n<link rel=\"canonical\" href=\"https:\/\/vog.com.tn\/?product=t-shirt-femme-131307-noir\" \/>\n<meta property=\"og:locale\" content=\"fr_FR\" \/>\n<meta property=\"og:type\" content=\"article\" \/>\n<meta property=\"og:title\" content=\"T-shirt femme - Noir - 131307 - Vog Tunisie\" \/>\n<meta property=\"og:description\" content=\"T-shirt imprim\u00e9  Mod\u00e8le \u00e0 manches courtes et col rond  Longueur : environ 56 cm  Composition : 95% coton et 5% \u00e9lasthanne.  Couleur :Noir     Voir les autres couleurs\" \/>\n<meta property=\"og:url\" content=\"https:\/\/vog.com.tn\/?product=t-shirt-femme-131307-noir\" \/>\n<meta property=\"og:site_name\" content=\"Vog Tunisie\" \/>\n<meta property=\"article:modified_time\" content=\"2025-11-19T15:57:00+00:00\" \/>\n<meta property=\"og:image\" content=\"https:\/\/vog.com.tn\/wp-content\/uploads\/2021\/06\/T-shirt-131307-Noir-4-1.jpg\" \/>\n\t<meta property=\"og:image:width\" content=\"1524\" \/>\n\t<meta property=\"og:image:height\" content=\"2000\" \/>\n\t<meta property=\"og:image:type\" content=\"image\/jpeg\" \/>\n<meta name=\"twitter:card\" content=\"summary_large_image\" \/>\n<meta name=\"twitter:label1\" content=\"Dur\u00e9e de lecture estim\u00e9e\" \/>\n\t<meta name=\"twitter:data1\" content=\"1 minute\" \/>\n<script type=\"application\/ld+json\" class=\"yoast-schema-graph\">{\"@context\":\"https:\\\/\\\/schema.org\",\"@graph\":[{\"@type\":\"WebPage\",\"@id\":\"https:\\\/\\\/vog.com.tn\\\/?product=t-shirt-femme-131307-noir\",\"url\":\"https:\\\/\\\/vog.com.tn\\\/?product=t-shirt-femme-131307-noir\",\"name\":\"T-shirt femme - Noir - 131307 - Vog Tunisie\",\"isPartOf\":{\"@id\":\"https:\\\/\\\/vog.com.tn\\\/#website\"},\"primaryImageOfPage\":{\"@id\":\"https:\\\/\\\/vog.com.tn\\\/?product=t-shirt-femme-131307-noir#primaryimage\"},\"image\":{\"@id\":\"https:\\\/\\\/vog.com.tn\\\/?product=t-shirt-femme-131307-noir#primaryimage\"},\"thumbnailUrl\":\"https:\\\/\\\/vog.com.tn\\\/wp-content\\\/uploads\\\/2021\\\/06\\\/T-shirt-131307-Noir-4-1-1.jpg\",\"datePublished\":\"2021-06-01T15:18:24+00:00\",\"dateModified\":\"2025-11-19T15:57:00+00:00\",\"breadcrumb\":{\"@id\":\"https:\\\/\\\/vog.com.tn\\\/?product=t-shirt-femme-131307-noir#breadcrumb\"},\"inLanguage\":\"fr-FR\",\"potentialAction\":[{\"@type\":\"ReadAction\",\"target\":[\"https:\\\/\\\/vog.com.tn\\\/?product=t-shirt-femme-131307-noir\"]}]},{\"@type\":\"ImageObject\",\"inLanguage\":\"fr-FR\",\"@id\":\"https:\\\/\\\/vog.com.tn\\\/?product=t-shirt-femme-131307-noir#primaryimage\",\"url\":\"https:\\\/\\\/vog.com.tn\\\/wp-content\\\/uploads\\\/2021\\\/06\\\/T-shirt-131307-Noir-4-1-1.jpg\",\"contentUrl\":\"https:\\\/\\\/vog.com.tn\\\/wp-content\\\/uploads\\\/2021\\\/06\\\/T-shirt-131307-Noir-4-1-1.jpg\",\"width\":1524,\"height\":2000},{\"@type\":\"BreadcrumbList\",\"@id\":\"https:\\\/\\\/vog.com.tn\\\/?product=t-shirt-femme-131307-noir#breadcrumb\",\"itemListElement\":[{\"@type\":\"ListItem\",\"position\":1,\"name\":\"Home\",\"item\":\"https:\\\/\\\/vog.com.tn\\\/\"},{\"@type\":\"ListItem\",\"position\":2,\"name\":\"Produits\",\"item\":\"https:\\\/\\\/vog.com.tn\\\/?page_id=8\"},{\"@type\":\"ListItem\",\"position\":3,\"name\":\"T-shirt femme &#8211; Noir &#8211; 131307\"}]},{\"@type\":\"WebSite\",\"@id\":\"https:\\\/\\\/vog.com.tn\\\/#website\",\"url\":\"https:\\\/\\\/vog.com.tn\\\/\",\"name\":\"Vog Tunisie\",\"description\":\"Pr\u00eat-\u00e0-porter\",\"potentialAction\":[{\"@type\":\"SearchAction\",\"target\":{\"@type\":\"EntryPoint\",\"urlTemplate\":\"https:\\\/\\\/vog.com.tn\\\/?s={search_term_string}\"},\"query-input\":{\"@type\":\"PropertyValueSpecification\",\"valueRequired\":true,\"valueName\":\"search_term_string\"}}],\"inLanguage\":\"fr-FR\"}]}<\/script>\n<!-- \/ Yoast SEO plugin. -->","yoast_head_json":{"title":"T-shirt femme - Noir - 131307 - Vog Tunisie","robots":{"index":"index","follow":"follow","max-snippet":"max-snippet:-1","max-image-preview":"max-image-preview:large","max-video-preview":"max-video-preview:-1"},"canonical":"https:\/\/vog.com.tn\/?product=t-shirt-femme-131307-noir","og_locale":"fr_FR","og_type":"article","og_title":"T-shirt femme - Noir - 131307 - Vog Tunisie","og_description":"T-shirt imprim\u00e9  Mod\u00e8le \u00e0 manches courtes et col rond  Longueur : environ 56 cm  Composition : 95% coton et 5% \u00e9lasthanne.  Couleur :Noir     Voir les autres couleurs","og_url":"https:\/\/vog.com.tn\/?product=t-shirt-femme-131307-noir","og_site_name":"Vog Tunisie","article_modified_time":"2025-11-19T15:57:00+00:00","og_image":[{"width":1524,"height":2000,"url":"https:\/\/vog.com.tn\/wp-content\/uploads\/2021\/06\/T-shirt-131307-Noir-4-1.jpg","type":"image\/jpeg"}],"twitter_card":"summary_large_image","twitter_misc":{"Dur\u00e9e de lecture estim\u00e9e":"1 minute"},"schema":{"@context":"https:\/\/schema.org","@graph":[{"@type":"WebPage","@id":"https:\/\/vog.com.tn\/?product=t-shirt-femme-131307-noir","url":"https:\/\/vog.com.tn\/?product=t-shirt-femme-131307-noir","name":"T-shirt femme - Noir - 131307 - Vog Tunisie","isPartOf":{"@id":"https:\/\/vog.com.tn\/#website"},"primaryImageOfPage":{"@id":"https:\/\/vog.com.tn\/?product=t-shirt-femme-131307-noir#primaryimage"},"image":{"@id":"https:\/\/vog.com.tn\/?product=t-shirt-femme-131307-noir#primaryimage"},"thumbnailUrl":"https:\/\/vog.com.tn\/wp-content\/uploads\/2021\/06\/T-shirt-131307-Noir-4-1-1.jpg","datePublished":"2021-06-01T15:18:24+00:00","dateModified":"2025-11-19T15:57:00+00:00","breadcrumb":{"@id":"https:\/\/vog.com.tn\/?product=t-shirt-femme-131307-noir#breadcrumb"},"inLanguage":"fr-FR","potentialAction":[{"@type":"ReadAction","target":["https:\/\/vog.com.tn\/?product=t-shirt-femme-131307-noir"]}]},{"@type":"ImageObject","inLanguage":"fr-FR","@id":"https:\/\/vog.com.tn\/?product=t-shirt-femme-131307-noir#primaryimage","url":"https:\/\/vog.com.tn\/wp-content\/uploads\/2021\/06\/T-shirt-131307-Noir-4-1-1.jpg","contentUrl":"https:\/\/vog.com.tn\/wp-content\/uploads\/2021\/06\/T-shirt-131307-Noir-4-1-1.jpg","width":1524,"height":2000},{"@type":"BreadcrumbList","@id":"https:\/\/vog.com.tn\/?product=t-shirt-femme-131307-noir#breadcrumb","itemListElement":[{"@type":"ListItem","position":1,"name":"Home","item":"https:\/\/vog.com.tn\/"},{"@type":"ListItem","position":2,"name":"Produits","item":"https:\/\/vog.com.tn\/?page_id=8"},{"@type":"ListItem","position":3,"name":"T-shirt femme &#8211; Noir &#8211; 131307"}]},{"@type":"WebSite","@id":"https:\/\/vog.com.tn\/#website","url":"https:\/\/vog.com.tn\/","name":"Vog Tunisie","description":"Pr\u00eat-\u00e0-porter","potentialAction":[{"@type":"SearchAction","target":{"@type":"EntryPoint","urlTemplate":"https:\/\/vog.com.tn\/?s={search_term_string}"},"query-input":{"@type":"PropertyValueSpecification","valueRequired":true,"valueName":"search_term_string"}}],"inLanguage":"fr-FR"}]}},"_links":{"self":[{"href":"https:\/\/vog.com.tn\/index.php?rest_route=\/wp\/v2\/product\/14894","targetHints":{"allow":["GET"]}}],"collection":[{"href":"https:\/\/vog.com.tn\/index.php?rest_route=\/wp\/v2\/product"}],"about":[{"href":"https:\/\/vog.com.tn\/index.php?rest_route=\/wp\/v2\/types\/product"}],"wp:featuredmedia":[{"embeddable":true,"href":"https:\/\/vog.com.tn\/index.php?rest_route=\/wp\/v2\/media\/105034"}],"wp:attachment":[{"href":"https:\/\/vog.com.tn\/index.php?rest_route=%2Fwp%2Fv2%2Fmedia&parent=14894"}],"wp:term":[{"taxonomy":"product_brand","embeddable":true,"href":"https:\/\/vog.com.tn\/index.php?rest_route=%2Fwp%2Fv2%2Fproduct_brand&post=14894"},{"taxonomy":"product_cat","embeddable":true,"href":"https:\/\/vog.com.tn\/index.php?rest_route=%2Fwp%2Fv2%2Fproduct_cat&post=14894"},{"taxonomy":"product_tag","embeddable":true,"href":"https:\/\/vog.com.tn\/index.php?rest_route=%2Fwp%2Fv2%2Fproduct_tag&post=14894"}],"curies":[{"name":"wp","href":"https:\/\/api.w.org\/{rel}","templated":true}]}}