{"id":31893,"date":"2021-12-04T15:43:10","date_gmt":"2021-12-04T14:43:10","guid":{"rendered":"https:\/\/vog.com.tn\/?post_type=product&#038;p=31893"},"modified":"2025-12-17T09:47:22","modified_gmt":"2025-12-17T08:47:22","slug":"ensemble-pyjama-marine-243541","status":"publish","type":"product","link":"https:\/\/vog.com.tn\/?product=ensemble-pyjama-marine-243541","title":{"rendered":"Ensemble Pyjamas &#8211; 245802 &#8211; VOG"},"content":{"rendered":"<p>Depuis plus d\u2019un si\u00e8cle la nuisette met les femmes sur leur 31 et les hommes dans tous leurs \u00e9tats. En effet, s\u2019il n\u2019est plus n\u00e9cessaire de pr\u00e9senter la petite robe courte \u00e0 fines bretelles que toutes les femmes connaissent, la vari\u00e9t\u00e9 des mod\u00e8les est de plus en plus importante. De quoi se faire plaisir en toutes circonstances. La nuisette se doit d\u2019\u00eatre confortable et agr\u00e9able \u00e0 porter. Nous vous proposons donc diff\u00e9rentes coupes adapt\u00e9es \u00e0 toutes les morphologies. D\u00e9collet\u00e9 en V, plongeant, carr\u00e9 \u00e0 bretelles, crois\u00e9 ou \u00e0 balconnet, chacun met vos formes en valeur diff\u00e9remment. Nos mati\u00e8res, vari\u00e9es, souples et souvent infroissables, vont de la dentelle a\u00e9rienne en passant par la microfibre sans oublier la maille, la viscose, le satin intemporel et le modal, incontournables pour leur l\u00e9g\u00e8ret\u00e9 et les possibilit\u00e9s qu\u2019ils offrent. Pour une nuisette femme f\u00e9minine et glamour, la mousseline et le tulle sortent le grand jeu. Dos lac\u00e9 de rubans satin\u00e9s, empi\u00e8cements de dentelle, strass et r\u00e9sille s\u2019accordent \u00e9galement pour cr\u00e9er un v\u00eatement de haute s\u00e9duction. Quand la nuisette se d\u00e9cline. \u00c0 la fa\u00e7on des autres pi\u00e8ces de lingerie, la nuisette se d\u00e9cline selon diff\u00e9rents mod\u00e8les. Elle vous permet d\u2019\u00eatre tour \u00e0 tour mutine, sensuelle, surprenante ou ang\u00e9lique. Parmi elles la baby-doll est sans doute la plus affriolante. Courte, l\u00e9g\u00e8re, toujours transparente et parfois ouverte sur le devant, elle est votre atout ultime pour provoquer l\u2019envie.<\/p>\n","protected":false},"excerpt":{"rendered":"<ul>\n<li>Caraco fluide satin\u00e9.<\/li>\n<li>Dentelle sur le col V.<\/li>\n<li>Pr\u00e9sence de deux coques de maintien.<\/li>\n<li>Bretelles ajustables.<\/li>\n<li>Short fluide satin\u00e9.<\/li>\n<li>Dentelle sur le bas.<\/li>\n<li>\u00c9lastique \u00e0 la taille.<\/li>\n<li>Composition : 97% polyester, 3% \u00e9lasthanne.<\/li>\n<li>Couleur : Marine<\/li>\n<\/ul>\n<p>&nbsp;<\/p>\n","protected":false},"featured_media":31899,"comment_status":"open","ping_status":"closed","template":"","meta":[],"product_brand":[],"product_cat":[15,137,75],"product_tag":[],"class_list":{"0":"post-31893","1":"product","2":"type-product","3":"status-publish","4":"has-post-thumbnail","6":"product_cat-lingerie","7":"product_cat-mode-femme","8":"product_cat-pyjama-vetement-de-nuit","9":"pa_couleurs-champagne","10":"pa_couleurs-marine","11":"pa_couleurs-noir","12":"pa_taille-xxl","13":"pa_taille-large","14":"pa_taille-moyenne","15":"pa_taille-xl","18":"first","19":"instock","20":"taxable","21":"shipping-taxable","22":"purchasable","23":"product-type-variable"},"yoast_head":"<!-- This site is optimized with the Yoast SEO plugin v27.4 - https:\/\/yoast.com\/product\/yoast-seo-wordpress\/ -->\n<title>Ensemble Pyjamas - 245802 - VOG - Vog Tunisie<\/title>\n<meta name=\"robots\" content=\"index, follow, max-snippet:-1, max-image-preview:large, max-video-preview:-1\" \/>\n<link rel=\"canonical\" href=\"https:\/\/vog.com.tn\/?product=ensemble-pyjama-marine-243541\" \/>\n<meta property=\"og:locale\" content=\"fr_FR\" \/>\n<meta property=\"og:type\" content=\"article\" \/>\n<meta property=\"og:title\" content=\"Ensemble Pyjamas - 245802 - VOG - Vog Tunisie\" \/>\n<meta property=\"og:description\" content=\"Caraco fluide satin\u00e9.  Dentelle sur le col V.  Pr\u00e9sence de deux coques de maintien.  Bretelles ajustables.  Short fluide satin\u00e9.  Dentelle sur le bas.  \u00c9lastique \u00e0 la taille.  Composition : 97% polyester, 3% \u00e9lasthanne.  Couleur : Marine  &nbsp;\" \/>\n<meta property=\"og:url\" content=\"https:\/\/vog.com.tn\/?product=ensemble-pyjama-marine-243541\" \/>\n<meta property=\"og:site_name\" content=\"Vog Tunisie\" \/>\n<meta property=\"article:modified_time\" content=\"2025-12-17T08:47:22+00:00\" \/>\n<meta property=\"og:image\" content=\"https:\/\/vog.com.tn\/wp-content\/uploads\/2021\/12\/243541-marine-1.jpg\" \/>\n\t<meta property=\"og:image:width\" content=\"522\" \/>\n\t<meta property=\"og:image:height\" content=\"864\" \/>\n\t<meta property=\"og:image:type\" content=\"image\/jpeg\" \/>\n<meta name=\"twitter:card\" content=\"summary_large_image\" \/>\n<meta name=\"twitter:label1\" content=\"Dur\u00e9e de lecture estim\u00e9e\" \/>\n\t<meta name=\"twitter:data1\" content=\"2 minutes\" \/>\n<script type=\"application\/ld+json\" class=\"yoast-schema-graph\">{\"@context\":\"https:\\\/\\\/schema.org\",\"@graph\":[{\"@type\":\"WebPage\",\"@id\":\"https:\\\/\\\/vog.com.tn\\\/?product=ensemble-pyjama-marine-243541\",\"url\":\"https:\\\/\\\/vog.com.tn\\\/?product=ensemble-pyjama-marine-243541\",\"name\":\"Ensemble Pyjamas - 245802 - VOG - Vog Tunisie\",\"isPartOf\":{\"@id\":\"https:\\\/\\\/vog.com.tn\\\/#website\"},\"primaryImageOfPage\":{\"@id\":\"https:\\\/\\\/vog.com.tn\\\/?product=ensemble-pyjama-marine-243541#primaryimage\"},\"image\":{\"@id\":\"https:\\\/\\\/vog.com.tn\\\/?product=ensemble-pyjama-marine-243541#primaryimage\"},\"thumbnailUrl\":\"https:\\\/\\\/vog.com.tn\\\/wp-content\\\/uploads\\\/2021\\\/12\\\/243541-marine-1.jpg\",\"datePublished\":\"2021-12-04T14:43:10+00:00\",\"dateModified\":\"2025-12-17T08:47:22+00:00\",\"breadcrumb\":{\"@id\":\"https:\\\/\\\/vog.com.tn\\\/?product=ensemble-pyjama-marine-243541#breadcrumb\"},\"inLanguage\":\"fr-FR\",\"potentialAction\":[{\"@type\":\"ReadAction\",\"target\":[\"https:\\\/\\\/vog.com.tn\\\/?product=ensemble-pyjama-marine-243541\"]}]},{\"@type\":\"ImageObject\",\"inLanguage\":\"fr-FR\",\"@id\":\"https:\\\/\\\/vog.com.tn\\\/?product=ensemble-pyjama-marine-243541#primaryimage\",\"url\":\"https:\\\/\\\/vog.com.tn\\\/wp-content\\\/uploads\\\/2021\\\/12\\\/243541-marine-1.jpg\",\"contentUrl\":\"https:\\\/\\\/vog.com.tn\\\/wp-content\\\/uploads\\\/2021\\\/12\\\/243541-marine-1.jpg\",\"width\":522,\"height\":864},{\"@type\":\"BreadcrumbList\",\"@id\":\"https:\\\/\\\/vog.com.tn\\\/?product=ensemble-pyjama-marine-243541#breadcrumb\",\"itemListElement\":[{\"@type\":\"ListItem\",\"position\":1,\"name\":\"Home\",\"item\":\"https:\\\/\\\/vog.com.tn\\\/\"},{\"@type\":\"ListItem\",\"position\":2,\"name\":\"Produits\",\"item\":\"https:\\\/\\\/vog.com.tn\\\/?page_id=8\"},{\"@type\":\"ListItem\",\"position\":3,\"name\":\"Ensemble Pyjamas &#8211; 245802 &#8211; VOG\"}]},{\"@type\":\"WebSite\",\"@id\":\"https:\\\/\\\/vog.com.tn\\\/#website\",\"url\":\"https:\\\/\\\/vog.com.tn\\\/\",\"name\":\"Vog Tunisie\",\"description\":\"Pr\u00eat-\u00e0-porter\",\"potentialAction\":[{\"@type\":\"SearchAction\",\"target\":{\"@type\":\"EntryPoint\",\"urlTemplate\":\"https:\\\/\\\/vog.com.tn\\\/?s={search_term_string}\"},\"query-input\":{\"@type\":\"PropertyValueSpecification\",\"valueRequired\":true,\"valueName\":\"search_term_string\"}}],\"inLanguage\":\"fr-FR\"}]}<\/script>\n<!-- \/ Yoast SEO plugin. -->","yoast_head_json":{"title":"Ensemble Pyjamas - 245802 - VOG - Vog Tunisie","robots":{"index":"index","follow":"follow","max-snippet":"max-snippet:-1","max-image-preview":"max-image-preview:large","max-video-preview":"max-video-preview:-1"},"canonical":"https:\/\/vog.com.tn\/?product=ensemble-pyjama-marine-243541","og_locale":"fr_FR","og_type":"article","og_title":"Ensemble Pyjamas - 245802 - VOG - Vog Tunisie","og_description":"Caraco fluide satin\u00e9.  Dentelle sur le col V.  Pr\u00e9sence de deux coques de maintien.  Bretelles ajustables.  Short fluide satin\u00e9.  Dentelle sur le bas.  \u00c9lastique \u00e0 la taille.  Composition : 97% polyester, 3% \u00e9lasthanne.  Couleur : Marine  &nbsp;","og_url":"https:\/\/vog.com.tn\/?product=ensemble-pyjama-marine-243541","og_site_name":"Vog Tunisie","article_modified_time":"2025-12-17T08:47:22+00:00","og_image":[{"width":522,"height":864,"url":"https:\/\/vog.com.tn\/wp-content\/uploads\/2021\/12\/243541-marine-1.jpg","type":"image\/jpeg"}],"twitter_card":"summary_large_image","twitter_misc":{"Dur\u00e9e de lecture estim\u00e9e":"2 minutes"},"schema":{"@context":"https:\/\/schema.org","@graph":[{"@type":"WebPage","@id":"https:\/\/vog.com.tn\/?product=ensemble-pyjama-marine-243541","url":"https:\/\/vog.com.tn\/?product=ensemble-pyjama-marine-243541","name":"Ensemble Pyjamas - 245802 - VOG - Vog Tunisie","isPartOf":{"@id":"https:\/\/vog.com.tn\/#website"},"primaryImageOfPage":{"@id":"https:\/\/vog.com.tn\/?product=ensemble-pyjama-marine-243541#primaryimage"},"image":{"@id":"https:\/\/vog.com.tn\/?product=ensemble-pyjama-marine-243541#primaryimage"},"thumbnailUrl":"https:\/\/vog.com.tn\/wp-content\/uploads\/2021\/12\/243541-marine-1.jpg","datePublished":"2021-12-04T14:43:10+00:00","dateModified":"2025-12-17T08:47:22+00:00","breadcrumb":{"@id":"https:\/\/vog.com.tn\/?product=ensemble-pyjama-marine-243541#breadcrumb"},"inLanguage":"fr-FR","potentialAction":[{"@type":"ReadAction","target":["https:\/\/vog.com.tn\/?product=ensemble-pyjama-marine-243541"]}]},{"@type":"ImageObject","inLanguage":"fr-FR","@id":"https:\/\/vog.com.tn\/?product=ensemble-pyjama-marine-243541#primaryimage","url":"https:\/\/vog.com.tn\/wp-content\/uploads\/2021\/12\/243541-marine-1.jpg","contentUrl":"https:\/\/vog.com.tn\/wp-content\/uploads\/2021\/12\/243541-marine-1.jpg","width":522,"height":864},{"@type":"BreadcrumbList","@id":"https:\/\/vog.com.tn\/?product=ensemble-pyjama-marine-243541#breadcrumb","itemListElement":[{"@type":"ListItem","position":1,"name":"Home","item":"https:\/\/vog.com.tn\/"},{"@type":"ListItem","position":2,"name":"Produits","item":"https:\/\/vog.com.tn\/?page_id=8"},{"@type":"ListItem","position":3,"name":"Ensemble Pyjamas &#8211; 245802 &#8211; VOG"}]},{"@type":"WebSite","@id":"https:\/\/vog.com.tn\/#website","url":"https:\/\/vog.com.tn\/","name":"Vog Tunisie","description":"Pr\u00eat-\u00e0-porter","potentialAction":[{"@type":"SearchAction","target":{"@type":"EntryPoint","urlTemplate":"https:\/\/vog.com.tn\/?s={search_term_string}"},"query-input":{"@type":"PropertyValueSpecification","valueRequired":true,"valueName":"search_term_string"}}],"inLanguage":"fr-FR"}]}},"_links":{"self":[{"href":"https:\/\/vog.com.tn\/index.php?rest_route=\/wp\/v2\/product\/31893","targetHints":{"allow":["GET"]}}],"collection":[{"href":"https:\/\/vog.com.tn\/index.php?rest_route=\/wp\/v2\/product"}],"about":[{"href":"https:\/\/vog.com.tn\/index.php?rest_route=\/wp\/v2\/types\/product"}],"replies":[{"embeddable":true,"href":"https:\/\/vog.com.tn\/index.php?rest_route=%2Fwp%2Fv2%2Fcomments&post=31893"}],"wp:featuredmedia":[{"embeddable":true,"href":"https:\/\/vog.com.tn\/index.php?rest_route=\/wp\/v2\/media\/31899"}],"wp:attachment":[{"href":"https:\/\/vog.com.tn\/index.php?rest_route=%2Fwp%2Fv2%2Fmedia&parent=31893"}],"wp:term":[{"taxonomy":"product_brand","embeddable":true,"href":"https:\/\/vog.com.tn\/index.php?rest_route=%2Fwp%2Fv2%2Fproduct_brand&post=31893"},{"taxonomy":"product_cat","embeddable":true,"href":"https:\/\/vog.com.tn\/index.php?rest_route=%2Fwp%2Fv2%2Fproduct_cat&post=31893"},{"taxonomy":"product_tag","embeddable":true,"href":"https:\/\/vog.com.tn\/index.php?rest_route=%2Fwp%2Fv2%2Fproduct_tag&post=31893"}],"curies":[{"name":"wp","href":"https:\/\/api.w.org\/{rel}","templated":true}]}}