{"id":52685,"date":"2022-12-19T10:17:02","date_gmt":"2022-12-19T09:17:02","guid":{"rendered":"https:\/\/vog.com.tn\/?post_type=product&#038;p=52685"},"modified":"2025-05-05T10:38:11","modified_gmt":"2025-05-05T08:38:11","slug":"sous-vetement-vert-44539","status":"publish","type":"product","link":"https:\/\/vog.com.tn\/?product=sous-vetement-vert-44539","title":{"rendered":"Sous V\u00eatement &#8211; 44539 &#8211; VOG"},"content":{"rendered":"<p>Un concentr\u00e9 de mode, un savoir-faire de corsetier unique pour des dessous qui prennent le dessus ! Des soutiens-gorge, aux culottes, en passant par les bodys : de la lingerie pour tous les jours ou de la lingerie d\u2019exception!Vert<\/p>\n","protected":false},"excerpt":{"rendered":"<ul>\n<li>Ensemble 2 pi\u00e8ces :<\/li>\n<li>1 SG tout dentelle padde<\/li>\n<li>Avec armatures forme corbeille n\u0153ud satin\u00e9 d\u00e9coratif \u00e0 l\u2019entrebonnet<\/li>\n<li>Bretelles r\u00e9glables et amovibles<\/li>\n<li>Fermeture au dos par agrafes<\/li>\n<li>1 shorty tout dentelle n\u0153ud satin\u00e9 d\u00e9coratif \u00e0 l\u2019avant fond double<\/li>\n<\/ul>\n","protected":false},"featured_media":52661,"template":"","meta":[],"product_brand":[],"product_cat":[74,15,137],"product_tag":[],"class_list":{"0":"post-52685","1":"product","2":"type-product","3":"status-publish","4":"has-post-thumbnail","6":"product_cat-ensembles-lingerie-femme","7":"product_cat-lingerie","8":"product_cat-mode-femme","9":"pa_couleurs-blanc","10":"pa_couleurs-noir","11":"pa_couleurs-rouge","12":"pa_couleurs-vert","13":"pa_taille-100d","14":"pa_taille-105d","15":"pa_taille-90d","16":"pa_taille-95d","19":"first","20":"instock","21":"taxable","22":"shipping-taxable","23":"purchasable","24":"product-type-variable"},"yoast_head":"<!-- This site is optimized with the Yoast SEO plugin v27.5 - https:\/\/yoast.com\/product\/yoast-seo-wordpress\/ -->\n<title>Sous V\u00eatement - 44539 - VOG - Vog Tunisie<\/title>\n<meta name=\"robots\" content=\"index, follow, max-snippet:-1, max-image-preview:large, max-video-preview:-1\" \/>\n<link rel=\"canonical\" href=\"https:\/\/vog.com.tn\/?product=sous-vetement-vert-44539\" \/>\n<meta property=\"og:locale\" content=\"fr_FR\" \/>\n<meta property=\"og:type\" content=\"article\" \/>\n<meta property=\"og:title\" content=\"Sous V\u00eatement - 44539 - VOG - Vog Tunisie\" \/>\n<meta property=\"og:description\" content=\"Ensemble 2 pi\u00e8ces :  1 SG tout dentelle padde  Avec armatures forme corbeille n\u0153ud satin\u00e9 d\u00e9coratif \u00e0 l\u2019entrebonnet  Bretelles r\u00e9glables et amovibles  Fermeture au dos par agrafes  1 shorty tout dentelle n\u0153ud satin\u00e9 d\u00e9coratif \u00e0 l\u2019avant fond double\" \/>\n<meta property=\"og:url\" content=\"https:\/\/vog.com.tn\/?product=sous-vetement-vert-44539\" \/>\n<meta property=\"og:site_name\" content=\"Vog Tunisie\" \/>\n<meta property=\"article:modified_time\" content=\"2025-05-05T08:38:11+00:00\" \/>\n<meta property=\"og:image\" content=\"https:\/\/vog.com.tn\/wp-content\/uploads\/2022\/12\/44539Vert1.jpg\" \/>\n\t<meta property=\"og:image:width\" content=\"666\" \/>\n\t<meta property=\"og:image:height\" content=\"1000\" \/>\n\t<meta property=\"og:image:type\" content=\"image\/jpeg\" \/>\n<meta name=\"twitter:card\" content=\"summary_large_image\" \/>\n<meta name=\"twitter:label1\" content=\"Dur\u00e9e de lecture estim\u00e9e\" \/>\n\t<meta name=\"twitter:data1\" content=\"1 minute\" \/>\n<script type=\"application\/ld+json\" class=\"yoast-schema-graph\">{\"@context\":\"https:\\\/\\\/schema.org\",\"@graph\":[{\"@type\":\"WebPage\",\"@id\":\"https:\\\/\\\/vog.com.tn\\\/?product=sous-vetement-vert-44539\",\"url\":\"https:\\\/\\\/vog.com.tn\\\/?product=sous-vetement-vert-44539\",\"name\":\"Sous V\u00eatement - 44539 - VOG - Vog Tunisie\",\"isPartOf\":{\"@id\":\"https:\\\/\\\/vog.com.tn\\\/#website\"},\"primaryImageOfPage\":{\"@id\":\"https:\\\/\\\/vog.com.tn\\\/?product=sous-vetement-vert-44539#primaryimage\"},\"image\":{\"@id\":\"https:\\\/\\\/vog.com.tn\\\/?product=sous-vetement-vert-44539#primaryimage\"},\"thumbnailUrl\":\"https:\\\/\\\/vog.com.tn\\\/wp-content\\\/uploads\\\/2022\\\/12\\\/44539Vert1.jpg\",\"datePublished\":\"2022-12-19T09:17:02+00:00\",\"dateModified\":\"2025-05-05T08:38:11+00:00\",\"breadcrumb\":{\"@id\":\"https:\\\/\\\/vog.com.tn\\\/?product=sous-vetement-vert-44539#breadcrumb\"},\"inLanguage\":\"fr-FR\",\"potentialAction\":[{\"@type\":\"ReadAction\",\"target\":[\"https:\\\/\\\/vog.com.tn\\\/?product=sous-vetement-vert-44539\"]}]},{\"@type\":\"ImageObject\",\"inLanguage\":\"fr-FR\",\"@id\":\"https:\\\/\\\/vog.com.tn\\\/?product=sous-vetement-vert-44539#primaryimage\",\"url\":\"https:\\\/\\\/vog.com.tn\\\/wp-content\\\/uploads\\\/2022\\\/12\\\/44539Vert1.jpg\",\"contentUrl\":\"https:\\\/\\\/vog.com.tn\\\/wp-content\\\/uploads\\\/2022\\\/12\\\/44539Vert1.jpg\",\"width\":666,\"height\":1000,\"caption\":\"image-vog\"},{\"@type\":\"BreadcrumbList\",\"@id\":\"https:\\\/\\\/vog.com.tn\\\/?product=sous-vetement-vert-44539#breadcrumb\",\"itemListElement\":[{\"@type\":\"ListItem\",\"position\":1,\"name\":\"Home\",\"item\":\"https:\\\/\\\/vog.com.tn\\\/\"},{\"@type\":\"ListItem\",\"position\":2,\"name\":\"Produits\",\"item\":\"https:\\\/\\\/vog.com.tn\\\/?page_id=8\"},{\"@type\":\"ListItem\",\"position\":3,\"name\":\"Sous V\u00eatement &#8211; 44539 &#8211; VOG\"}]},{\"@type\":\"WebSite\",\"@id\":\"https:\\\/\\\/vog.com.tn\\\/#website\",\"url\":\"https:\\\/\\\/vog.com.tn\\\/\",\"name\":\"Vog Tunisie\",\"description\":\"Pr\u00eat-\u00e0-porter\",\"potentialAction\":[{\"@type\":\"SearchAction\",\"target\":{\"@type\":\"EntryPoint\",\"urlTemplate\":\"https:\\\/\\\/vog.com.tn\\\/?s={search_term_string}\"},\"query-input\":{\"@type\":\"PropertyValueSpecification\",\"valueRequired\":true,\"valueName\":\"search_term_string\"}}],\"inLanguage\":\"fr-FR\"}]}<\/script>\n<!-- \/ Yoast SEO plugin. -->","yoast_head_json":{"title":"Sous V\u00eatement - 44539 - VOG - Vog Tunisie","robots":{"index":"index","follow":"follow","max-snippet":"max-snippet:-1","max-image-preview":"max-image-preview:large","max-video-preview":"max-video-preview:-1"},"canonical":"https:\/\/vog.com.tn\/?product=sous-vetement-vert-44539","og_locale":"fr_FR","og_type":"article","og_title":"Sous V\u00eatement - 44539 - VOG - Vog Tunisie","og_description":"Ensemble 2 pi\u00e8ces :  1 SG tout dentelle padde  Avec armatures forme corbeille n\u0153ud satin\u00e9 d\u00e9coratif \u00e0 l\u2019entrebonnet  Bretelles r\u00e9glables et amovibles  Fermeture au dos par agrafes  1 shorty tout dentelle n\u0153ud satin\u00e9 d\u00e9coratif \u00e0 l\u2019avant fond double","og_url":"https:\/\/vog.com.tn\/?product=sous-vetement-vert-44539","og_site_name":"Vog Tunisie","article_modified_time":"2025-05-05T08:38:11+00:00","og_image":[{"width":666,"height":1000,"url":"https:\/\/vog.com.tn\/wp-content\/uploads\/2022\/12\/44539Vert1.jpg","type":"image\/jpeg"}],"twitter_card":"summary_large_image","twitter_misc":{"Dur\u00e9e de lecture estim\u00e9e":"1 minute"},"schema":{"@context":"https:\/\/schema.org","@graph":[{"@type":"WebPage","@id":"https:\/\/vog.com.tn\/?product=sous-vetement-vert-44539","url":"https:\/\/vog.com.tn\/?product=sous-vetement-vert-44539","name":"Sous V\u00eatement - 44539 - VOG - Vog Tunisie","isPartOf":{"@id":"https:\/\/vog.com.tn\/#website"},"primaryImageOfPage":{"@id":"https:\/\/vog.com.tn\/?product=sous-vetement-vert-44539#primaryimage"},"image":{"@id":"https:\/\/vog.com.tn\/?product=sous-vetement-vert-44539#primaryimage"},"thumbnailUrl":"https:\/\/vog.com.tn\/wp-content\/uploads\/2022\/12\/44539Vert1.jpg","datePublished":"2022-12-19T09:17:02+00:00","dateModified":"2025-05-05T08:38:11+00:00","breadcrumb":{"@id":"https:\/\/vog.com.tn\/?product=sous-vetement-vert-44539#breadcrumb"},"inLanguage":"fr-FR","potentialAction":[{"@type":"ReadAction","target":["https:\/\/vog.com.tn\/?product=sous-vetement-vert-44539"]}]},{"@type":"ImageObject","inLanguage":"fr-FR","@id":"https:\/\/vog.com.tn\/?product=sous-vetement-vert-44539#primaryimage","url":"https:\/\/vog.com.tn\/wp-content\/uploads\/2022\/12\/44539Vert1.jpg","contentUrl":"https:\/\/vog.com.tn\/wp-content\/uploads\/2022\/12\/44539Vert1.jpg","width":666,"height":1000,"caption":"image-vog"},{"@type":"BreadcrumbList","@id":"https:\/\/vog.com.tn\/?product=sous-vetement-vert-44539#breadcrumb","itemListElement":[{"@type":"ListItem","position":1,"name":"Home","item":"https:\/\/vog.com.tn\/"},{"@type":"ListItem","position":2,"name":"Produits","item":"https:\/\/vog.com.tn\/?page_id=8"},{"@type":"ListItem","position":3,"name":"Sous V\u00eatement &#8211; 44539 &#8211; VOG"}]},{"@type":"WebSite","@id":"https:\/\/vog.com.tn\/#website","url":"https:\/\/vog.com.tn\/","name":"Vog Tunisie","description":"Pr\u00eat-\u00e0-porter","potentialAction":[{"@type":"SearchAction","target":{"@type":"EntryPoint","urlTemplate":"https:\/\/vog.com.tn\/?s={search_term_string}"},"query-input":{"@type":"PropertyValueSpecification","valueRequired":true,"valueName":"search_term_string"}}],"inLanguage":"fr-FR"}]}},"_links":{"self":[{"href":"https:\/\/vog.com.tn\/index.php?rest_route=\/wp\/v2\/product\/52685","targetHints":{"allow":["GET"]}}],"collection":[{"href":"https:\/\/vog.com.tn\/index.php?rest_route=\/wp\/v2\/product"}],"about":[{"href":"https:\/\/vog.com.tn\/index.php?rest_route=\/wp\/v2\/types\/product"}],"wp:featuredmedia":[{"embeddable":true,"href":"https:\/\/vog.com.tn\/index.php?rest_route=\/wp\/v2\/media\/52661"}],"wp:attachment":[{"href":"https:\/\/vog.com.tn\/index.php?rest_route=%2Fwp%2Fv2%2Fmedia&parent=52685"}],"wp:term":[{"taxonomy":"product_brand","embeddable":true,"href":"https:\/\/vog.com.tn\/index.php?rest_route=%2Fwp%2Fv2%2Fproduct_brand&post=52685"},{"taxonomy":"product_cat","embeddable":true,"href":"https:\/\/vog.com.tn\/index.php?rest_route=%2Fwp%2Fv2%2Fproduct_cat&post=52685"},{"taxonomy":"product_tag","embeddable":true,"href":"https:\/\/vog.com.tn\/index.php?rest_route=%2Fwp%2Fv2%2Fproduct_tag&post=52685"}],"curies":[{"name":"wp","href":"https:\/\/api.w.org\/{rel}","templated":true}]}}