{"id":60435,"date":"2023-05-19T14:15:30","date_gmt":"2023-05-19T12:15:30","guid":{"rendered":"https:\/\/vog.com.tn\/?post_type=product&#038;p=60435"},"modified":"2024-10-13T17:24:02","modified_gmt":"2024-10-13T15:24:02","slug":"crop-top-femme-151107","status":"publish","type":"product","link":"https:\/\/vog.com.tn\/?product=crop-top-femme-151107","title":{"rendered":"Crop Top Femme \u2013 151107 \u2013 VOG"},"content":{"rendered":"<p>VOG met en vente en ligne Crop Top Femme en Tunisie. Le t-shirt est un v\u00eatement embl\u00e9matique et n\u00e9cessaire par sa simplicit\u00e9 mais aussi pour son c\u00f4t\u00e9 intemporel. Que ce soit pour une activit\u00e9 sportive ou pour accompagner une tenue plus chic. Il pourra se d\u00e9cliner en diff\u00e9rents mod\u00e8les classiques ou plus tendance . En plus des nombreuses couleurs disponibles, vous pouvez compter sur une multitude de motifs et d\u2019imprim\u00e9s. La Boutique VOG vous propose un large choix de t-shirts femme pour tous les styles.<\/p>\n<div class=\"heateorSssClear\"><\/div>\n<div class=\"heateor_sss_sharing_container heateor_sss_horizontal_sharing\" data-heateor-sss-href=\"https:\/\/vog.com.tn\/?product=crop-top-taupe-146225\"><\/div>\n","protected":false},"excerpt":{"rendered":"<h2 class=\"vente-lgn-dsc\">Vente en ligne Crop Top pour femme.<\/h2>\n<ul>\n<li>Crop top en maille moulant<\/li>\n<li>Crop top ajustables \u00e9lastique\u00a0\u00e0 la taille.<\/li>\n<li>Mod\u00e8le col V<\/li>\n<li>Longueur : environ 27\u00a0cm.<\/li>\n<li>Composition :92% \u00e9lasthanne et 8% viscose.<\/li>\n<\/ul>\n","protected":false},"featured_media":60436,"template":"","meta":[],"product_brand":[],"product_cat":[137,68,71],"product_tag":[],"class_list":{"0":"post-60435","1":"product","2":"type-product","3":"status-publish","4":"has-post-thumbnail","6":"product_cat-mode-femme","7":"product_cat-t-shirt","8":"product_cat-vetements-femme","9":"pa_couleurs-blanc","10":"pa_couleurs-fushia","11":"pa_couleurs-noir","12":"pa_couleurs-pistache","13":"pa_taille-m-l","14":"pa_taille-s-m","17":"first","18":"instock","19":"taxable","20":"shipping-taxable","21":"purchasable","22":"product-type-variable"},"yoast_head":"<!-- This site is optimized with the Yoast SEO plugin v27.5 - https:\/\/yoast.com\/product\/yoast-seo-wordpress\/ -->\n<title>Crop Top Femme \u2013 151107 \u2013 VOG - Vog Tunisie<\/title>\n<meta name=\"robots\" content=\"index, follow, max-snippet:-1, max-image-preview:large, max-video-preview:-1\" \/>\n<link rel=\"canonical\" href=\"https:\/\/vog.com.tn\/?product=crop-top-femme-151107\" \/>\n<meta property=\"og:locale\" content=\"fr_FR\" \/>\n<meta property=\"og:type\" content=\"article\" \/>\n<meta property=\"og:title\" content=\"Crop Top Femme \u2013 151107 \u2013 VOG - Vog Tunisie\" \/>\n<meta property=\"og:description\" content=\"Vente en ligne Crop Top pour femme.   Crop top en maille moulant  Crop top ajustables \u00e9lastique\u00a0\u00e0 la taille.  Mod\u00e8le col V  Longueur : environ 27\u00a0cm.  Composition :92% \u00e9lasthanne et 8% viscose.\" \/>\n<meta property=\"og:url\" content=\"https:\/\/vog.com.tn\/?product=crop-top-femme-151107\" \/>\n<meta property=\"og:site_name\" content=\"Vog Tunisie\" \/>\n<meta property=\"article:modified_time\" content=\"2024-10-13T15:24:02+00:00\" \/>\n<meta property=\"og:image\" content=\"https:\/\/vog.com.tn\/wp-content\/uploads\/2023\/05\/151107-BLANC.jpeg\" \/>\n\t<meta property=\"og:image:width\" content=\"622\" \/>\n\t<meta property=\"og:image:height\" content=\"828\" \/>\n\t<meta property=\"og:image:type\" content=\"image\/jpeg\" \/>\n<meta name=\"twitter:card\" content=\"summary_large_image\" \/>\n<meta name=\"twitter:label1\" content=\"Dur\u00e9e de lecture estim\u00e9e\" \/>\n\t<meta name=\"twitter:data1\" content=\"1 minute\" \/>\n<script type=\"application\/ld+json\" class=\"yoast-schema-graph\">{\"@context\":\"https:\\\/\\\/schema.org\",\"@graph\":[{\"@type\":\"WebPage\",\"@id\":\"https:\\\/\\\/vog.com.tn\\\/?product=crop-top-femme-151107\",\"url\":\"https:\\\/\\\/vog.com.tn\\\/?product=crop-top-femme-151107\",\"name\":\"Crop Top Femme \u2013 151107 \u2013 VOG - Vog Tunisie\",\"isPartOf\":{\"@id\":\"https:\\\/\\\/vog.com.tn\\\/#website\"},\"primaryImageOfPage\":{\"@id\":\"https:\\\/\\\/vog.com.tn\\\/?product=crop-top-femme-151107#primaryimage\"},\"image\":{\"@id\":\"https:\\\/\\\/vog.com.tn\\\/?product=crop-top-femme-151107#primaryimage\"},\"thumbnailUrl\":\"https:\\\/\\\/vog.com.tn\\\/wp-content\\\/uploads\\\/2023\\\/05\\\/151107-BLANC.jpeg\",\"datePublished\":\"2023-05-19T12:15:30+00:00\",\"dateModified\":\"2024-10-13T15:24:02+00:00\",\"breadcrumb\":{\"@id\":\"https:\\\/\\\/vog.com.tn\\\/?product=crop-top-femme-151107#breadcrumb\"},\"inLanguage\":\"fr-FR\",\"potentialAction\":[{\"@type\":\"ReadAction\",\"target\":[\"https:\\\/\\\/vog.com.tn\\\/?product=crop-top-femme-151107\"]}]},{\"@type\":\"ImageObject\",\"inLanguage\":\"fr-FR\",\"@id\":\"https:\\\/\\\/vog.com.tn\\\/?product=crop-top-femme-151107#primaryimage\",\"url\":\"https:\\\/\\\/vog.com.tn\\\/wp-content\\\/uploads\\\/2023\\\/05\\\/151107-BLANC.jpeg\",\"contentUrl\":\"https:\\\/\\\/vog.com.tn\\\/wp-content\\\/uploads\\\/2023\\\/05\\\/151107-BLANC.jpeg\",\"width\":622,\"height\":828},{\"@type\":\"BreadcrumbList\",\"@id\":\"https:\\\/\\\/vog.com.tn\\\/?product=crop-top-femme-151107#breadcrumb\",\"itemListElement\":[{\"@type\":\"ListItem\",\"position\":1,\"name\":\"Home\",\"item\":\"https:\\\/\\\/vog.com.tn\\\/\"},{\"@type\":\"ListItem\",\"position\":2,\"name\":\"Produits\",\"item\":\"https:\\\/\\\/vog.com.tn\\\/?page_id=8\"},{\"@type\":\"ListItem\",\"position\":3,\"name\":\"Crop Top Femme \u2013 151107 \u2013 VOG\"}]},{\"@type\":\"WebSite\",\"@id\":\"https:\\\/\\\/vog.com.tn\\\/#website\",\"url\":\"https:\\\/\\\/vog.com.tn\\\/\",\"name\":\"Vog Tunisie\",\"description\":\"Pr\u00eat-\u00e0-porter\",\"potentialAction\":[{\"@type\":\"SearchAction\",\"target\":{\"@type\":\"EntryPoint\",\"urlTemplate\":\"https:\\\/\\\/vog.com.tn\\\/?s={search_term_string}\"},\"query-input\":{\"@type\":\"PropertyValueSpecification\",\"valueRequired\":true,\"valueName\":\"search_term_string\"}}],\"inLanguage\":\"fr-FR\"}]}<\/script>\n<!-- \/ Yoast SEO plugin. -->","yoast_head_json":{"title":"Crop Top Femme \u2013 151107 \u2013 VOG - Vog Tunisie","robots":{"index":"index","follow":"follow","max-snippet":"max-snippet:-1","max-image-preview":"max-image-preview:large","max-video-preview":"max-video-preview:-1"},"canonical":"https:\/\/vog.com.tn\/?product=crop-top-femme-151107","og_locale":"fr_FR","og_type":"article","og_title":"Crop Top Femme \u2013 151107 \u2013 VOG - Vog Tunisie","og_description":"Vente en ligne Crop Top pour femme.   Crop top en maille moulant  Crop top ajustables \u00e9lastique\u00a0\u00e0 la taille.  Mod\u00e8le col V  Longueur : environ 27\u00a0cm.  Composition :92% \u00e9lasthanne et 8% viscose.","og_url":"https:\/\/vog.com.tn\/?product=crop-top-femme-151107","og_site_name":"Vog Tunisie","article_modified_time":"2024-10-13T15:24:02+00:00","og_image":[{"width":622,"height":828,"url":"https:\/\/vog.com.tn\/wp-content\/uploads\/2023\/05\/151107-BLANC.jpeg","type":"image\/jpeg"}],"twitter_card":"summary_large_image","twitter_misc":{"Dur\u00e9e de lecture estim\u00e9e":"1 minute"},"schema":{"@context":"https:\/\/schema.org","@graph":[{"@type":"WebPage","@id":"https:\/\/vog.com.tn\/?product=crop-top-femme-151107","url":"https:\/\/vog.com.tn\/?product=crop-top-femme-151107","name":"Crop Top Femme \u2013 151107 \u2013 VOG - Vog Tunisie","isPartOf":{"@id":"https:\/\/vog.com.tn\/#website"},"primaryImageOfPage":{"@id":"https:\/\/vog.com.tn\/?product=crop-top-femme-151107#primaryimage"},"image":{"@id":"https:\/\/vog.com.tn\/?product=crop-top-femme-151107#primaryimage"},"thumbnailUrl":"https:\/\/vog.com.tn\/wp-content\/uploads\/2023\/05\/151107-BLANC.jpeg","datePublished":"2023-05-19T12:15:30+00:00","dateModified":"2024-10-13T15:24:02+00:00","breadcrumb":{"@id":"https:\/\/vog.com.tn\/?product=crop-top-femme-151107#breadcrumb"},"inLanguage":"fr-FR","potentialAction":[{"@type":"ReadAction","target":["https:\/\/vog.com.tn\/?product=crop-top-femme-151107"]}]},{"@type":"ImageObject","inLanguage":"fr-FR","@id":"https:\/\/vog.com.tn\/?product=crop-top-femme-151107#primaryimage","url":"https:\/\/vog.com.tn\/wp-content\/uploads\/2023\/05\/151107-BLANC.jpeg","contentUrl":"https:\/\/vog.com.tn\/wp-content\/uploads\/2023\/05\/151107-BLANC.jpeg","width":622,"height":828},{"@type":"BreadcrumbList","@id":"https:\/\/vog.com.tn\/?product=crop-top-femme-151107#breadcrumb","itemListElement":[{"@type":"ListItem","position":1,"name":"Home","item":"https:\/\/vog.com.tn\/"},{"@type":"ListItem","position":2,"name":"Produits","item":"https:\/\/vog.com.tn\/?page_id=8"},{"@type":"ListItem","position":3,"name":"Crop Top Femme \u2013 151107 \u2013 VOG"}]},{"@type":"WebSite","@id":"https:\/\/vog.com.tn\/#website","url":"https:\/\/vog.com.tn\/","name":"Vog Tunisie","description":"Pr\u00eat-\u00e0-porter","potentialAction":[{"@type":"SearchAction","target":{"@type":"EntryPoint","urlTemplate":"https:\/\/vog.com.tn\/?s={search_term_string}"},"query-input":{"@type":"PropertyValueSpecification","valueRequired":true,"valueName":"search_term_string"}}],"inLanguage":"fr-FR"}]}},"_links":{"self":[{"href":"https:\/\/vog.com.tn\/index.php?rest_route=\/wp\/v2\/product\/60435","targetHints":{"allow":["GET"]}}],"collection":[{"href":"https:\/\/vog.com.tn\/index.php?rest_route=\/wp\/v2\/product"}],"about":[{"href":"https:\/\/vog.com.tn\/index.php?rest_route=\/wp\/v2\/types\/product"}],"wp:featuredmedia":[{"embeddable":true,"href":"https:\/\/vog.com.tn\/index.php?rest_route=\/wp\/v2\/media\/60436"}],"wp:attachment":[{"href":"https:\/\/vog.com.tn\/index.php?rest_route=%2Fwp%2Fv2%2Fmedia&parent=60435"}],"wp:term":[{"taxonomy":"product_brand","embeddable":true,"href":"https:\/\/vog.com.tn\/index.php?rest_route=%2Fwp%2Fv2%2Fproduct_brand&post=60435"},{"taxonomy":"product_cat","embeddable":true,"href":"https:\/\/vog.com.tn\/index.php?rest_route=%2Fwp%2Fv2%2Fproduct_cat&post=60435"},{"taxonomy":"product_tag","embeddable":true,"href":"https:\/\/vog.com.tn\/index.php?rest_route=%2Fwp%2Fv2%2Fproduct_tag&post=60435"}],"curies":[{"name":"wp","href":"https:\/\/api.w.org\/{rel}","templated":true}]}}