{"id":71491,"date":"2024-04-03T13:15:13","date_gmt":"2024-04-03T11:15:13","guid":{"rendered":"https:\/\/vog.com.tn\/?post_type=product&#038;p=71491"},"modified":"2024-04-03T13:15:19","modified_gmt":"2024-04-03T11:15:19","slug":"sac-a-main-similicuir-160415-vog","status":"publish","type":"product","link":"https:\/\/vog.com.tn\/?product=sac-a-main-similicuir-160415-vog","title":{"rendered":"Sac \u00c0 Main \u2013 Similicuir \u2013160415- VOG"},"content":{"rendered":"<p>Accessoire star de nos tenues, le sac \u00e0 main pour femme se d\u00e9cline dans toutes les mati\u00e8res et sur tous les tons. Si on reste attach\u00e9e \u00e0 la noblesse du semi cuir, les marques redoublent de cr\u00e9ativit\u00e9 pour toujours mieux nous surprendre. Classiques ou r\u00e9solument audacieux, les formes et les styles se conjuguent en hommage \u00e0 la f\u00e9minit\u00e9.<\/p>\n","protected":false},"excerpt":{"rendered":"<p>\u2022 Sac \u00e0 Main D&rsquo;\u00e9pissage<br \/>\n\u2022 Ext\u00e9rieur: synth\u00e9tique<br \/>\n\u2022 Doublure: polyester<br \/>\n\u2022 Dot\u00e9 2 poches int\u00e9rieures<br \/>\n\u2022 Fermeture magn\u00e9tique<br \/>\n\u2022 Dimension: 31*14*20 cm<br \/>\n\u2022 Poids:0.77 kg\/unit\u00e9<\/p>\n","protected":false},"featured_media":71500,"template":"","meta":[],"product_brand":[],"product_cat":[137,360,122,123],"product_tag":[],"class_list":{"0":"post-71491","1":"product","2":"type-product","3":"status-publish","4":"has-post-thumbnail","6":"product_cat-mode-femme","7":"product_cat-nouvelle-collection","8":"product_cat-vente-en-ligne-sacs-femme-tunisievog-pret-a-porter-tunisie","9":"product_cat-sacs-a-main-femme","10":"pa_couleurs-beige","11":"pa_couleurs-choco","12":"pa_couleurs-n-blanc","13":"pa_couleurs-noir","16":"first","17":"instock","18":"taxable","19":"shipping-taxable","20":"purchasable","21":"product-type-variable"},"yoast_head":"<!-- This site is optimized with the Yoast SEO plugin v27.5 - https:\/\/yoast.com\/product\/yoast-seo-wordpress\/ -->\n<title>Sac \u00c0 Main \u2013 Similicuir \u2013160415- VOG - Vog Tunisie<\/title>\n<meta name=\"robots\" content=\"index, follow, max-snippet:-1, max-image-preview:large, max-video-preview:-1\" \/>\n<link rel=\"canonical\" href=\"https:\/\/vog.com.tn\/?product=sac-a-main-similicuir-160415-vog\" \/>\n<meta property=\"og:locale\" content=\"fr_FR\" \/>\n<meta property=\"og:type\" content=\"article\" \/>\n<meta property=\"og:title\" content=\"Sac \u00c0 Main \u2013 Similicuir \u2013160415- VOG - Vog Tunisie\" \/>\n<meta property=\"og:description\" content=\"\u2022 Sac \u00e0 Main D&#039;\u00e9pissage \u2022 Ext\u00e9rieur: synth\u00e9tique \u2022 Doublure: polyester \u2022 Dot\u00e9 2 poches int\u00e9rieures \u2022 Fermeture magn\u00e9tique \u2022 Dimension: 31*14*20 cm \u2022 Poids:0.77 kg\/unit\u00e9\" \/>\n<meta property=\"og:url\" content=\"https:\/\/vog.com.tn\/?product=sac-a-main-similicuir-160415-vog\" \/>\n<meta property=\"og:site_name\" content=\"Vog Tunisie\" \/>\n<meta property=\"article:modified_time\" content=\"2024-04-03T11:15:19+00:00\" \/>\n<meta property=\"og:image\" content=\"https:\/\/vog.com.tn\/wp-content\/uploads\/2024\/04\/160415-choco-1.png\" \/>\n\t<meta property=\"og:image:width\" content=\"572\" \/>\n\t<meta property=\"og:image:height\" content=\"800\" \/>\n\t<meta property=\"og:image:type\" content=\"image\/png\" \/>\n<meta name=\"twitter:card\" content=\"summary_large_image\" \/>\n<meta name=\"twitter:label1\" content=\"Dur\u00e9e de lecture estim\u00e9e\" \/>\n\t<meta name=\"twitter:data1\" content=\"1 minute\" \/>\n<script type=\"application\/ld+json\" class=\"yoast-schema-graph\">{\"@context\":\"https:\\\/\\\/schema.org\",\"@graph\":[{\"@type\":\"WebPage\",\"@id\":\"https:\\\/\\\/vog.com.tn\\\/?product=sac-a-main-similicuir-160415-vog\",\"url\":\"https:\\\/\\\/vog.com.tn\\\/?product=sac-a-main-similicuir-160415-vog\",\"name\":\"Sac \u00c0 Main \u2013 Similicuir \u2013160415- VOG - Vog Tunisie\",\"isPartOf\":{\"@id\":\"https:\\\/\\\/vog.com.tn\\\/#website\"},\"primaryImageOfPage\":{\"@id\":\"https:\\\/\\\/vog.com.tn\\\/?product=sac-a-main-similicuir-160415-vog#primaryimage\"},\"image\":{\"@id\":\"https:\\\/\\\/vog.com.tn\\\/?product=sac-a-main-similicuir-160415-vog#primaryimage\"},\"thumbnailUrl\":\"https:\\\/\\\/vog.com.tn\\\/wp-content\\\/uploads\\\/2024\\\/04\\\/160415-choco-1.png\",\"datePublished\":\"2024-04-03T11:15:13+00:00\",\"dateModified\":\"2024-04-03T11:15:19+00:00\",\"breadcrumb\":{\"@id\":\"https:\\\/\\\/vog.com.tn\\\/?product=sac-a-main-similicuir-160415-vog#breadcrumb\"},\"inLanguage\":\"fr-FR\",\"potentialAction\":[{\"@type\":\"ReadAction\",\"target\":[\"https:\\\/\\\/vog.com.tn\\\/?product=sac-a-main-similicuir-160415-vog\"]}]},{\"@type\":\"ImageObject\",\"inLanguage\":\"fr-FR\",\"@id\":\"https:\\\/\\\/vog.com.tn\\\/?product=sac-a-main-similicuir-160415-vog#primaryimage\",\"url\":\"https:\\\/\\\/vog.com.tn\\\/wp-content\\\/uploads\\\/2024\\\/04\\\/160415-choco-1.png\",\"contentUrl\":\"https:\\\/\\\/vog.com.tn\\\/wp-content\\\/uploads\\\/2024\\\/04\\\/160415-choco-1.png\",\"width\":572,\"height\":800},{\"@type\":\"BreadcrumbList\",\"@id\":\"https:\\\/\\\/vog.com.tn\\\/?product=sac-a-main-similicuir-160415-vog#breadcrumb\",\"itemListElement\":[{\"@type\":\"ListItem\",\"position\":1,\"name\":\"Home\",\"item\":\"https:\\\/\\\/vog.com.tn\\\/\"},{\"@type\":\"ListItem\",\"position\":2,\"name\":\"Produits\",\"item\":\"https:\\\/\\\/vog.com.tn\\\/?page_id=8\"},{\"@type\":\"ListItem\",\"position\":3,\"name\":\"Sac \u00c0 Main \u2013 Similicuir \u2013160415- VOG\"}]},{\"@type\":\"WebSite\",\"@id\":\"https:\\\/\\\/vog.com.tn\\\/#website\",\"url\":\"https:\\\/\\\/vog.com.tn\\\/\",\"name\":\"Vog Tunisie\",\"description\":\"Pr\u00eat-\u00e0-porter\",\"potentialAction\":[{\"@type\":\"SearchAction\",\"target\":{\"@type\":\"EntryPoint\",\"urlTemplate\":\"https:\\\/\\\/vog.com.tn\\\/?s={search_term_string}\"},\"query-input\":{\"@type\":\"PropertyValueSpecification\",\"valueRequired\":true,\"valueName\":\"search_term_string\"}}],\"inLanguage\":\"fr-FR\"}]}<\/script>\n<!-- \/ Yoast SEO plugin. -->","yoast_head_json":{"title":"Sac \u00c0 Main \u2013 Similicuir \u2013160415- VOG - Vog Tunisie","robots":{"index":"index","follow":"follow","max-snippet":"max-snippet:-1","max-image-preview":"max-image-preview:large","max-video-preview":"max-video-preview:-1"},"canonical":"https:\/\/vog.com.tn\/?product=sac-a-main-similicuir-160415-vog","og_locale":"fr_FR","og_type":"article","og_title":"Sac \u00c0 Main \u2013 Similicuir \u2013160415- VOG - Vog Tunisie","og_description":"\u2022 Sac \u00e0 Main D'\u00e9pissage \u2022 Ext\u00e9rieur: synth\u00e9tique \u2022 Doublure: polyester \u2022 Dot\u00e9 2 poches int\u00e9rieures \u2022 Fermeture magn\u00e9tique \u2022 Dimension: 31*14*20 cm \u2022 Poids:0.77 kg\/unit\u00e9","og_url":"https:\/\/vog.com.tn\/?product=sac-a-main-similicuir-160415-vog","og_site_name":"Vog Tunisie","article_modified_time":"2024-04-03T11:15:19+00:00","og_image":[{"width":572,"height":800,"url":"https:\/\/vog.com.tn\/wp-content\/uploads\/2024\/04\/160415-choco-1.png","type":"image\/png"}],"twitter_card":"summary_large_image","twitter_misc":{"Dur\u00e9e de lecture estim\u00e9e":"1 minute"},"schema":{"@context":"https:\/\/schema.org","@graph":[{"@type":"WebPage","@id":"https:\/\/vog.com.tn\/?product=sac-a-main-similicuir-160415-vog","url":"https:\/\/vog.com.tn\/?product=sac-a-main-similicuir-160415-vog","name":"Sac \u00c0 Main \u2013 Similicuir \u2013160415- VOG - Vog Tunisie","isPartOf":{"@id":"https:\/\/vog.com.tn\/#website"},"primaryImageOfPage":{"@id":"https:\/\/vog.com.tn\/?product=sac-a-main-similicuir-160415-vog#primaryimage"},"image":{"@id":"https:\/\/vog.com.tn\/?product=sac-a-main-similicuir-160415-vog#primaryimage"},"thumbnailUrl":"https:\/\/vog.com.tn\/wp-content\/uploads\/2024\/04\/160415-choco-1.png","datePublished":"2024-04-03T11:15:13+00:00","dateModified":"2024-04-03T11:15:19+00:00","breadcrumb":{"@id":"https:\/\/vog.com.tn\/?product=sac-a-main-similicuir-160415-vog#breadcrumb"},"inLanguage":"fr-FR","potentialAction":[{"@type":"ReadAction","target":["https:\/\/vog.com.tn\/?product=sac-a-main-similicuir-160415-vog"]}]},{"@type":"ImageObject","inLanguage":"fr-FR","@id":"https:\/\/vog.com.tn\/?product=sac-a-main-similicuir-160415-vog#primaryimage","url":"https:\/\/vog.com.tn\/wp-content\/uploads\/2024\/04\/160415-choco-1.png","contentUrl":"https:\/\/vog.com.tn\/wp-content\/uploads\/2024\/04\/160415-choco-1.png","width":572,"height":800},{"@type":"BreadcrumbList","@id":"https:\/\/vog.com.tn\/?product=sac-a-main-similicuir-160415-vog#breadcrumb","itemListElement":[{"@type":"ListItem","position":1,"name":"Home","item":"https:\/\/vog.com.tn\/"},{"@type":"ListItem","position":2,"name":"Produits","item":"https:\/\/vog.com.tn\/?page_id=8"},{"@type":"ListItem","position":3,"name":"Sac \u00c0 Main \u2013 Similicuir \u2013160415- VOG"}]},{"@type":"WebSite","@id":"https:\/\/vog.com.tn\/#website","url":"https:\/\/vog.com.tn\/","name":"Vog Tunisie","description":"Pr\u00eat-\u00e0-porter","potentialAction":[{"@type":"SearchAction","target":{"@type":"EntryPoint","urlTemplate":"https:\/\/vog.com.tn\/?s={search_term_string}"},"query-input":{"@type":"PropertyValueSpecification","valueRequired":true,"valueName":"search_term_string"}}],"inLanguage":"fr-FR"}]}},"_links":{"self":[{"href":"https:\/\/vog.com.tn\/index.php?rest_route=\/wp\/v2\/product\/71491","targetHints":{"allow":["GET"]}}],"collection":[{"href":"https:\/\/vog.com.tn\/index.php?rest_route=\/wp\/v2\/product"}],"about":[{"href":"https:\/\/vog.com.tn\/index.php?rest_route=\/wp\/v2\/types\/product"}],"wp:featuredmedia":[{"embeddable":true,"href":"https:\/\/vog.com.tn\/index.php?rest_route=\/wp\/v2\/media\/71500"}],"wp:attachment":[{"href":"https:\/\/vog.com.tn\/index.php?rest_route=%2Fwp%2Fv2%2Fmedia&parent=71491"}],"wp:term":[{"taxonomy":"product_brand","embeddable":true,"href":"https:\/\/vog.com.tn\/index.php?rest_route=%2Fwp%2Fv2%2Fproduct_brand&post=71491"},{"taxonomy":"product_cat","embeddable":true,"href":"https:\/\/vog.com.tn\/index.php?rest_route=%2Fwp%2Fv2%2Fproduct_cat&post=71491"},{"taxonomy":"product_tag","embeddable":true,"href":"https:\/\/vog.com.tn\/index.php?rest_route=%2Fwp%2Fv2%2Fproduct_tag&post=71491"}],"curies":[{"name":"wp","href":"https:\/\/api.w.org\/{rel}","templated":true}]}}