{"id":77253,"date":"2024-10-29T17:11:12","date_gmt":"2024-10-29T16:11:12","guid":{"rendered":"https:\/\/vog.com.tn\/?post_type=product&#038;p=77253"},"modified":"2025-10-06T17:47:28","modified_gmt":"2025-10-06T15:47:28","slug":"mocassin-femme-177403-vog","status":"publish","type":"product","link":"https:\/\/vog.com.tn\/?product=mocassin-femme-177403-vog","title":{"rendered":"Mocassin femme 177403-Vog"},"content":{"rendered":"<p><strong>Mocassins en su\u00e9dine avec bout rond et d\u00e9tail bijou scintillant.<\/strong> Disponibles en beige et en noir, ces mocassins offrent une semelle renforc\u00e9e et rembourr\u00e9e pour un confort optimal. Fabriqu\u00e9s en mat\u00e9riau synth\u00e9tique pour la tige, la semelle int\u00e9rieure et ext\u00e9rieure, ils poss\u00e8dent un talon d\u2019environ 2 cm de hauteur, ajoutant une touche de sophistication sans compromettre le confort.<\/p>\n","protected":false},"excerpt":{"rendered":"<p><strong>Mocassins femme en su\u00e9dine :<\/strong><\/p>\n<ul>\n<li>Bout rond avec bijou scintillant.<\/li>\n<li>Coloris disponibles : beige et noir.<\/li>\n<li>Semelle renforc\u00e9e et rembourr\u00e9e pour un confort optimal.<\/li>\n<li>Tige, semelle int\u00e9rieure et ext\u00e9rieure en synth\u00e9tique.<\/li>\n<li>Hauteur du talon : 2 cm environ.<\/li>\n<\/ul>\n","protected":false},"featured_media":77271,"template":"","meta":[],"product_brand":[],"product_cat":[96,128,137,360],"product_tag":[],"class_list":{"0":"post-77253","1":"product","2":"type-product","3":"status-publish","4":"has-post-thumbnail","6":"product_cat-chaussures-femme","7":"product_cat-mocassins-ballerines-femme","8":"product_cat-mode-femme","9":"product_cat-nouvelle-collection","10":"pa_couleurs-beige","11":"pa_couleurs-noir","12":"pa_pointure-105","13":"pa_pointure-106","14":"pa_pointure-107","15":"pa_pointure-108","16":"pa_pointure-109","17":"pa_pointure-110","20":"first","21":"instock","22":"taxable","23":"shipping-taxable","24":"purchasable","25":"product-type-variable"},"yoast_head":"<!-- This site is optimized with the Yoast SEO plugin v27.5 - https:\/\/yoast.com\/product\/yoast-seo-wordpress\/ -->\n<title>Mocassin femme 177403-Vog - Vog Tunisie<\/title>\n<meta name=\"robots\" content=\"index, follow, max-snippet:-1, max-image-preview:large, max-video-preview:-1\" \/>\n<link rel=\"canonical\" href=\"https:\/\/vog.com.tn\/?product=mocassin-femme-177403-vog\" \/>\n<meta property=\"og:locale\" content=\"fr_FR\" \/>\n<meta property=\"og:type\" content=\"article\" \/>\n<meta property=\"og:title\" content=\"Mocassin femme 177403-Vog - Vog Tunisie\" \/>\n<meta property=\"og:description\" content=\"Mocassins femme en su\u00e9dine :   Bout rond avec bijou scintillant.  Coloris disponibles : beige et noir.  Semelle renforc\u00e9e et rembourr\u00e9e pour un confort optimal.  Tige, semelle int\u00e9rieure et ext\u00e9rieure en synth\u00e9tique.  Hauteur du talon : 2 cm environ.\" \/>\n<meta property=\"og:url\" content=\"https:\/\/vog.com.tn\/?product=mocassin-femme-177403-vog\" \/>\n<meta property=\"og:site_name\" content=\"Vog Tunisie\" \/>\n<meta property=\"article:modified_time\" content=\"2025-10-06T15:47:28+00:00\" \/>\n<meta property=\"og:image\" content=\"https:\/\/vog.com.tn\/wp-content\/uploads\/2024\/10\/177403-noir.png\" \/>\n\t<meta property=\"og:image:width\" content=\"572\" \/>\n\t<meta property=\"og:image:height\" content=\"800\" \/>\n\t<meta property=\"og:image:type\" content=\"image\/png\" \/>\n<meta name=\"twitter:card\" content=\"summary_large_image\" \/>\n<meta name=\"twitter:label1\" content=\"Dur\u00e9e de lecture estim\u00e9e\" \/>\n\t<meta name=\"twitter:data1\" content=\"1 minute\" \/>\n<script type=\"application\/ld+json\" class=\"yoast-schema-graph\">{\"@context\":\"https:\\\/\\\/schema.org\",\"@graph\":[{\"@type\":\"WebPage\",\"@id\":\"https:\\\/\\\/vog.com.tn\\\/?product=mocassin-femme-177403-vog\",\"url\":\"https:\\\/\\\/vog.com.tn\\\/?product=mocassin-femme-177403-vog\",\"name\":\"Mocassin femme 177403-Vog - Vog Tunisie\",\"isPartOf\":{\"@id\":\"https:\\\/\\\/vog.com.tn\\\/#website\"},\"primaryImageOfPage\":{\"@id\":\"https:\\\/\\\/vog.com.tn\\\/?product=mocassin-femme-177403-vog#primaryimage\"},\"image\":{\"@id\":\"https:\\\/\\\/vog.com.tn\\\/?product=mocassin-femme-177403-vog#primaryimage\"},\"thumbnailUrl\":\"https:\\\/\\\/vog.com.tn\\\/wp-content\\\/uploads\\\/2024\\\/10\\\/177403-noir.png\",\"datePublished\":\"2024-10-29T16:11:12+00:00\",\"dateModified\":\"2025-10-06T15:47:28+00:00\",\"breadcrumb\":{\"@id\":\"https:\\\/\\\/vog.com.tn\\\/?product=mocassin-femme-177403-vog#breadcrumb\"},\"inLanguage\":\"fr-FR\",\"potentialAction\":[{\"@type\":\"ReadAction\",\"target\":[\"https:\\\/\\\/vog.com.tn\\\/?product=mocassin-femme-177403-vog\"]}]},{\"@type\":\"ImageObject\",\"inLanguage\":\"fr-FR\",\"@id\":\"https:\\\/\\\/vog.com.tn\\\/?product=mocassin-femme-177403-vog#primaryimage\",\"url\":\"https:\\\/\\\/vog.com.tn\\\/wp-content\\\/uploads\\\/2024\\\/10\\\/177403-noir.png\",\"contentUrl\":\"https:\\\/\\\/vog.com.tn\\\/wp-content\\\/uploads\\\/2024\\\/10\\\/177403-noir.png\",\"width\":572,\"height\":800},{\"@type\":\"BreadcrumbList\",\"@id\":\"https:\\\/\\\/vog.com.tn\\\/?product=mocassin-femme-177403-vog#breadcrumb\",\"itemListElement\":[{\"@type\":\"ListItem\",\"position\":1,\"name\":\"Home\",\"item\":\"https:\\\/\\\/vog.com.tn\\\/\"},{\"@type\":\"ListItem\",\"position\":2,\"name\":\"Produits\",\"item\":\"https:\\\/\\\/vog.com.tn\\\/?page_id=8\"},{\"@type\":\"ListItem\",\"position\":3,\"name\":\"Mocassin femme 177403-Vog\"}]},{\"@type\":\"WebSite\",\"@id\":\"https:\\\/\\\/vog.com.tn\\\/#website\",\"url\":\"https:\\\/\\\/vog.com.tn\\\/\",\"name\":\"Vog Tunisie\",\"description\":\"Pr\u00eat-\u00e0-porter\",\"potentialAction\":[{\"@type\":\"SearchAction\",\"target\":{\"@type\":\"EntryPoint\",\"urlTemplate\":\"https:\\\/\\\/vog.com.tn\\\/?s={search_term_string}\"},\"query-input\":{\"@type\":\"PropertyValueSpecification\",\"valueRequired\":true,\"valueName\":\"search_term_string\"}}],\"inLanguage\":\"fr-FR\"}]}<\/script>\n<!-- \/ Yoast SEO plugin. -->","yoast_head_json":{"title":"Mocassin femme 177403-Vog - Vog Tunisie","robots":{"index":"index","follow":"follow","max-snippet":"max-snippet:-1","max-image-preview":"max-image-preview:large","max-video-preview":"max-video-preview:-1"},"canonical":"https:\/\/vog.com.tn\/?product=mocassin-femme-177403-vog","og_locale":"fr_FR","og_type":"article","og_title":"Mocassin femme 177403-Vog - Vog Tunisie","og_description":"Mocassins femme en su\u00e9dine :   Bout rond avec bijou scintillant.  Coloris disponibles : beige et noir.  Semelle renforc\u00e9e et rembourr\u00e9e pour un confort optimal.  Tige, semelle int\u00e9rieure et ext\u00e9rieure en synth\u00e9tique.  Hauteur du talon : 2 cm environ.","og_url":"https:\/\/vog.com.tn\/?product=mocassin-femme-177403-vog","og_site_name":"Vog Tunisie","article_modified_time":"2025-10-06T15:47:28+00:00","og_image":[{"width":572,"height":800,"url":"https:\/\/vog.com.tn\/wp-content\/uploads\/2024\/10\/177403-noir.png","type":"image\/png"}],"twitter_card":"summary_large_image","twitter_misc":{"Dur\u00e9e de lecture estim\u00e9e":"1 minute"},"schema":{"@context":"https:\/\/schema.org","@graph":[{"@type":"WebPage","@id":"https:\/\/vog.com.tn\/?product=mocassin-femme-177403-vog","url":"https:\/\/vog.com.tn\/?product=mocassin-femme-177403-vog","name":"Mocassin femme 177403-Vog - Vog Tunisie","isPartOf":{"@id":"https:\/\/vog.com.tn\/#website"},"primaryImageOfPage":{"@id":"https:\/\/vog.com.tn\/?product=mocassin-femme-177403-vog#primaryimage"},"image":{"@id":"https:\/\/vog.com.tn\/?product=mocassin-femme-177403-vog#primaryimage"},"thumbnailUrl":"https:\/\/vog.com.tn\/wp-content\/uploads\/2024\/10\/177403-noir.png","datePublished":"2024-10-29T16:11:12+00:00","dateModified":"2025-10-06T15:47:28+00:00","breadcrumb":{"@id":"https:\/\/vog.com.tn\/?product=mocassin-femme-177403-vog#breadcrumb"},"inLanguage":"fr-FR","potentialAction":[{"@type":"ReadAction","target":["https:\/\/vog.com.tn\/?product=mocassin-femme-177403-vog"]}]},{"@type":"ImageObject","inLanguage":"fr-FR","@id":"https:\/\/vog.com.tn\/?product=mocassin-femme-177403-vog#primaryimage","url":"https:\/\/vog.com.tn\/wp-content\/uploads\/2024\/10\/177403-noir.png","contentUrl":"https:\/\/vog.com.tn\/wp-content\/uploads\/2024\/10\/177403-noir.png","width":572,"height":800},{"@type":"BreadcrumbList","@id":"https:\/\/vog.com.tn\/?product=mocassin-femme-177403-vog#breadcrumb","itemListElement":[{"@type":"ListItem","position":1,"name":"Home","item":"https:\/\/vog.com.tn\/"},{"@type":"ListItem","position":2,"name":"Produits","item":"https:\/\/vog.com.tn\/?page_id=8"},{"@type":"ListItem","position":3,"name":"Mocassin femme 177403-Vog"}]},{"@type":"WebSite","@id":"https:\/\/vog.com.tn\/#website","url":"https:\/\/vog.com.tn\/","name":"Vog Tunisie","description":"Pr\u00eat-\u00e0-porter","potentialAction":[{"@type":"SearchAction","target":{"@type":"EntryPoint","urlTemplate":"https:\/\/vog.com.tn\/?s={search_term_string}"},"query-input":{"@type":"PropertyValueSpecification","valueRequired":true,"valueName":"search_term_string"}}],"inLanguage":"fr-FR"}]}},"_links":{"self":[{"href":"https:\/\/vog.com.tn\/index.php?rest_route=\/wp\/v2\/product\/77253","targetHints":{"allow":["GET"]}}],"collection":[{"href":"https:\/\/vog.com.tn\/index.php?rest_route=\/wp\/v2\/product"}],"about":[{"href":"https:\/\/vog.com.tn\/index.php?rest_route=\/wp\/v2\/types\/product"}],"wp:featuredmedia":[{"embeddable":true,"href":"https:\/\/vog.com.tn\/index.php?rest_route=\/wp\/v2\/media\/77271"}],"wp:attachment":[{"href":"https:\/\/vog.com.tn\/index.php?rest_route=%2Fwp%2Fv2%2Fmedia&parent=77253"}],"wp:term":[{"taxonomy":"product_brand","embeddable":true,"href":"https:\/\/vog.com.tn\/index.php?rest_route=%2Fwp%2Fv2%2Fproduct_brand&post=77253"},{"taxonomy":"product_cat","embeddable":true,"href":"https:\/\/vog.com.tn\/index.php?rest_route=%2Fwp%2Fv2%2Fproduct_cat&post=77253"},{"taxonomy":"product_tag","embeddable":true,"href":"https:\/\/vog.com.tn\/index.php?rest_route=%2Fwp%2Fv2%2Fproduct_tag&post=77253"}],"curies":[{"name":"wp","href":"https:\/\/api.w.org\/{rel}","templated":true}]}}