{"id":78032,"date":"2024-11-21T13:33:04","date_gmt":"2024-11-21T12:33:04","guid":{"rendered":"https:\/\/vog.com.tn\/?post_type=product&#038;p=78032"},"modified":"2026-03-17T11:12:32","modified_gmt":"2026-03-17T10:12:32","slug":"sweat-a-capuche-femme-300990-vog","status":"publish","type":"product","link":"https:\/\/vog.com.tn\/?product=sweat-a-capuche-femme-300990-vog","title":{"rendered":"sweat \u00e0 capuche femme-300990-vog"},"content":{"rendered":"<p>Vog met en vente en ligne sweat a capuche femme en Tunisie,\u00a0 vous vous assurez de traverser l\u2019automne et l\u2019hiver bien au chaud dans votre capuche moderne et douillet. Le sweat \u00e0 capuche\u00a0 est la pi\u00e8ce parfaite pour \u00eatre styl\u00e9e mais d\u00e9contract entre potes.<\/p>\n","protected":false},"excerpt":{"rendered":"<h4 class=\"vente-lgn-dsc\">Vente en ligne sweat \u00e0 capuche pour femme<\/h4>\n<ul>\n<li>Poche kangourou au devant pour un style d\u00e9contract\u00e9<\/li>\n<li>sweat \u00e0 capuche en Cotton couleur unique<\/li>\n<li>Manches longue Disponible en noir, Camel, noir, gris, blanc adapt\u00e9 \u00e0 toutes les occasions.<\/li>\n<li>Composition : Cotton<\/li>\n<li>Livraison \u00e0 domicile : 8 TND<\/li>\n<li>D\u00e9lai de livraison : 2 \u00e0 3 jours<\/li>\n<li>\u00c9change possible : Vous ne payez que les frais de livraison pour le second colis.<\/li>\n<li>D\u00e9lai d\u2019\u00e9change : Maximum 1 jour.<\/li>\n<\/ul>\n","protected":false},"featured_media":112949,"template":"","meta":[],"product_brand":[],"product_cat":[137,360,287,354,512,71],"product_tag":[],"class_list":{"0":"post-78032","1":"product","2":"type-product","3":"status-publish","4":"has-post-thumbnail","6":"product_cat-mode-femme","7":"product_cat-nouvelle-collection","8":"product_cat-pull-femme","9":"product_cat-pull-vetements-femme","10":"product_cat-pull-dhiver-gt","11":"product_cat-vetements-femme","12":"pa_couleurs-blanc","13":"pa_couleurs-camel","14":"pa_couleurs-choco","15":"pa_couleurs-gris","16":"pa_couleurs-noir","17":"pa_taille-large","18":"pa_taille-moyenne","19":"pa_taille-small","22":"first","23":"instock","24":"sale","25":"taxable","26":"shipping-taxable","27":"purchasable","28":"product-type-variable"},"yoast_head":"<!-- This site is optimized with the Yoast SEO plugin v27.5 - https:\/\/yoast.com\/product\/yoast-seo-wordpress\/ -->\n<title>sweat \u00e0 capuche femme-300990-vog - Vog Tunisie<\/title>\n<meta name=\"robots\" content=\"index, follow, max-snippet:-1, max-image-preview:large, max-video-preview:-1\" \/>\n<link rel=\"canonical\" href=\"https:\/\/vog.com.tn\/?product=sweat-a-capuche-femme-300990-vog\" \/>\n<meta property=\"og:locale\" content=\"fr_FR\" \/>\n<meta property=\"og:type\" content=\"article\" \/>\n<meta property=\"og:title\" content=\"sweat \u00e0 capuche femme-300990-vog - Vog Tunisie\" \/>\n<meta property=\"og:description\" content=\"Vente en ligne sweat \u00e0 capuche pour femme   Poche kangourou au devant pour un style d\u00e9contract\u00e9  sweat \u00e0 capuche en Cotton couleur unique  Manches longue Disponible en noir, Camel, noir, gris, blanc adapt\u00e9 \u00e0 toutes les occasions.  Composition : Cotton  Livraison \u00e0 domicile : 8 TND  D\u00e9lai de livraison : 2 \u00e0 3 jours  \u00c9change possible : Vous ne payez que les frais de livraison pour le second colis.  D\u00e9lai d\u2019\u00e9change : Maximum 1 jour.\" \/>\n<meta property=\"og:url\" content=\"https:\/\/vog.com.tn\/?product=sweat-a-capuche-femme-300990-vog\" \/>\n<meta property=\"og:site_name\" content=\"Vog Tunisie\" \/>\n<meta property=\"article:modified_time\" content=\"2026-03-17T10:12:32+00:00\" \/>\n<meta property=\"og:image\" content=\"https:\/\/vog.com.tn\/wp-content\/uploads\/2024\/11\/300990-blanc-vog.jpg\" \/>\n\t<meta property=\"og:image:width\" content=\"572\" \/>\n\t<meta property=\"og:image:height\" content=\"800\" \/>\n\t<meta property=\"og:image:type\" content=\"image\/jpeg\" \/>\n<meta name=\"twitter:card\" content=\"summary_large_image\" \/>\n<meta name=\"twitter:label1\" content=\"Dur\u00e9e de lecture estim\u00e9e\" \/>\n\t<meta name=\"twitter:data1\" content=\"1 minute\" \/>\n<script type=\"application\/ld+json\" class=\"yoast-schema-graph\">{\"@context\":\"https:\\\/\\\/schema.org\",\"@graph\":[{\"@type\":\"WebPage\",\"@id\":\"https:\\\/\\\/vog.com.tn\\\/?product=sweat-a-capuche-femme-300990-vog\",\"url\":\"https:\\\/\\\/vog.com.tn\\\/?product=sweat-a-capuche-femme-300990-vog\",\"name\":\"sweat \u00e0 capuche femme-300990-vog - Vog Tunisie\",\"isPartOf\":{\"@id\":\"https:\\\/\\\/vog.com.tn\\\/#website\"},\"primaryImageOfPage\":{\"@id\":\"https:\\\/\\\/vog.com.tn\\\/?product=sweat-a-capuche-femme-300990-vog#primaryimage\"},\"image\":{\"@id\":\"https:\\\/\\\/vog.com.tn\\\/?product=sweat-a-capuche-femme-300990-vog#primaryimage\"},\"thumbnailUrl\":\"https:\\\/\\\/vog.com.tn\\\/wp-content\\\/uploads\\\/2024\\\/11\\\/300990-blanc-vog.jpg\",\"datePublished\":\"2024-11-21T12:33:04+00:00\",\"dateModified\":\"2026-03-17T10:12:32+00:00\",\"breadcrumb\":{\"@id\":\"https:\\\/\\\/vog.com.tn\\\/?product=sweat-a-capuche-femme-300990-vog#breadcrumb\"},\"inLanguage\":\"fr-FR\",\"potentialAction\":[{\"@type\":\"ReadAction\",\"target\":[\"https:\\\/\\\/vog.com.tn\\\/?product=sweat-a-capuche-femme-300990-vog\"]}]},{\"@type\":\"ImageObject\",\"inLanguage\":\"fr-FR\",\"@id\":\"https:\\\/\\\/vog.com.tn\\\/?product=sweat-a-capuche-femme-300990-vog#primaryimage\",\"url\":\"https:\\\/\\\/vog.com.tn\\\/wp-content\\\/uploads\\\/2024\\\/11\\\/300990-blanc-vog.jpg\",\"contentUrl\":\"https:\\\/\\\/vog.com.tn\\\/wp-content\\\/uploads\\\/2024\\\/11\\\/300990-blanc-vog.jpg\",\"width\":572,\"height\":800},{\"@type\":\"BreadcrumbList\",\"@id\":\"https:\\\/\\\/vog.com.tn\\\/?product=sweat-a-capuche-femme-300990-vog#breadcrumb\",\"itemListElement\":[{\"@type\":\"ListItem\",\"position\":1,\"name\":\"Home\",\"item\":\"https:\\\/\\\/vog.com.tn\\\/\"},{\"@type\":\"ListItem\",\"position\":2,\"name\":\"Produits\",\"item\":\"https:\\\/\\\/vog.com.tn\\\/?page_id=8\"},{\"@type\":\"ListItem\",\"position\":3,\"name\":\"sweat \u00e0 capuche femme-300990-vog\"}]},{\"@type\":\"WebSite\",\"@id\":\"https:\\\/\\\/vog.com.tn\\\/#website\",\"url\":\"https:\\\/\\\/vog.com.tn\\\/\",\"name\":\"Vog Tunisie\",\"description\":\"Pr\u00eat-\u00e0-porter\",\"potentialAction\":[{\"@type\":\"SearchAction\",\"target\":{\"@type\":\"EntryPoint\",\"urlTemplate\":\"https:\\\/\\\/vog.com.tn\\\/?s={search_term_string}\"},\"query-input\":{\"@type\":\"PropertyValueSpecification\",\"valueRequired\":true,\"valueName\":\"search_term_string\"}}],\"inLanguage\":\"fr-FR\"}]}<\/script>\n<!-- \/ Yoast SEO plugin. -->","yoast_head_json":{"title":"sweat \u00e0 capuche femme-300990-vog - Vog Tunisie","robots":{"index":"index","follow":"follow","max-snippet":"max-snippet:-1","max-image-preview":"max-image-preview:large","max-video-preview":"max-video-preview:-1"},"canonical":"https:\/\/vog.com.tn\/?product=sweat-a-capuche-femme-300990-vog","og_locale":"fr_FR","og_type":"article","og_title":"sweat \u00e0 capuche femme-300990-vog - Vog Tunisie","og_description":"Vente en ligne sweat \u00e0 capuche pour femme   Poche kangourou au devant pour un style d\u00e9contract\u00e9  sweat \u00e0 capuche en Cotton couleur unique  Manches longue Disponible en noir, Camel, noir, gris, blanc adapt\u00e9 \u00e0 toutes les occasions.  Composition : Cotton  Livraison \u00e0 domicile : 8 TND  D\u00e9lai de livraison : 2 \u00e0 3 jours  \u00c9change possible : Vous ne payez que les frais de livraison pour le second colis.  D\u00e9lai d\u2019\u00e9change : Maximum 1 jour.","og_url":"https:\/\/vog.com.tn\/?product=sweat-a-capuche-femme-300990-vog","og_site_name":"Vog Tunisie","article_modified_time":"2026-03-17T10:12:32+00:00","og_image":[{"width":572,"height":800,"url":"https:\/\/vog.com.tn\/wp-content\/uploads\/2024\/11\/300990-blanc-vog.jpg","type":"image\/jpeg"}],"twitter_card":"summary_large_image","twitter_misc":{"Dur\u00e9e de lecture estim\u00e9e":"1 minute"},"schema":{"@context":"https:\/\/schema.org","@graph":[{"@type":"WebPage","@id":"https:\/\/vog.com.tn\/?product=sweat-a-capuche-femme-300990-vog","url":"https:\/\/vog.com.tn\/?product=sweat-a-capuche-femme-300990-vog","name":"sweat \u00e0 capuche femme-300990-vog - Vog Tunisie","isPartOf":{"@id":"https:\/\/vog.com.tn\/#website"},"primaryImageOfPage":{"@id":"https:\/\/vog.com.tn\/?product=sweat-a-capuche-femme-300990-vog#primaryimage"},"image":{"@id":"https:\/\/vog.com.tn\/?product=sweat-a-capuche-femme-300990-vog#primaryimage"},"thumbnailUrl":"https:\/\/vog.com.tn\/wp-content\/uploads\/2024\/11\/300990-blanc-vog.jpg","datePublished":"2024-11-21T12:33:04+00:00","dateModified":"2026-03-17T10:12:32+00:00","breadcrumb":{"@id":"https:\/\/vog.com.tn\/?product=sweat-a-capuche-femme-300990-vog#breadcrumb"},"inLanguage":"fr-FR","potentialAction":[{"@type":"ReadAction","target":["https:\/\/vog.com.tn\/?product=sweat-a-capuche-femme-300990-vog"]}]},{"@type":"ImageObject","inLanguage":"fr-FR","@id":"https:\/\/vog.com.tn\/?product=sweat-a-capuche-femme-300990-vog#primaryimage","url":"https:\/\/vog.com.tn\/wp-content\/uploads\/2024\/11\/300990-blanc-vog.jpg","contentUrl":"https:\/\/vog.com.tn\/wp-content\/uploads\/2024\/11\/300990-blanc-vog.jpg","width":572,"height":800},{"@type":"BreadcrumbList","@id":"https:\/\/vog.com.tn\/?product=sweat-a-capuche-femme-300990-vog#breadcrumb","itemListElement":[{"@type":"ListItem","position":1,"name":"Home","item":"https:\/\/vog.com.tn\/"},{"@type":"ListItem","position":2,"name":"Produits","item":"https:\/\/vog.com.tn\/?page_id=8"},{"@type":"ListItem","position":3,"name":"sweat \u00e0 capuche femme-300990-vog"}]},{"@type":"WebSite","@id":"https:\/\/vog.com.tn\/#website","url":"https:\/\/vog.com.tn\/","name":"Vog Tunisie","description":"Pr\u00eat-\u00e0-porter","potentialAction":[{"@type":"SearchAction","target":{"@type":"EntryPoint","urlTemplate":"https:\/\/vog.com.tn\/?s={search_term_string}"},"query-input":{"@type":"PropertyValueSpecification","valueRequired":true,"valueName":"search_term_string"}}],"inLanguage":"fr-FR"}]}},"_links":{"self":[{"href":"https:\/\/vog.com.tn\/index.php?rest_route=\/wp\/v2\/product\/78032","targetHints":{"allow":["GET"]}}],"collection":[{"href":"https:\/\/vog.com.tn\/index.php?rest_route=\/wp\/v2\/product"}],"about":[{"href":"https:\/\/vog.com.tn\/index.php?rest_route=\/wp\/v2\/types\/product"}],"wp:featuredmedia":[{"embeddable":true,"href":"https:\/\/vog.com.tn\/index.php?rest_route=\/wp\/v2\/media\/112949"}],"wp:attachment":[{"href":"https:\/\/vog.com.tn\/index.php?rest_route=%2Fwp%2Fv2%2Fmedia&parent=78032"}],"wp:term":[{"taxonomy":"product_brand","embeddable":true,"href":"https:\/\/vog.com.tn\/index.php?rest_route=%2Fwp%2Fv2%2Fproduct_brand&post=78032"},{"taxonomy":"product_cat","embeddable":true,"href":"https:\/\/vog.com.tn\/index.php?rest_route=%2Fwp%2Fv2%2Fproduct_cat&post=78032"},{"taxonomy":"product_tag","embeddable":true,"href":"https:\/\/vog.com.tn\/index.php?rest_route=%2Fwp%2Fv2%2Fproduct_tag&post=78032"}],"curies":[{"name":"wp","href":"https:\/\/api.w.org\/{rel}","templated":true}]}}