{"id":81379,"date":"2024-12-03T17:20:54","date_gmt":"2024-12-03T16:20:54","guid":{"rendered":"https:\/\/vog.com.tn\/?post_type=product&#038;p=81379"},"modified":"2025-11-16T21:28:31","modified_gmt":"2025-11-16T20:28:31","slug":"bottines-femme-similicuir-303200-vog","status":"publish","type":"product","link":"https:\/\/vog.com.tn\/?product=bottines-femme-similicuir-303200-vog","title":{"rendered":"Bottes Femme-Similicuir-303200-VOG"},"content":{"rendered":"<p>Vog met en vente en ligne bottes femme en Tunisie. Les bottes sont des pi\u00e8ces fortes d\u2019un dressing f\u00e9minin. Elles viennent rehausser vos looks en un clin d\u2019\u0153il. Alors pour cette saison, sortez le grand jeu avec ces bottines \u00e0 la pointe de l\u2019\u00e9l\u00e9gance pour un look tout en finesse ! Elles se portent avec un pantalon habill\u00e9 au bureau comme avec un jean pour un outfit d\u00e9contract\u00e9, mais aussi avec une jupe pour un look naturellement \u00e9l\u00e9gant et confortable.<\/p>\n","protected":false},"excerpt":{"rendered":"<p>Vente en ligne bottes pour femme.<\/p>\n<ul>\n<li>Bottes hautes en similicuir .<\/li>\n<li>Design \u00e9pur\u00e9 et intemporel.<\/li>\n<li>Semelle \u00e9paisse crant\u00e9e pour une bonne adh\u00e9rence.<\/li>\n<li>Fermeture \u00e9clair sur le c\u00f4t\u00e9 int\u00e9rieur pour faciliter l\u2019enfilage.<\/li>\n<li>Talon carr\u00e9 bas pour plus de confort.<\/li>\n<li>Style moderne et polyvalent pour les journ\u00e9es fra\u00eeches.<\/li>\n<li>Livraison \u00e0 domicile : 8 TND.<\/li>\n<li>D\u00e9lai de livraison : 2 \u00e0 3 jours.<\/li>\n<li>\u00c9change possible : Vous ne payez que les frais de livraison pour le second colis.<\/li>\n<li>D\u00e9lai d\u2019\u00e9change : Maximum 1 jour\n<div class=\"woocommerce-product-details__short-description\"><\/div>\n<div data-product_id=\"81368\" data-threshold_min=\"30\" data-threshold_max=\"100\" data-total=\"6\"><\/div>\n<\/li>\n<\/ul>\n","protected":false},"featured_media":103849,"comment_status":"open","ping_status":"closed","template":"","meta":[],"product_brand":[],"product_cat":[132,96,137,360],"product_tag":[],"class_list":{"0":"post-81379","1":"product","2":"type-product","3":"status-publish","4":"has-post-thumbnail","6":"product_cat-bottes-cuissardes-femme","7":"product_cat-chaussures-femme","8":"product_cat-mode-femme","9":"product_cat-nouvelle-collection","10":"pa_couleurs-choco","11":"pa_couleurs-noir","12":"pa_pointure-105","13":"pa_pointure-106","14":"pa_pointure-107","15":"pa_pointure-108","16":"pa_pointure-109","17":"pa_pointure-110","20":"first","21":"outofstock","22":"taxable","23":"shipping-taxable","24":"product-type-variable"},"yoast_head":"<!-- This site is optimized with the Yoast SEO plugin v27.3 - https:\/\/yoast.com\/product\/yoast-seo-wordpress\/ -->\n<title>Bottes Femme-Similicuir-303200-VOG - Vog Tunisie<\/title>\n<meta name=\"robots\" content=\"index, follow, max-snippet:-1, max-image-preview:large, max-video-preview:-1\" \/>\n<link rel=\"canonical\" href=\"https:\/\/vog.com.tn\/?product=bottines-femme-similicuir-303200-vog\" \/>\n<meta property=\"og:locale\" content=\"fr_FR\" \/>\n<meta property=\"og:type\" content=\"article\" \/>\n<meta property=\"og:title\" content=\"Bottes Femme-Similicuir-303200-VOG - Vog Tunisie\" \/>\n<meta property=\"og:description\" content=\"Vente en ligne bottes pour femme.   Bottes hautes en similicuir .  Design \u00e9pur\u00e9 et intemporel.  Semelle \u00e9paisse crant\u00e9e pour une bonne adh\u00e9rence.  Fermeture \u00e9clair sur le c\u00f4t\u00e9 int\u00e9rieur pour faciliter l\u2019enfilage.  Talon carr\u00e9 bas pour plus de confort.  Style moderne et polyvalent pour les journ\u00e9es fra\u00eeches.  Livraison \u00e0 domicile : 8 TND.  D\u00e9lai de livraison : 2 \u00e0 3 jours.  \u00c9change possible : Vous ne payez que les frais de livraison pour le second colis.  D\u00e9lai d\u2019\u00e9change : Maximum 1 jour\" \/>\n<meta property=\"og:url\" content=\"https:\/\/vog.com.tn\/?product=bottines-femme-similicuir-303200-vog\" \/>\n<meta property=\"og:site_name\" content=\"Vog Tunisie\" \/>\n<meta property=\"article:modified_time\" content=\"2025-11-16T20:28:31+00:00\" \/>\n<meta property=\"og:image\" content=\"https:\/\/vog.com.tn\/wp-content\/uploads\/2024\/12\/303200-choco-vog1.png\" \/>\n\t<meta property=\"og:image:width\" content=\"572\" \/>\n\t<meta property=\"og:image:height\" content=\"800\" \/>\n\t<meta property=\"og:image:type\" content=\"image\/png\" \/>\n<meta name=\"twitter:card\" content=\"summary_large_image\" \/>\n<meta name=\"twitter:label1\" content=\"Dur\u00e9e de lecture estim\u00e9e\" \/>\n\t<meta name=\"twitter:data1\" content=\"1 minute\" \/>\n<script type=\"application\/ld+json\" class=\"yoast-schema-graph\">{\"@context\":\"https:\\\/\\\/schema.org\",\"@graph\":[{\"@type\":\"WebPage\",\"@id\":\"https:\\\/\\\/vog.com.tn\\\/?product=bottines-femme-similicuir-303200-vog\",\"url\":\"https:\\\/\\\/vog.com.tn\\\/?product=bottines-femme-similicuir-303200-vog\",\"name\":\"Bottes Femme-Similicuir-303200-VOG - Vog Tunisie\",\"isPartOf\":{\"@id\":\"https:\\\/\\\/vog.com.tn\\\/#website\"},\"primaryImageOfPage\":{\"@id\":\"https:\\\/\\\/vog.com.tn\\\/?product=bottines-femme-similicuir-303200-vog#primaryimage\"},\"image\":{\"@id\":\"https:\\\/\\\/vog.com.tn\\\/?product=bottines-femme-similicuir-303200-vog#primaryimage\"},\"thumbnailUrl\":\"https:\\\/\\\/vog.com.tn\\\/wp-content\\\/uploads\\\/2024\\\/12\\\/303200-choco-vog1-1.png\",\"datePublished\":\"2024-12-03T16:20:54+00:00\",\"dateModified\":\"2025-11-16T20:28:31+00:00\",\"breadcrumb\":{\"@id\":\"https:\\\/\\\/vog.com.tn\\\/?product=bottines-femme-similicuir-303200-vog#breadcrumb\"},\"inLanguage\":\"fr-FR\",\"potentialAction\":[{\"@type\":\"ReadAction\",\"target\":[\"https:\\\/\\\/vog.com.tn\\\/?product=bottines-femme-similicuir-303200-vog\"]}]},{\"@type\":\"ImageObject\",\"inLanguage\":\"fr-FR\",\"@id\":\"https:\\\/\\\/vog.com.tn\\\/?product=bottines-femme-similicuir-303200-vog#primaryimage\",\"url\":\"https:\\\/\\\/vog.com.tn\\\/wp-content\\\/uploads\\\/2024\\\/12\\\/303200-choco-vog1-1.png\",\"contentUrl\":\"https:\\\/\\\/vog.com.tn\\\/wp-content\\\/uploads\\\/2024\\\/12\\\/303200-choco-vog1-1.png\",\"width\":572,\"height\":800},{\"@type\":\"BreadcrumbList\",\"@id\":\"https:\\\/\\\/vog.com.tn\\\/?product=bottines-femme-similicuir-303200-vog#breadcrumb\",\"itemListElement\":[{\"@type\":\"ListItem\",\"position\":1,\"name\":\"Home\",\"item\":\"https:\\\/\\\/vog.com.tn\\\/\"},{\"@type\":\"ListItem\",\"position\":2,\"name\":\"Produits\",\"item\":\"https:\\\/\\\/vog.com.tn\\\/?page_id=8\"},{\"@type\":\"ListItem\",\"position\":3,\"name\":\"Bottes Femme-Similicuir-303200-VOG\"}]},{\"@type\":\"WebSite\",\"@id\":\"https:\\\/\\\/vog.com.tn\\\/#website\",\"url\":\"https:\\\/\\\/vog.com.tn\\\/\",\"name\":\"Vog Tunisie\",\"description\":\"Pr\u00eat-\u00e0-porter\",\"potentialAction\":[{\"@type\":\"SearchAction\",\"target\":{\"@type\":\"EntryPoint\",\"urlTemplate\":\"https:\\\/\\\/vog.com.tn\\\/?s={search_term_string}\"},\"query-input\":{\"@type\":\"PropertyValueSpecification\",\"valueRequired\":true,\"valueName\":\"search_term_string\"}}],\"inLanguage\":\"fr-FR\"}]}<\/script>\n<!-- \/ Yoast SEO plugin. -->","yoast_head_json":{"title":"Bottes Femme-Similicuir-303200-VOG - Vog Tunisie","robots":{"index":"index","follow":"follow","max-snippet":"max-snippet:-1","max-image-preview":"max-image-preview:large","max-video-preview":"max-video-preview:-1"},"canonical":"https:\/\/vog.com.tn\/?product=bottines-femme-similicuir-303200-vog","og_locale":"fr_FR","og_type":"article","og_title":"Bottes Femme-Similicuir-303200-VOG - Vog Tunisie","og_description":"Vente en ligne bottes pour femme.   Bottes hautes en similicuir .  Design \u00e9pur\u00e9 et intemporel.  Semelle \u00e9paisse crant\u00e9e pour une bonne adh\u00e9rence.  Fermeture \u00e9clair sur le c\u00f4t\u00e9 int\u00e9rieur pour faciliter l\u2019enfilage.  Talon carr\u00e9 bas pour plus de confort.  Style moderne et polyvalent pour les journ\u00e9es fra\u00eeches.  Livraison \u00e0 domicile : 8 TND.  D\u00e9lai de livraison : 2 \u00e0 3 jours.  \u00c9change possible : Vous ne payez que les frais de livraison pour le second colis.  D\u00e9lai d\u2019\u00e9change : Maximum 1 jour","og_url":"https:\/\/vog.com.tn\/?product=bottines-femme-similicuir-303200-vog","og_site_name":"Vog Tunisie","article_modified_time":"2025-11-16T20:28:31+00:00","og_image":[{"width":572,"height":800,"url":"https:\/\/vog.com.tn\/wp-content\/uploads\/2024\/12\/303200-choco-vog1.png","type":"image\/png"}],"twitter_card":"summary_large_image","twitter_misc":{"Dur\u00e9e de lecture estim\u00e9e":"1 minute"},"schema":{"@context":"https:\/\/schema.org","@graph":[{"@type":"WebPage","@id":"https:\/\/vog.com.tn\/?product=bottines-femme-similicuir-303200-vog","url":"https:\/\/vog.com.tn\/?product=bottines-femme-similicuir-303200-vog","name":"Bottes Femme-Similicuir-303200-VOG - Vog Tunisie","isPartOf":{"@id":"https:\/\/vog.com.tn\/#website"},"primaryImageOfPage":{"@id":"https:\/\/vog.com.tn\/?product=bottines-femme-similicuir-303200-vog#primaryimage"},"image":{"@id":"https:\/\/vog.com.tn\/?product=bottines-femme-similicuir-303200-vog#primaryimage"},"thumbnailUrl":"https:\/\/vog.com.tn\/wp-content\/uploads\/2024\/12\/303200-choco-vog1-1.png","datePublished":"2024-12-03T16:20:54+00:00","dateModified":"2025-11-16T20:28:31+00:00","breadcrumb":{"@id":"https:\/\/vog.com.tn\/?product=bottines-femme-similicuir-303200-vog#breadcrumb"},"inLanguage":"fr-FR","potentialAction":[{"@type":"ReadAction","target":["https:\/\/vog.com.tn\/?product=bottines-femme-similicuir-303200-vog"]}]},{"@type":"ImageObject","inLanguage":"fr-FR","@id":"https:\/\/vog.com.tn\/?product=bottines-femme-similicuir-303200-vog#primaryimage","url":"https:\/\/vog.com.tn\/wp-content\/uploads\/2024\/12\/303200-choco-vog1-1.png","contentUrl":"https:\/\/vog.com.tn\/wp-content\/uploads\/2024\/12\/303200-choco-vog1-1.png","width":572,"height":800},{"@type":"BreadcrumbList","@id":"https:\/\/vog.com.tn\/?product=bottines-femme-similicuir-303200-vog#breadcrumb","itemListElement":[{"@type":"ListItem","position":1,"name":"Home","item":"https:\/\/vog.com.tn\/"},{"@type":"ListItem","position":2,"name":"Produits","item":"https:\/\/vog.com.tn\/?page_id=8"},{"@type":"ListItem","position":3,"name":"Bottes Femme-Similicuir-303200-VOG"}]},{"@type":"WebSite","@id":"https:\/\/vog.com.tn\/#website","url":"https:\/\/vog.com.tn\/","name":"Vog Tunisie","description":"Pr\u00eat-\u00e0-porter","potentialAction":[{"@type":"SearchAction","target":{"@type":"EntryPoint","urlTemplate":"https:\/\/vog.com.tn\/?s={search_term_string}"},"query-input":{"@type":"PropertyValueSpecification","valueRequired":true,"valueName":"search_term_string"}}],"inLanguage":"fr-FR"}]}},"_links":{"self":[{"href":"https:\/\/vog.com.tn\/index.php?rest_route=\/wp\/v2\/product\/81379","targetHints":{"allow":["GET"]}}],"collection":[{"href":"https:\/\/vog.com.tn\/index.php?rest_route=\/wp\/v2\/product"}],"about":[{"href":"https:\/\/vog.com.tn\/index.php?rest_route=\/wp\/v2\/types\/product"}],"replies":[{"embeddable":true,"href":"https:\/\/vog.com.tn\/index.php?rest_route=%2Fwp%2Fv2%2Fcomments&post=81379"}],"wp:featuredmedia":[{"embeddable":true,"href":"https:\/\/vog.com.tn\/index.php?rest_route=\/wp\/v2\/media\/103849"}],"wp:attachment":[{"href":"https:\/\/vog.com.tn\/index.php?rest_route=%2Fwp%2Fv2%2Fmedia&parent=81379"}],"wp:term":[{"taxonomy":"product_brand","embeddable":true,"href":"https:\/\/vog.com.tn\/index.php?rest_route=%2Fwp%2Fv2%2Fproduct_brand&post=81379"},{"taxonomy":"product_cat","embeddable":true,"href":"https:\/\/vog.com.tn\/index.php?rest_route=%2Fwp%2Fv2%2Fproduct_cat&post=81379"},{"taxonomy":"product_tag","embeddable":true,"href":"https:\/\/vog.com.tn\/index.php?rest_route=%2Fwp%2Fv2%2Fproduct_tag&post=81379"}],"curies":[{"name":"wp","href":"https:\/\/api.w.org\/{rel}","templated":true}]}}