{"id":88546,"date":"2025-02-23T17:06:52","date_gmt":"2025-02-23T16:06:52","guid":{"rendered":"https:\/\/vog.com.tn\/?post_type=product&#038;p=88546"},"modified":"2025-02-23T17:07:44","modified_gmt":"2025-02-23T16:07:44","slug":"collier-femme-7040-71-vog","status":"publish","type":"product","link":"https:\/\/vog.com.tn\/?product=collier-femme-7040-71-vog","title":{"rendered":"Collier Femme-7040-71-VOG"},"content":{"rendered":"<p>Ajoutez une touche d\u2019\u00e9l\u00e9gance \u00e0 votre tenue avec nos\u00a0<strong data-start=\"123\" data-end=\"155\">colliers en acier inoxydable<\/strong>, alliant\u00a0<strong data-start=\"165\" data-end=\"206\">style, durabilit\u00e9 et \u00e9clat intemporel<\/strong>. Con\u00e7us pour r\u00e9sister \u00e0 l\u2019oxydation et \u00e0 l\u2019usure, nos colliers conservent toute leur brillance au fil du temps. Qu\u2019il s\u2019agisse d\u2019un design minimaliste, d\u2019un pendentif tendance ou d\u2019un collier raffin\u00e9, trouvez le bijou parfait pour chaque occasion.<\/p>\n","protected":false},"excerpt":{"rendered":"<div class=\"woocommerce-product-details__short-description\">\n<p>Vente en ligne collier pour femme.<\/p>\n<ul>\n<li data-start=\"0\" data-end=\"46\"><strong data-start=\"2\" data-end=\"19\">Type de bijou<\/strong>\u00a0: Collier avec pendentif<\/li>\n<li data-start=\"47\" data-end=\"115\"><strong data-start=\"49\" data-end=\"61\">Mat\u00e9riau<\/strong>\u00a0: Acier inoxydable<\/li>\n<li data-start=\"248\" data-end=\"304\"><strong data-start=\"250\" data-end=\"263\">Propri\u00e9t\u00e9<\/strong>\u00a0: R\u00e9sistant \u00e0 l\u2019oxydation et \u00e0 l\u2019usure<\/li>\n<li data-start=\"305\" data-end=\"356\"><strong data-start=\"307\" data-end=\"316\">Style<\/strong>\u00a0: Moderne, minimaliste et sophistiqu\u00e9<\/li>\n<li data-start=\"357\" data-end=\"419\" data-is-last-node=\"\"><strong data-start=\"359\" data-end=\"372\">Occasions<\/strong>\u00a0: Adapt\u00e9 aux tenues d\u00e9contract\u00e9es et habill\u00e9es<\/li>\n<li><strong>Livraison \u00e0 domicile :<\/strong>\u00a08 TND.<\/li>\n<li><strong>D\u00e9lai de livraison :<\/strong>\u00a02 \u00e0 3 jours.<\/li>\n<\/ul>\n<\/div>\n<div data-product_id=\"88473\" data-threshold_min=\"30\" data-threshold_max=\"100\" data-total=\"1\"><\/div>\n","protected":false},"featured_media":88549,"template":"","meta":[],"product_brand":[],"product_cat":[408,409,137,360],"product_tag":[],"class_list":{"0":"post-88546","1":"product","2":"type-product","3":"status-publish","4":"has-post-thumbnail","6":"product_cat-bijoux","7":"product_cat-collier","8":"product_cat-mode-femme","9":"product_cat-nouvelle-collection","10":"pa_couleurs-gold","13":"first","14":"instock","15":"taxable","16":"shipping-taxable","17":"purchasable","18":"product-type-variable"},"yoast_head":"<!-- This site is optimized with the Yoast SEO plugin v27.5 - https:\/\/yoast.com\/product\/yoast-seo-wordpress\/ -->\n<title>Collier Femme-7040-71-VOG - Vog Tunisie<\/title>\n<meta name=\"robots\" content=\"index, follow, max-snippet:-1, max-image-preview:large, max-video-preview:-1\" \/>\n<link rel=\"canonical\" href=\"https:\/\/vog.com.tn\/?product=collier-femme-7040-71-vog\" \/>\n<meta property=\"og:locale\" content=\"fr_FR\" \/>\n<meta property=\"og:type\" content=\"article\" \/>\n<meta property=\"og:title\" content=\"Collier Femme-7040-71-VOG - Vog Tunisie\" \/>\n<meta property=\"og:description\" content=\"Vente en ligne collier pour femme.   Type de bijou\u00a0: Collier avec pendentif  Mat\u00e9riau\u00a0: Acier inoxydable  Propri\u00e9t\u00e9\u00a0: R\u00e9sistant \u00e0 l\u2019oxydation et \u00e0 l\u2019usure  Style\u00a0: Moderne, minimaliste et sophistiqu\u00e9  Occasions\u00a0: Adapt\u00e9 aux tenues d\u00e9contract\u00e9es et habill\u00e9es  Livraison \u00e0 domicile :\u00a08 TND.  D\u00e9lai de livraison :\u00a02 \u00e0 3 jours.\" \/>\n<meta property=\"og:url\" content=\"https:\/\/vog.com.tn\/?product=collier-femme-7040-71-vog\" \/>\n<meta property=\"og:site_name\" content=\"Vog Tunisie\" \/>\n<meta property=\"article:modified_time\" content=\"2025-02-23T16:07:44+00:00\" \/>\n<meta property=\"og:image\" content=\"https:\/\/vog.com.tn\/wp-content\/uploads\/2025\/02\/7040-71-vog.png\" \/>\n\t<meta property=\"og:image:width\" content=\"572\" \/>\n\t<meta property=\"og:image:height\" content=\"800\" \/>\n\t<meta property=\"og:image:type\" content=\"image\/png\" \/>\n<meta name=\"twitter:card\" content=\"summary_large_image\" \/>\n<meta name=\"twitter:label1\" content=\"Dur\u00e9e de lecture estim\u00e9e\" \/>\n\t<meta name=\"twitter:data1\" content=\"1 minute\" \/>\n<script type=\"application\/ld+json\" class=\"yoast-schema-graph\">{\"@context\":\"https:\\\/\\\/schema.org\",\"@graph\":[{\"@type\":\"WebPage\",\"@id\":\"https:\\\/\\\/vog.com.tn\\\/?product=collier-femme-7040-71-vog\",\"url\":\"https:\\\/\\\/vog.com.tn\\\/?product=collier-femme-7040-71-vog\",\"name\":\"Collier Femme-7040-71-VOG - Vog Tunisie\",\"isPartOf\":{\"@id\":\"https:\\\/\\\/vog.com.tn\\\/#website\"},\"primaryImageOfPage\":{\"@id\":\"https:\\\/\\\/vog.com.tn\\\/?product=collier-femme-7040-71-vog#primaryimage\"},\"image\":{\"@id\":\"https:\\\/\\\/vog.com.tn\\\/?product=collier-femme-7040-71-vog#primaryimage\"},\"thumbnailUrl\":\"https:\\\/\\\/vog.com.tn\\\/wp-content\\\/uploads\\\/2025\\\/02\\\/7040-71-vog.png\",\"datePublished\":\"2025-02-23T16:06:52+00:00\",\"dateModified\":\"2025-02-23T16:07:44+00:00\",\"breadcrumb\":{\"@id\":\"https:\\\/\\\/vog.com.tn\\\/?product=collier-femme-7040-71-vog#breadcrumb\"},\"inLanguage\":\"fr-FR\",\"potentialAction\":[{\"@type\":\"ReadAction\",\"target\":[\"https:\\\/\\\/vog.com.tn\\\/?product=collier-femme-7040-71-vog\"]}]},{\"@type\":\"ImageObject\",\"inLanguage\":\"fr-FR\",\"@id\":\"https:\\\/\\\/vog.com.tn\\\/?product=collier-femme-7040-71-vog#primaryimage\",\"url\":\"https:\\\/\\\/vog.com.tn\\\/wp-content\\\/uploads\\\/2025\\\/02\\\/7040-71-vog.png\",\"contentUrl\":\"https:\\\/\\\/vog.com.tn\\\/wp-content\\\/uploads\\\/2025\\\/02\\\/7040-71-vog.png\",\"width\":572,\"height\":800},{\"@type\":\"BreadcrumbList\",\"@id\":\"https:\\\/\\\/vog.com.tn\\\/?product=collier-femme-7040-71-vog#breadcrumb\",\"itemListElement\":[{\"@type\":\"ListItem\",\"position\":1,\"name\":\"Home\",\"item\":\"https:\\\/\\\/vog.com.tn\\\/\"},{\"@type\":\"ListItem\",\"position\":2,\"name\":\"Produits\",\"item\":\"https:\\\/\\\/vog.com.tn\\\/?page_id=8\"},{\"@type\":\"ListItem\",\"position\":3,\"name\":\"Collier Femme-7040-71-VOG\"}]},{\"@type\":\"WebSite\",\"@id\":\"https:\\\/\\\/vog.com.tn\\\/#website\",\"url\":\"https:\\\/\\\/vog.com.tn\\\/\",\"name\":\"Vog Tunisie\",\"description\":\"Pr\u00eat-\u00e0-porter\",\"potentialAction\":[{\"@type\":\"SearchAction\",\"target\":{\"@type\":\"EntryPoint\",\"urlTemplate\":\"https:\\\/\\\/vog.com.tn\\\/?s={search_term_string}\"},\"query-input\":{\"@type\":\"PropertyValueSpecification\",\"valueRequired\":true,\"valueName\":\"search_term_string\"}}],\"inLanguage\":\"fr-FR\"}]}<\/script>\n<!-- \/ Yoast SEO plugin. -->","yoast_head_json":{"title":"Collier Femme-7040-71-VOG - Vog Tunisie","robots":{"index":"index","follow":"follow","max-snippet":"max-snippet:-1","max-image-preview":"max-image-preview:large","max-video-preview":"max-video-preview:-1"},"canonical":"https:\/\/vog.com.tn\/?product=collier-femme-7040-71-vog","og_locale":"fr_FR","og_type":"article","og_title":"Collier Femme-7040-71-VOG - Vog Tunisie","og_description":"Vente en ligne collier pour femme.   Type de bijou\u00a0: Collier avec pendentif  Mat\u00e9riau\u00a0: Acier inoxydable  Propri\u00e9t\u00e9\u00a0: R\u00e9sistant \u00e0 l\u2019oxydation et \u00e0 l\u2019usure  Style\u00a0: Moderne, minimaliste et sophistiqu\u00e9  Occasions\u00a0: Adapt\u00e9 aux tenues d\u00e9contract\u00e9es et habill\u00e9es  Livraison \u00e0 domicile :\u00a08 TND.  D\u00e9lai de livraison :\u00a02 \u00e0 3 jours.","og_url":"https:\/\/vog.com.tn\/?product=collier-femme-7040-71-vog","og_site_name":"Vog Tunisie","article_modified_time":"2025-02-23T16:07:44+00:00","og_image":[{"width":572,"height":800,"url":"https:\/\/vog.com.tn\/wp-content\/uploads\/2025\/02\/7040-71-vog.png","type":"image\/png"}],"twitter_card":"summary_large_image","twitter_misc":{"Dur\u00e9e de lecture estim\u00e9e":"1 minute"},"schema":{"@context":"https:\/\/schema.org","@graph":[{"@type":"WebPage","@id":"https:\/\/vog.com.tn\/?product=collier-femme-7040-71-vog","url":"https:\/\/vog.com.tn\/?product=collier-femme-7040-71-vog","name":"Collier Femme-7040-71-VOG - Vog Tunisie","isPartOf":{"@id":"https:\/\/vog.com.tn\/#website"},"primaryImageOfPage":{"@id":"https:\/\/vog.com.tn\/?product=collier-femme-7040-71-vog#primaryimage"},"image":{"@id":"https:\/\/vog.com.tn\/?product=collier-femme-7040-71-vog#primaryimage"},"thumbnailUrl":"https:\/\/vog.com.tn\/wp-content\/uploads\/2025\/02\/7040-71-vog.png","datePublished":"2025-02-23T16:06:52+00:00","dateModified":"2025-02-23T16:07:44+00:00","breadcrumb":{"@id":"https:\/\/vog.com.tn\/?product=collier-femme-7040-71-vog#breadcrumb"},"inLanguage":"fr-FR","potentialAction":[{"@type":"ReadAction","target":["https:\/\/vog.com.tn\/?product=collier-femme-7040-71-vog"]}]},{"@type":"ImageObject","inLanguage":"fr-FR","@id":"https:\/\/vog.com.tn\/?product=collier-femme-7040-71-vog#primaryimage","url":"https:\/\/vog.com.tn\/wp-content\/uploads\/2025\/02\/7040-71-vog.png","contentUrl":"https:\/\/vog.com.tn\/wp-content\/uploads\/2025\/02\/7040-71-vog.png","width":572,"height":800},{"@type":"BreadcrumbList","@id":"https:\/\/vog.com.tn\/?product=collier-femme-7040-71-vog#breadcrumb","itemListElement":[{"@type":"ListItem","position":1,"name":"Home","item":"https:\/\/vog.com.tn\/"},{"@type":"ListItem","position":2,"name":"Produits","item":"https:\/\/vog.com.tn\/?page_id=8"},{"@type":"ListItem","position":3,"name":"Collier Femme-7040-71-VOG"}]},{"@type":"WebSite","@id":"https:\/\/vog.com.tn\/#website","url":"https:\/\/vog.com.tn\/","name":"Vog Tunisie","description":"Pr\u00eat-\u00e0-porter","potentialAction":[{"@type":"SearchAction","target":{"@type":"EntryPoint","urlTemplate":"https:\/\/vog.com.tn\/?s={search_term_string}"},"query-input":{"@type":"PropertyValueSpecification","valueRequired":true,"valueName":"search_term_string"}}],"inLanguage":"fr-FR"}]}},"_links":{"self":[{"href":"https:\/\/vog.com.tn\/index.php?rest_route=\/wp\/v2\/product\/88546","targetHints":{"allow":["GET"]}}],"collection":[{"href":"https:\/\/vog.com.tn\/index.php?rest_route=\/wp\/v2\/product"}],"about":[{"href":"https:\/\/vog.com.tn\/index.php?rest_route=\/wp\/v2\/types\/product"}],"wp:featuredmedia":[{"embeddable":true,"href":"https:\/\/vog.com.tn\/index.php?rest_route=\/wp\/v2\/media\/88549"}],"wp:attachment":[{"href":"https:\/\/vog.com.tn\/index.php?rest_route=%2Fwp%2Fv2%2Fmedia&parent=88546"}],"wp:term":[{"taxonomy":"product_brand","embeddable":true,"href":"https:\/\/vog.com.tn\/index.php?rest_route=%2Fwp%2Fv2%2Fproduct_brand&post=88546"},{"taxonomy":"product_cat","embeddable":true,"href":"https:\/\/vog.com.tn\/index.php?rest_route=%2Fwp%2Fv2%2Fproduct_cat&post=88546"},{"taxonomy":"product_tag","embeddable":true,"href":"https:\/\/vog.com.tn\/index.php?rest_route=%2Fwp%2Fv2%2Fproduct_tag&post=88546"}],"curies":[{"name":"wp","href":"https:\/\/api.w.org\/{rel}","templated":true}]}}