{"id":89944,"date":"2025-03-14T12:06:34","date_gmt":"2025-03-14T11:06:34","guid":{"rendered":"https:\/\/vog.com.tn\/?post_type=product&#038;p=89944"},"modified":"2026-03-20T11:12:49","modified_gmt":"2026-03-20T10:12:49","slug":"pantalon-302120-vog","status":"publish","type":"product","link":"https:\/\/vog.com.tn\/?product=pantalon-302120-vog","title":{"rendered":"Pantalon \u2013302120\u2013 VOG"},"content":{"rendered":"<p>VOG met en vente en ligne Pantalon en Tunisie. un pantalon taille haute, pour un confort quotidien. \u00c7a coupe droite convient \u00e0 toutes les morphologies, Il est dot\u00e9 d\u2019une coupe droite. Large aux hanches, il souligne la taille de celle qui le porte. Il s\u2019adapte \u00e0 tous les styles, on vous conseille de le porter avec un t-shirt ou une chemise l\u00e9g\u00e8rement rentr\u00e9e dedans.<\/p>\n","protected":false},"excerpt":{"rendered":"<h3>Vente en ligne pantalon pour femme.<\/h3>\n<ul>\n<li><strong>Coupe<\/strong> : Large et d\u00e9contract\u00e9e pour un confort optimal<\/li>\n<li><strong>D\u00e9tails<\/strong> : Effet l\u00e9g\u00e8rement d\u00e9lav\u00e9 pour un look tendance<\/li>\n<li><strong>Poches<\/strong> : Profondes et fonctionnelles sur les c\u00f4t\u00e9s<\/li>\n<li><strong>Style<\/strong> : Casual et urbain, id\u00e9al pour un look moderne et polyvalent<\/li>\n<li><strong>Tissu<\/strong> : Denim robuste avec une finition souple<\/li>\n<li><strong>Livraison \u00e0 domicile<\/strong> : 8 TND<\/li>\n<li><strong>D\u00e9lai de livraison<\/strong> : 2 \u00e0 3 jours<\/li>\n<li><strong>\u00c9change possible<\/strong> : Vous ne payez que les frais de livraison pour le second colis.<\/li>\n<li><strong>D\u00e9lai d\u2019\u00e9change<\/strong> : Maximum 1 jour.<\/li>\n<\/ul>\n","protected":false},"featured_media":89962,"template":"","meta":[],"product_brand":[],"product_cat":[137,360,92,71],"product_tag":[],"class_list":{"0":"post-89944","1":"product","2":"type-product","3":"status-publish","4":"has-post-thumbnail","6":"product_cat-mode-femme","7":"product_cat-nouvelle-collection","8":"product_cat-pantalons","9":"product_cat-vetements-femme","10":"pa_couleurs-bleatch","11":"pa_couleurs-noir","12":"pa_couleurs-used","13":"pa_couleurs-used1","14":"pa_taille-225","15":"pa_taille-226","16":"pa_taille-227","17":"pa_taille-228","20":"first","21":"instock","22":"sale","23":"taxable","24":"shipping-taxable","25":"purchasable","26":"product-type-variable"},"yoast_head":"<!-- This site is optimized with the Yoast SEO plugin v27.5 - https:\/\/yoast.com\/product\/yoast-seo-wordpress\/ -->\n<title>Pantalon \u2013302120\u2013 VOG - Vog Tunisie<\/title>\n<meta name=\"robots\" content=\"index, follow, max-snippet:-1, max-image-preview:large, max-video-preview:-1\" \/>\n<link rel=\"canonical\" href=\"https:\/\/vog.com.tn\/?product=pantalon-302120-vog\" \/>\n<meta property=\"og:locale\" content=\"fr_FR\" \/>\n<meta property=\"og:type\" content=\"article\" \/>\n<meta property=\"og:title\" content=\"Pantalon \u2013302120\u2013 VOG - Vog Tunisie\" \/>\n<meta property=\"og:description\" content=\"Vente en ligne pantalon pour femme.   Coupe : Large et d\u00e9contract\u00e9e pour un confort optimal  D\u00e9tails : Effet l\u00e9g\u00e8rement d\u00e9lav\u00e9 pour un look tendance  Poches : Profondes et fonctionnelles sur les c\u00f4t\u00e9s  Style : Casual et urbain, id\u00e9al pour un look moderne et polyvalent  Tissu : Denim robuste avec une finition souple  Livraison \u00e0 domicile : 8 TND  D\u00e9lai de livraison : 2 \u00e0 3 jours  \u00c9change possible : Vous ne payez que les frais de livraison pour le second colis.  D\u00e9lai d\u2019\u00e9change : Maximum 1 jour.\" \/>\n<meta property=\"og:url\" content=\"https:\/\/vog.com.tn\/?product=pantalon-302120-vog\" \/>\n<meta property=\"og:site_name\" content=\"Vog Tunisie\" \/>\n<meta property=\"article:modified_time\" content=\"2026-03-20T10:12:49+00:00\" \/>\n<meta property=\"og:image\" content=\"https:\/\/vog.com.tn\/wp-content\/uploads\/2025\/03\/302120-bleatch-vog-2.png\" \/>\n\t<meta property=\"og:image:width\" content=\"572\" \/>\n\t<meta property=\"og:image:height\" content=\"800\" \/>\n\t<meta property=\"og:image:type\" content=\"image\/png\" \/>\n<meta name=\"twitter:card\" content=\"summary_large_image\" \/>\n<meta name=\"twitter:label1\" content=\"Dur\u00e9e de lecture estim\u00e9e\" \/>\n\t<meta name=\"twitter:data1\" content=\"1 minute\" \/>\n<script type=\"application\/ld+json\" class=\"yoast-schema-graph\">{\"@context\":\"https:\\\/\\\/schema.org\",\"@graph\":[{\"@type\":\"WebPage\",\"@id\":\"https:\\\/\\\/vog.com.tn\\\/?product=pantalon-302120-vog\",\"url\":\"https:\\\/\\\/vog.com.tn\\\/?product=pantalon-302120-vog\",\"name\":\"Pantalon \u2013302120\u2013 VOG - Vog Tunisie\",\"isPartOf\":{\"@id\":\"https:\\\/\\\/vog.com.tn\\\/#website\"},\"primaryImageOfPage\":{\"@id\":\"https:\\\/\\\/vog.com.tn\\\/?product=pantalon-302120-vog#primaryimage\"},\"image\":{\"@id\":\"https:\\\/\\\/vog.com.tn\\\/?product=pantalon-302120-vog#primaryimage\"},\"thumbnailUrl\":\"https:\\\/\\\/vog.com.tn\\\/wp-content\\\/uploads\\\/2025\\\/03\\\/302120-bleatch-vog-2.png\",\"datePublished\":\"2025-03-14T11:06:34+00:00\",\"dateModified\":\"2026-03-20T10:12:49+00:00\",\"breadcrumb\":{\"@id\":\"https:\\\/\\\/vog.com.tn\\\/?product=pantalon-302120-vog#breadcrumb\"},\"inLanguage\":\"fr-FR\",\"potentialAction\":[{\"@type\":\"ReadAction\",\"target\":[\"https:\\\/\\\/vog.com.tn\\\/?product=pantalon-302120-vog\"]}]},{\"@type\":\"ImageObject\",\"inLanguage\":\"fr-FR\",\"@id\":\"https:\\\/\\\/vog.com.tn\\\/?product=pantalon-302120-vog#primaryimage\",\"url\":\"https:\\\/\\\/vog.com.tn\\\/wp-content\\\/uploads\\\/2025\\\/03\\\/302120-bleatch-vog-2.png\",\"contentUrl\":\"https:\\\/\\\/vog.com.tn\\\/wp-content\\\/uploads\\\/2025\\\/03\\\/302120-bleatch-vog-2.png\",\"width\":572,\"height\":800},{\"@type\":\"BreadcrumbList\",\"@id\":\"https:\\\/\\\/vog.com.tn\\\/?product=pantalon-302120-vog#breadcrumb\",\"itemListElement\":[{\"@type\":\"ListItem\",\"position\":1,\"name\":\"Home\",\"item\":\"https:\\\/\\\/vog.com.tn\\\/\"},{\"@type\":\"ListItem\",\"position\":2,\"name\":\"Produits\",\"item\":\"https:\\\/\\\/vog.com.tn\\\/?page_id=8\"},{\"@type\":\"ListItem\",\"position\":3,\"name\":\"Pantalon \u2013302120\u2013 VOG\"}]},{\"@type\":\"WebSite\",\"@id\":\"https:\\\/\\\/vog.com.tn\\\/#website\",\"url\":\"https:\\\/\\\/vog.com.tn\\\/\",\"name\":\"Vog Tunisie\",\"description\":\"Pr\u00eat-\u00e0-porter\",\"potentialAction\":[{\"@type\":\"SearchAction\",\"target\":{\"@type\":\"EntryPoint\",\"urlTemplate\":\"https:\\\/\\\/vog.com.tn\\\/?s={search_term_string}\"},\"query-input\":{\"@type\":\"PropertyValueSpecification\",\"valueRequired\":true,\"valueName\":\"search_term_string\"}}],\"inLanguage\":\"fr-FR\"}]}<\/script>\n<!-- \/ Yoast SEO plugin. -->","yoast_head_json":{"title":"Pantalon \u2013302120\u2013 VOG - Vog Tunisie","robots":{"index":"index","follow":"follow","max-snippet":"max-snippet:-1","max-image-preview":"max-image-preview:large","max-video-preview":"max-video-preview:-1"},"canonical":"https:\/\/vog.com.tn\/?product=pantalon-302120-vog","og_locale":"fr_FR","og_type":"article","og_title":"Pantalon \u2013302120\u2013 VOG - Vog Tunisie","og_description":"Vente en ligne pantalon pour femme.   Coupe : Large et d\u00e9contract\u00e9e pour un confort optimal  D\u00e9tails : Effet l\u00e9g\u00e8rement d\u00e9lav\u00e9 pour un look tendance  Poches : Profondes et fonctionnelles sur les c\u00f4t\u00e9s  Style : Casual et urbain, id\u00e9al pour un look moderne et polyvalent  Tissu : Denim robuste avec une finition souple  Livraison \u00e0 domicile : 8 TND  D\u00e9lai de livraison : 2 \u00e0 3 jours  \u00c9change possible : Vous ne payez que les frais de livraison pour le second colis.  D\u00e9lai d\u2019\u00e9change : Maximum 1 jour.","og_url":"https:\/\/vog.com.tn\/?product=pantalon-302120-vog","og_site_name":"Vog Tunisie","article_modified_time":"2026-03-20T10:12:49+00:00","og_image":[{"width":572,"height":800,"url":"https:\/\/vog.com.tn\/wp-content\/uploads\/2025\/03\/302120-bleatch-vog-2.png","type":"image\/png"}],"twitter_card":"summary_large_image","twitter_misc":{"Dur\u00e9e de lecture estim\u00e9e":"1 minute"},"schema":{"@context":"https:\/\/schema.org","@graph":[{"@type":"WebPage","@id":"https:\/\/vog.com.tn\/?product=pantalon-302120-vog","url":"https:\/\/vog.com.tn\/?product=pantalon-302120-vog","name":"Pantalon \u2013302120\u2013 VOG - Vog Tunisie","isPartOf":{"@id":"https:\/\/vog.com.tn\/#website"},"primaryImageOfPage":{"@id":"https:\/\/vog.com.tn\/?product=pantalon-302120-vog#primaryimage"},"image":{"@id":"https:\/\/vog.com.tn\/?product=pantalon-302120-vog#primaryimage"},"thumbnailUrl":"https:\/\/vog.com.tn\/wp-content\/uploads\/2025\/03\/302120-bleatch-vog-2.png","datePublished":"2025-03-14T11:06:34+00:00","dateModified":"2026-03-20T10:12:49+00:00","breadcrumb":{"@id":"https:\/\/vog.com.tn\/?product=pantalon-302120-vog#breadcrumb"},"inLanguage":"fr-FR","potentialAction":[{"@type":"ReadAction","target":["https:\/\/vog.com.tn\/?product=pantalon-302120-vog"]}]},{"@type":"ImageObject","inLanguage":"fr-FR","@id":"https:\/\/vog.com.tn\/?product=pantalon-302120-vog#primaryimage","url":"https:\/\/vog.com.tn\/wp-content\/uploads\/2025\/03\/302120-bleatch-vog-2.png","contentUrl":"https:\/\/vog.com.tn\/wp-content\/uploads\/2025\/03\/302120-bleatch-vog-2.png","width":572,"height":800},{"@type":"BreadcrumbList","@id":"https:\/\/vog.com.tn\/?product=pantalon-302120-vog#breadcrumb","itemListElement":[{"@type":"ListItem","position":1,"name":"Home","item":"https:\/\/vog.com.tn\/"},{"@type":"ListItem","position":2,"name":"Produits","item":"https:\/\/vog.com.tn\/?page_id=8"},{"@type":"ListItem","position":3,"name":"Pantalon \u2013302120\u2013 VOG"}]},{"@type":"WebSite","@id":"https:\/\/vog.com.tn\/#website","url":"https:\/\/vog.com.tn\/","name":"Vog Tunisie","description":"Pr\u00eat-\u00e0-porter","potentialAction":[{"@type":"SearchAction","target":{"@type":"EntryPoint","urlTemplate":"https:\/\/vog.com.tn\/?s={search_term_string}"},"query-input":{"@type":"PropertyValueSpecification","valueRequired":true,"valueName":"search_term_string"}}],"inLanguage":"fr-FR"}]}},"_links":{"self":[{"href":"https:\/\/vog.com.tn\/index.php?rest_route=\/wp\/v2\/product\/89944","targetHints":{"allow":["GET"]}}],"collection":[{"href":"https:\/\/vog.com.tn\/index.php?rest_route=\/wp\/v2\/product"}],"about":[{"href":"https:\/\/vog.com.tn\/index.php?rest_route=\/wp\/v2\/types\/product"}],"wp:featuredmedia":[{"embeddable":true,"href":"https:\/\/vog.com.tn\/index.php?rest_route=\/wp\/v2\/media\/89962"}],"wp:attachment":[{"href":"https:\/\/vog.com.tn\/index.php?rest_route=%2Fwp%2Fv2%2Fmedia&parent=89944"}],"wp:term":[{"taxonomy":"product_brand","embeddable":true,"href":"https:\/\/vog.com.tn\/index.php?rest_route=%2Fwp%2Fv2%2Fproduct_brand&post=89944"},{"taxonomy":"product_cat","embeddable":true,"href":"https:\/\/vog.com.tn\/index.php?rest_route=%2Fwp%2Fv2%2Fproduct_cat&post=89944"},{"taxonomy":"product_tag","embeddable":true,"href":"https:\/\/vog.com.tn\/index.php?rest_route=%2Fwp%2Fv2%2Fproduct_tag&post=89944"}],"curies":[{"name":"wp","href":"https:\/\/api.w.org\/{rel}","templated":true}]}}