{"id":98597,"date":"2025-07-02T11:27:34","date_gmt":"2025-07-02T09:27:34","guid":{"rendered":"https:\/\/vog.com.tn\/?post_type=product&#038;p=98597"},"modified":"2026-05-06T12:11:40","modified_gmt":"2026-05-06T10:11:40","slug":"ensemble-femme-306604-vog","status":"publish","type":"product","link":"https:\/\/vog.com.tn\/?product=ensemble-femme-306604-vog","title":{"rendered":"Ensemble Femme-306604-Vog"},"content":{"rendered":"<p>VOG met en vente en ligne ensemble Femme en Tunisie. Des ensembles confortable pour femme tendances pour accueillir la nouvelle saison d\u2019\u00e9t\u00e9 ! Notre s\u00e9lection comprend des ensembles \u00e9l\u00e9gants.<\/p>\n","protected":false},"excerpt":{"rendered":"<p data-start=\"72\" data-end=\"110\"><strong data-start=\"72\" data-end=\"110\">Vente en ligne ensemble pour femme<\/strong><\/p>\n<ul>\n<li>Ensemble deux pi\u00e8ces chic et l\u00e9ger, id\u00e9al pour l&rsquo;\u00e9t\u00e9.<\/li>\n<li>Compos\u00e9 d\u2019un haut \u00e0 manches courtes en dentelle et d\u2019une jupe longue fluide.<\/li>\n<li>D\u00e9tails brod\u00e9s raffin\u00e9s pour une touche \u00e9l\u00e9gante.<\/li>\n<li>Coupe confortable et f\u00e9minine, parfaite pour un look \u00e0 la fois tendance et d\u00e9contract\u00e9.<\/li>\n<li>\u00c0 porter ensemble ou s\u00e9par\u00e9ment selon vos envies.<\/li>\n<li><strong data-start=\"440\" data-end=\"464\">Livraison \u00e0 domicile<\/strong> : 8 TND<\/li>\n<li><strong data-start=\"475\" data-end=\"497\">D\u00e9lai de livraison<\/strong> : 2 \u00e0 3 jours<\/li>\n<li><strong data-start=\"514\" data-end=\"534\">\u00c9change possible<\/strong> : Vous ne payez que les frais de livraison pour le second colis<\/li>\n<li><strong data-start=\"601\" data-end=\"620\">D\u00e9lai d\u2019\u00e9change<\/strong> : Maximum 1 jour<\/li>\n<\/ul>\n","protected":false},"featured_media":104640,"template":"","meta":[],"product_brand":[],"product_cat":[251,239,441,137,360,71],"product_tag":[],"class_list":{"0":"post-98597","1":"product","2":"type-product","3":"status-publish","4":"has-post-thumbnail","6":"product_cat-ensemble-jupe","7":"product_cat-ensembles","8":"product_cat-ensembles-dete","9":"product_cat-mode-femme","10":"product_cat-nouvelle-collection","11":"product_cat-vetements-femme","12":"pa_couleurs-beige","13":"pa_couleurs-noir","14":"pa_taille-large","15":"pa_taille-moyenne","16":"pa_taille-small","19":"first","20":"instock","21":"taxable","22":"shipping-taxable","23":"purchasable","24":"product-type-variable"},"yoast_head":"<!-- This site is optimized with the Yoast SEO plugin v27.5 - https:\/\/yoast.com\/product\/yoast-seo-wordpress\/ -->\n<title>Ensemble Femme-306604-Vog - Vog Tunisie<\/title>\n<meta name=\"robots\" content=\"index, follow, max-snippet:-1, max-image-preview:large, max-video-preview:-1\" \/>\n<link rel=\"canonical\" href=\"https:\/\/vog.com.tn\/?product=ensemble-femme-306604-vog\" \/>\n<meta property=\"og:locale\" content=\"fr_FR\" \/>\n<meta property=\"og:type\" content=\"article\" \/>\n<meta property=\"og:title\" content=\"Ensemble Femme-306604-Vog - Vog Tunisie\" \/>\n<meta property=\"og:description\" content=\"Vente en ligne ensemble pour femme    Ensemble deux pi\u00e8ces chic et l\u00e9ger, id\u00e9al pour l&#039;\u00e9t\u00e9.  Compos\u00e9 d\u2019un haut \u00e0 manches courtes en dentelle et d\u2019une jupe longue fluide.  D\u00e9tails brod\u00e9s raffin\u00e9s pour une touche \u00e9l\u00e9gante.  Coupe confortable et f\u00e9minine, parfaite pour un look \u00e0 la fois tendance et d\u00e9contract\u00e9.  \u00c0 porter ensemble ou s\u00e9par\u00e9ment selon vos envies.  Livraison \u00e0 domicile : 8 TND  D\u00e9lai de livraison : 2 \u00e0 3 jours  \u00c9change possible : Vous ne payez que les frais de livraison pour le second colis  D\u00e9lai d\u2019\u00e9change : Maximum 1 jour\" \/>\n<meta property=\"og:url\" content=\"https:\/\/vog.com.tn\/?product=ensemble-femme-306604-vog\" \/>\n<meta property=\"og:site_name\" content=\"Vog Tunisie\" \/>\n<meta property=\"article:modified_time\" content=\"2026-05-06T10:11:40+00:00\" \/>\n<meta property=\"og:image\" content=\"https:\/\/vog.com.tn\/wp-content\/uploads\/2025\/07\/306604-beige-scaled-1.jpg\" \/>\n\t<meta property=\"og:image:width\" content=\"1706\" \/>\n\t<meta property=\"og:image:height\" content=\"2560\" \/>\n\t<meta property=\"og:image:type\" content=\"image\/jpeg\" \/>\n<meta name=\"twitter:card\" content=\"summary_large_image\" \/>\n<meta name=\"twitter:label1\" content=\"Dur\u00e9e de lecture estim\u00e9e\" \/>\n\t<meta name=\"twitter:data1\" content=\"1 minute\" \/>\n<script type=\"application\/ld+json\" class=\"yoast-schema-graph\">{\"@context\":\"https:\\\/\\\/schema.org\",\"@graph\":[{\"@type\":\"WebPage\",\"@id\":\"https:\\\/\\\/vog.com.tn\\\/?product=ensemble-femme-306604-vog\",\"url\":\"https:\\\/\\\/vog.com.tn\\\/?product=ensemble-femme-306604-vog\",\"name\":\"Ensemble Femme-306604-Vog - Vog Tunisie\",\"isPartOf\":{\"@id\":\"https:\\\/\\\/vog.com.tn\\\/#website\"},\"primaryImageOfPage\":{\"@id\":\"https:\\\/\\\/vog.com.tn\\\/?product=ensemble-femme-306604-vog#primaryimage\"},\"image\":{\"@id\":\"https:\\\/\\\/vog.com.tn\\\/?product=ensemble-femme-306604-vog#primaryimage\"},\"thumbnailUrl\":\"https:\\\/\\\/vog.com.tn\\\/wp-content\\\/uploads\\\/2025\\\/07\\\/306604-beige-scaled-1.jpg\",\"datePublished\":\"2025-07-02T09:27:34+00:00\",\"dateModified\":\"2026-05-06T10:11:40+00:00\",\"breadcrumb\":{\"@id\":\"https:\\\/\\\/vog.com.tn\\\/?product=ensemble-femme-306604-vog#breadcrumb\"},\"inLanguage\":\"fr-FR\",\"potentialAction\":[{\"@type\":\"ReadAction\",\"target\":[\"https:\\\/\\\/vog.com.tn\\\/?product=ensemble-femme-306604-vog\"]}]},{\"@type\":\"ImageObject\",\"inLanguage\":\"fr-FR\",\"@id\":\"https:\\\/\\\/vog.com.tn\\\/?product=ensemble-femme-306604-vog#primaryimage\",\"url\":\"https:\\\/\\\/vog.com.tn\\\/wp-content\\\/uploads\\\/2025\\\/07\\\/306604-beige-scaled-1.jpg\",\"contentUrl\":\"https:\\\/\\\/vog.com.tn\\\/wp-content\\\/uploads\\\/2025\\\/07\\\/306604-beige-scaled-1.jpg\",\"width\":1706,\"height\":2560},{\"@type\":\"BreadcrumbList\",\"@id\":\"https:\\\/\\\/vog.com.tn\\\/?product=ensemble-femme-306604-vog#breadcrumb\",\"itemListElement\":[{\"@type\":\"ListItem\",\"position\":1,\"name\":\"Home\",\"item\":\"https:\\\/\\\/vog.com.tn\\\/\"},{\"@type\":\"ListItem\",\"position\":2,\"name\":\"Produits\",\"item\":\"https:\\\/\\\/vog.com.tn\\\/?page_id=8\"},{\"@type\":\"ListItem\",\"position\":3,\"name\":\"Ensemble Femme-306604-Vog\"}]},{\"@type\":\"WebSite\",\"@id\":\"https:\\\/\\\/vog.com.tn\\\/#website\",\"url\":\"https:\\\/\\\/vog.com.tn\\\/\",\"name\":\"Vog Tunisie\",\"description\":\"Pr\u00eat-\u00e0-porter\",\"potentialAction\":[{\"@type\":\"SearchAction\",\"target\":{\"@type\":\"EntryPoint\",\"urlTemplate\":\"https:\\\/\\\/vog.com.tn\\\/?s={search_term_string}\"},\"query-input\":{\"@type\":\"PropertyValueSpecification\",\"valueRequired\":true,\"valueName\":\"search_term_string\"}}],\"inLanguage\":\"fr-FR\"}]}<\/script>\n<!-- \/ Yoast SEO plugin. -->","yoast_head_json":{"title":"Ensemble Femme-306604-Vog - Vog Tunisie","robots":{"index":"index","follow":"follow","max-snippet":"max-snippet:-1","max-image-preview":"max-image-preview:large","max-video-preview":"max-video-preview:-1"},"canonical":"https:\/\/vog.com.tn\/?product=ensemble-femme-306604-vog","og_locale":"fr_FR","og_type":"article","og_title":"Ensemble Femme-306604-Vog - Vog Tunisie","og_description":"Vente en ligne ensemble pour femme    Ensemble deux pi\u00e8ces chic et l\u00e9ger, id\u00e9al pour l'\u00e9t\u00e9.  Compos\u00e9 d\u2019un haut \u00e0 manches courtes en dentelle et d\u2019une jupe longue fluide.  D\u00e9tails brod\u00e9s raffin\u00e9s pour une touche \u00e9l\u00e9gante.  Coupe confortable et f\u00e9minine, parfaite pour un look \u00e0 la fois tendance et d\u00e9contract\u00e9.  \u00c0 porter ensemble ou s\u00e9par\u00e9ment selon vos envies.  Livraison \u00e0 domicile : 8 TND  D\u00e9lai de livraison : 2 \u00e0 3 jours  \u00c9change possible : Vous ne payez que les frais de livraison pour le second colis  D\u00e9lai d\u2019\u00e9change : Maximum 1 jour","og_url":"https:\/\/vog.com.tn\/?product=ensemble-femme-306604-vog","og_site_name":"Vog Tunisie","article_modified_time":"2026-05-06T10:11:40+00:00","og_image":[{"width":1706,"height":2560,"url":"https:\/\/vog.com.tn\/wp-content\/uploads\/2025\/07\/306604-beige-scaled-1.jpg","type":"image\/jpeg"}],"twitter_card":"summary_large_image","twitter_misc":{"Dur\u00e9e de lecture estim\u00e9e":"1 minute"},"schema":{"@context":"https:\/\/schema.org","@graph":[{"@type":"WebPage","@id":"https:\/\/vog.com.tn\/?product=ensemble-femme-306604-vog","url":"https:\/\/vog.com.tn\/?product=ensemble-femme-306604-vog","name":"Ensemble Femme-306604-Vog - Vog Tunisie","isPartOf":{"@id":"https:\/\/vog.com.tn\/#website"},"primaryImageOfPage":{"@id":"https:\/\/vog.com.tn\/?product=ensemble-femme-306604-vog#primaryimage"},"image":{"@id":"https:\/\/vog.com.tn\/?product=ensemble-femme-306604-vog#primaryimage"},"thumbnailUrl":"https:\/\/vog.com.tn\/wp-content\/uploads\/2025\/07\/306604-beige-scaled-1.jpg","datePublished":"2025-07-02T09:27:34+00:00","dateModified":"2026-05-06T10:11:40+00:00","breadcrumb":{"@id":"https:\/\/vog.com.tn\/?product=ensemble-femme-306604-vog#breadcrumb"},"inLanguage":"fr-FR","potentialAction":[{"@type":"ReadAction","target":["https:\/\/vog.com.tn\/?product=ensemble-femme-306604-vog"]}]},{"@type":"ImageObject","inLanguage":"fr-FR","@id":"https:\/\/vog.com.tn\/?product=ensemble-femme-306604-vog#primaryimage","url":"https:\/\/vog.com.tn\/wp-content\/uploads\/2025\/07\/306604-beige-scaled-1.jpg","contentUrl":"https:\/\/vog.com.tn\/wp-content\/uploads\/2025\/07\/306604-beige-scaled-1.jpg","width":1706,"height":2560},{"@type":"BreadcrumbList","@id":"https:\/\/vog.com.tn\/?product=ensemble-femme-306604-vog#breadcrumb","itemListElement":[{"@type":"ListItem","position":1,"name":"Home","item":"https:\/\/vog.com.tn\/"},{"@type":"ListItem","position":2,"name":"Produits","item":"https:\/\/vog.com.tn\/?page_id=8"},{"@type":"ListItem","position":3,"name":"Ensemble Femme-306604-Vog"}]},{"@type":"WebSite","@id":"https:\/\/vog.com.tn\/#website","url":"https:\/\/vog.com.tn\/","name":"Vog Tunisie","description":"Pr\u00eat-\u00e0-porter","potentialAction":[{"@type":"SearchAction","target":{"@type":"EntryPoint","urlTemplate":"https:\/\/vog.com.tn\/?s={search_term_string}"},"query-input":{"@type":"PropertyValueSpecification","valueRequired":true,"valueName":"search_term_string"}}],"inLanguage":"fr-FR"}]}},"_links":{"self":[{"href":"https:\/\/vog.com.tn\/index.php?rest_route=\/wp\/v2\/product\/98597","targetHints":{"allow":["GET"]}}],"collection":[{"href":"https:\/\/vog.com.tn\/index.php?rest_route=\/wp\/v2\/product"}],"about":[{"href":"https:\/\/vog.com.tn\/index.php?rest_route=\/wp\/v2\/types\/product"}],"wp:featuredmedia":[{"embeddable":true,"href":"https:\/\/vog.com.tn\/index.php?rest_route=\/wp\/v2\/media\/104640"}],"wp:attachment":[{"href":"https:\/\/vog.com.tn\/index.php?rest_route=%2Fwp%2Fv2%2Fmedia&parent=98597"}],"wp:term":[{"taxonomy":"product_brand","embeddable":true,"href":"https:\/\/vog.com.tn\/index.php?rest_route=%2Fwp%2Fv2%2Fproduct_brand&post=98597"},{"taxonomy":"product_cat","embeddable":true,"href":"https:\/\/vog.com.tn\/index.php?rest_route=%2Fwp%2Fv2%2Fproduct_cat&post=98597"},{"taxonomy":"product_tag","embeddable":true,"href":"https:\/\/vog.com.tn\/index.php?rest_route=%2Fwp%2Fv2%2Fproduct_tag&post=98597"}],"curies":[{"name":"wp","href":"https:\/\/api.w.org\/{rel}","templated":true}]}}